Last updated on 2023-03-28 07:53:15 CEST.
Flavor | Version | Tinstall | Tcheck | Ttotal | Status | Flags |
---|---|---|---|---|---|---|
r-devel-linux-x86_64-debian-clang | 1.6-0 | 2.45 | 19.18 | 21.63 | OK | |
r-devel-linux-x86_64-debian-gcc | 1.6-0 | 2.35 | 17.84 | 20.19 | OK | |
r-devel-linux-x86_64-fedora-clang | 1.6-0 | 45.30 | OK | |||
r-devel-linux-x86_64-fedora-gcc | 1.6-0 | 45.49 | OK | |||
r-patched-linux-x86_64 | 1.6-0 | 3.11 | 19.30 | 22.41 | OK | |
r-release-linux-x86_64 | 1.6-0 | 2.75 | 19.12 | 21.87 | OK | |
r-release-macos-arm64 | 1.6-0 | 22.00 | NOTE | |||
r-release-macos-x86_64 | 1.6-0 | 38.00 | NOTE | |||
r-release-windows-x86_64 | 1.6-0 | 21.00 | 67.00 | 88.00 | OK | |
r-oldrel-macos-arm64 | 1.6-0 | 27.00 | NOTE | |||
r-oldrel-macos-x86_64 | 1.6-0 | 59.00 | NOTE | |||
r-oldrel-windows-ix86+x86_64 | 1.6-0 | 6.00 | 68.00 | 74.00 | OK |
Version: 1.6-0
Check: package dependencies
Result: NOTE
Package suggested but not available for checking: ‘Rmpi’
Flavors: r-release-macos-arm64, r-release-macos-x86_64, r-oldrel-macos-arm64, r-oldrel-macos-x86_64