Last updated on 2023-02-03 06:50:34 CET.
Flavor | Version | Tinstall | Tcheck | Ttotal | Status | Flags |
---|---|---|---|---|---|---|
r-devel-linux-x86_64-debian-clang | 0.11.0 | 2.68 | 42.88 | 45.56 | OK | |
r-devel-linux-x86_64-debian-gcc | 0.11.0 | 2.32 | 33.49 | 35.81 | OK | |
r-devel-linux-x86_64-fedora-clang | 0.11.0 | 57.81 | OK | |||
r-devel-linux-x86_64-fedora-gcc | 0.11.0 | 67.05 | OK | |||
r-patched-linux-x86_64 | 0.11.0 | 3.26 | 42.36 | 45.62 | OK | |
r-release-linux-x86_64 | 0.11.0 | 3.15 | 41.24 | 44.39 | OK | |
r-release-macos-arm64 | 0.11.0 | 21.00 | OK | |||
r-release-macos-x86_64 | 0.11.0 | 30.00 | OK | |||
r-release-windows-x86_64 | 0.11.0 | 26.00 | 75.00 | 101.00 | WARN | |
r-oldrel-macos-arm64 | 0.11.0 | 33.00 | OK | |||
r-oldrel-macos-x86_64 | 0.11.0 | 36.00 | OK | |||
r-oldrel-windows-ix86+x86_64 | 0.11.0 | 7.00 | 70.00 | 77.00 | OK |
Version: 0.11.0
Check: R files for syntax errors
Result: WARN
Warnings in file 'R/replace_special_characters_internal.R':
unable to translate '<U+00C4>' to native encoding
unable to translate '<U+00D6>' to native encoding
unable to translate '<U+00DC>' to native encoding
unable to translate '<U+00E4>' to native encoding
unable to translate '<U+00F6>' to native encoding
unable to translate '<U+00FC>' to native encoding
unable to translate '<U+00DF>' to native encoding
unable to translate '<U+00C6>' to native encoding
unable to translate '<U+00E6>' to native encoding
unable to translate '<U+00D8>' to native encoding
unable to translate '<U+00F8>' to native encoding
unable to translate '<U+00C5>' to native encoding
unable to translate '<U+00E5>' to native encoding
unable to translate '<U+00C6>' to native encoding
unable to translate '<U+00E6>' to native encoding
unable to translate '<U+00D8>' to native encoding
unable to translate '<U+00F8>' to native encoding
unable to translate '<U+00C6>' to native encoding
unable to translate '<U+00E6>' to native encoding
unable to translate '<U+00D8>' to native encoding
unable to translate '<U+00F8>' to native encoding
unable to translate '<U+00C5>' to native encoding
unable to translate '<U+00E5>' to native encoding
Flavor: r-release-windows-x86_64