Last updated on 2023-01-27 07:50:45 CET.
Flavor | Version | Tinstall | Tcheck | Ttotal | Status | Flags |
---|---|---|---|---|---|---|
r-devel-linux-x86_64-debian-clang | 0.1.2 | 11.76 | 96.57 | 108.33 | OK | |
r-devel-linux-x86_64-debian-gcc | 0.1.2 | 8.33 | 70.78 | 79.11 | OK | |
r-devel-linux-x86_64-fedora-clang | 0.1.2 | 130.35 | NOTE | |||
r-devel-linux-x86_64-fedora-gcc | 0.1.2 | 127.09 | OK | |||
r-patched-linux-x86_64 | 0.1.2 | 8.71 | 91.65 | 100.36 | OK | |
r-release-linux-x86_64 | 0.1.2 | 7.36 | 91.13 | 98.49 | OK | |
r-release-macos-arm64 | 0.1.2 | 37.00 | OK | |||
r-release-macos-x86_64 | 0.1.2 | 61.00 | OK | |||
r-release-windows-x86_64 | 0.1.2 | 20.00 | 121.00 | 141.00 | OK | |
r-oldrel-macos-arm64 | 0.1.2 | 41.00 | OK | |||
r-oldrel-macos-x86_64 | 0.1.2 | 55.00 | OK | |||
r-oldrel-windows-ix86+x86_64 | 0.1.2 | 27.00 | 115.00 | 142.00 | OK |
Version: 0.1.2
Check: Rd cross-references
Result: NOTE
Undeclared package ‘andrews’ in Rd xrefs
Flavor: r-devel-linux-x86_64-fedora-clang