CRAN Package Check Results for Package smoothROCtime

Last updated on 2023-02-04 08:01:28 CET.

Flavor Version Tinstall Tcheck Ttotal Status Flags
r-devel-linux-x86_64-debian-clang 0.1.0 8.54 81.36 89.90 NOTE
r-devel-linux-x86_64-debian-gcc 0.1.0 6.50 63.46 69.96 NOTE
r-devel-linux-x86_64-fedora-clang 0.1.0 111.99 NOTE
r-devel-linux-x86_64-fedora-gcc 0.1.0 109.92 NOTE
r-devel-windows-x86_64 0.1.0 17.00 111.00 128.00 NOTE
r-patched-linux-x86_64 0.1.0 8.91 80.69 89.60 NOTE
r-release-linux-x86_64 0.1.0 6.26 81.93 88.19 NOTE
r-release-macos-arm64 0.1.0 38.00 NOTE
r-release-macos-x86_64 0.1.0 67.00 NOTE
r-release-windows-x86_64 0.1.0 15.00 124.00 139.00 NOTE
r-oldrel-macos-arm64 0.1.0 42.00 NOTE
r-oldrel-macos-x86_64 0.1.0 99.00 NOTE
r-oldrel-windows-ix86+x86_64 0.1.0 17.00 113.00 130.00 NOTE

Check Details

Version: 0.1.0
Check: LazyData
Result: NOTE
     'LazyData' is specified without a 'data' directory
Flavors: r-devel-linux-x86_64-debian-clang, r-devel-linux-x86_64-debian-gcc, r-devel-linux-x86_64-fedora-clang, r-devel-linux-x86_64-fedora-gcc, r-devel-windows-x86_64, r-patched-linux-x86_64, r-release-linux-x86_64, r-release-macos-arm64, r-release-macos-x86_64, r-release-windows-x86_64, r-oldrel-macos-arm64, r-oldrel-macos-x86_64, r-oldrel-windows-ix86+x86_64