Last updated on 2023-02-03 06:50:34 CET.
Flavor | Version | Tinstall | Tcheck | Ttotal | Status | Flags |
---|---|---|---|---|---|---|
r-devel-linux-x86_64-debian-clang | 3.2.0 | 215.53 | 560.42 | 775.95 | NOTE | |
r-devel-linux-x86_64-debian-gcc | 3.2.0 | 175.48 | 399.34 | 574.82 | NOTE | |
r-devel-linux-x86_64-fedora-clang | 3.2.0 | 762.63 | NOTE | |||
r-devel-linux-x86_64-fedora-gcc | 3.2.0 | 516.20 | NOTE | |||
r-devel-windows-x86_64 | 3.2.0 | 206.00 | 301.00 | 507.00 | NOTE | --no-vignettes |
r-patched-linux-x86_64 | 3.2.0 | 192.22 | 503.82 | 696.04 | OK | |
r-release-linux-x86_64 | 3.2.0 | 161.08 | 499.77 | 660.85 | OK | |
r-release-macos-arm64 | 3.2.0 | 170.00 | NOTE | |||
r-release-macos-x86_64 | 3.2.0 | 290.00 | NOTE | |||
r-release-windows-x86_64 | 3.2.0 | 199.00 | 238.00 | 437.00 | NOTE | --no-vignettes |
r-oldrel-macos-arm64 | 3.2.0 | 180.00 | NOTE | |||
r-oldrel-macos-x86_64 | 3.2.0 | 297.00 | NOTE | |||
r-oldrel-windows-ix86+x86_64 | 3.2.0 | 472.00 | 305.00 | 777.00 | NOTE | --no-vignettes |
Version: 3.2.0
Check: C++ specification
Result: NOTE
Specified C++11: please update to current default of C++17
Flavors: r-devel-linux-x86_64-debian-clang, r-devel-linux-x86_64-debian-gcc, r-devel-linux-x86_64-fedora-clang, r-devel-linux-x86_64-fedora-gcc
Version: 3.2.0
Check: installed package size
Result: NOTE
installed size is 6.0Mb
sub-directories of 1Mb or more:
R 1.3Mb
doc 3.3Mb
Flavors: r-devel-linux-x86_64-fedora-clang, r-release-macos-arm64, r-release-macos-x86_64, r-oldrel-macos-arm64, r-oldrel-macos-x86_64
Version: 3.2.0
Flags: --no-vignettes
Check: package dependencies
Result: NOTE
Package suggested but not available for checking: 'doMC'
Flavors: r-devel-windows-x86_64, r-release-windows-x86_64, r-oldrel-windows-ix86+x86_64
Version: 3.2.0
Flags: --no-vignettes
Check: C++ specification
Result: NOTE
Specified C++11: please update to current default of C++17
Flavor: r-devel-windows-x86_64
Version: 3.2.0
Flags: --no-vignettes
Check: installed package size
Result: NOTE
installed size is 6.7Mb
sub-directories of 1Mb or more:
R 1.3Mb
doc 3.3Mb
libs 1.7Mb
Flavors: r-devel-windows-x86_64, r-release-windows-x86_64, r-oldrel-windows-ix86+x86_64