Last updated on 2023-05-31 07:57:44 CEST.
Flavor | Version | Tinstall | Tcheck | Ttotal | Status | Flags |
---|---|---|---|---|---|---|
r-devel-linux-x86_64-debian-clang | 1.7.1 | 10.10 | 153.22 | 163.32 | OK | |
r-devel-linux-x86_64-debian-gcc | 1.7.1 | 9.32 | 113.95 | 123.27 | OK | |
r-devel-linux-x86_64-fedora-clang | 1.7.1 | 204.34 | NOTE | |||
r-devel-linux-x86_64-fedora-gcc | 1.7.1 | 206.88 | OK | |||
r-devel-windows-x86_64 | 1.7.1 | 11.00 | 122.00 | 133.00 | OK | |
r-patched-linux-x86_64 | 1.7.1 | 9.93 | 145.82 | 155.75 | OK | |
r-release-linux-x86_64 | 1.7.1 | 9.37 | 146.84 | 156.21 | OK | |
r-release-macos-arm64 | 1.7.1 | 70.00 | OK | |||
r-release-macos-x86_64 | 1.7.1 | 107.00 | OK | |||
r-release-windows-x86_64 | 1.7.1 | 13.00 | 152.00 | 165.00 | OK | |
r-oldrel-macos-arm64 | 1.7.1 | 57.00 | OK | |||
r-oldrel-macos-x86_64 | 1.7.1 | 74.00 | OK | |||
r-oldrel-windows-x86_64 | 1.7.1 | 13.00 | 154.00 | 167.00 | OK |
Version: 1.7.1
Check: Rd cross-references
Result: NOTE
Undeclared package ‘mice’ in Rd xrefs
Flavor: r-devel-linux-x86_64-fedora-clang