Last updated on 2023-02-08 07:54:43 CET.
Flavor | Version | Tinstall | Tcheck | Ttotal | Status | Flags |
---|---|---|---|---|---|---|
r-devel-linux-x86_64-debian-clang | 0.6.0 | 92.94 | 56.19 | 149.13 | NOTE | |
r-devel-linux-x86_64-debian-gcc | 0.6.0 | 65.88 | 43.54 | 109.42 | NOTE | |
r-devel-linux-x86_64-fedora-clang | 0.6.0 | 209.66 | NOTE | |||
r-devel-linux-x86_64-fedora-gcc | 0.6.0 | 222.55 | NOTE | |||
r-devel-windows-x86_64 | 0.6.0 | 93.00 | 118.00 | 211.00 | NOTE | |
r-patched-linux-x86_64 | 0.6.0 | 69.20 | 53.10 | 122.30 | NOTE | |
r-release-linux-x86_64 | 0.6.0 | 62.51 | 55.44 | 117.95 | NOTE | |
r-release-macos-arm64 | 0.6.0 | 54.00 | NOTE | |||
r-release-macos-x86_64 | 0.6.0 | 90.00 | NOTE | |||
r-release-windows-x86_64 | 0.6.0 | 97.00 | 120.00 | 217.00 | NOTE | |
r-oldrel-macos-arm64 | 0.6.0 | 60.00 | NOTE | |||
r-oldrel-macos-x86_64 | 0.6.0 | 72.00 | NOTE | |||
r-oldrel-windows-ix86+x86_64 | 0.6.0 | 211.00 | 115.00 | 326.00 | NOTE |
Version: 0.6.0
Check: C++ specification
Result: NOTE
Specified C++11: please update to current default of C++17
Flavors: r-devel-linux-x86_64-debian-clang, r-devel-windows-x86_64
Version: 0.6.0
Check: for GNU extensions in Makefiles
Result: NOTE
GNU make is a SystemRequirements.
Flavors: r-devel-linux-x86_64-debian-clang, r-devel-linux-x86_64-debian-gcc, r-devel-linux-x86_64-fedora-clang, r-devel-linux-x86_64-fedora-gcc, r-devel-windows-x86_64, r-patched-linux-x86_64, r-release-linux-x86_64, r-release-macos-arm64, r-release-macos-x86_64, r-release-windows-x86_64, r-oldrel-macos-arm64, r-oldrel-macos-x86_64, r-oldrel-windows-ix86+x86_64
Version: 0.6.0
Check: C++ specification
Result: NOTE
Specified C++11: please drop specification unless essential
Flavors: r-devel-linux-x86_64-debian-gcc, r-devel-linux-x86_64-fedora-clang, r-devel-linux-x86_64-fedora-gcc
Version: 0.6.0
Check: installed package size
Result: NOTE
installed size is 5.6Mb
sub-directories of 1Mb or more:
libs 5.0Mb
Flavors: r-release-macos-arm64, r-release-macos-x86_64, r-oldrel-macos-arm64, r-oldrel-macos-x86_64