CRAN Package Check Results for Package sloop

Last updated on 2024-02-26 08:48:58 CET.

Flavor Version Tinstall Tcheck Ttotal Status Flags
r-devel-linux-x86_64-debian-clang 1.0.1 2.95 32.64 35.59 NOTE
r-devel-linux-x86_64-debian-gcc 1.0.1 2.42 25.38 27.80 NOTE
r-devel-linux-x86_64-fedora-clang 1.0.1 46.52 NOTE
r-devel-linux-x86_64-fedora-gcc 1.0.1 44.67 NOTE
r-devel-windows-x86_64 1.0.1 4.00 47.00 51.00 NOTE
r-patched-linux-x86_64 1.0.1 3.54 32.48 36.02 NOTE
r-release-linux-x86_64 1.0.1 3.51 32.40 35.91 NOTE
r-release-macos-arm64 1.0.1 19.00 NOTE
r-release-macos-x86_64 1.0.1 27.00 NOTE
r-release-windows-x86_64 1.0.1 4.00 50.00 54.00 NOTE
r-oldrel-macos-arm64 1.0.1 19.00 NOTE
r-oldrel-windows-x86_64 1.0.1 5.00 53.00 58.00 NOTE

Check Details

Version: 1.0.1
Check: LazyData
Result: NOTE 'LazyData' is specified without a 'data' directory Flavors: r-devel-linux-x86_64-debian-clang, r-devel-linux-x86_64-debian-gcc, r-devel-linux-x86_64-fedora-clang, r-devel-linux-x86_64-fedora-gcc, r-devel-windows-x86_64, r-patched-linux-x86_64, r-release-linux-x86_64, r-release-macos-arm64, r-release-macos-x86_64, r-release-windows-x86_64, r-oldrel-macos-arm64, r-oldrel-windows-x86_64