CRAN Package Check Results for Package slippymath

Last updated on 2023-09-21 07:55:07 CEST.

Flavor Version Tinstall Tcheck Ttotal Status Flags
r-devel-linux-x86_64-debian-clang 0.3.1 2.62 56.21 58.83 NOTE
r-devel-linux-x86_64-debian-gcc 0.3.1 2.19 41.44 43.63 NOTE
r-devel-linux-x86_64-fedora-clang 0.3.1 73.97 NOTE
r-devel-linux-x86_64-fedora-gcc 0.3.1 87.07 NOTE
r-devel-windows-x86_64 0.3.1 4.00 78.00 82.00 NOTE
r-patched-linux-x86_64 0.3.1 2.96 54.48 57.44 NOTE
r-release-linux-x86_64 0.3.1 2.37 54.54 56.91 NOTE
r-release-macos-arm64 0.3.1 35.00 NOTE
r-release-macos-x86_64 0.3.1 52.00 NOTE
r-release-windows-x86_64 0.3.1 4.00 76.00 80.00 NOTE
r-oldrel-macos-arm64 0.3.1 25.00 NOTE
r-oldrel-macos-x86_64 0.3.1 37.00 NOTE
r-oldrel-windows-x86_64 0.3.1 8.00 77.00 85.00 NOTE

Check Details

Version: 0.3.1
Check: LazyData
Result: NOTE
     'LazyData' is specified without a 'data' directory
Flavors: r-devel-linux-x86_64-debian-clang, r-devel-linux-x86_64-debian-gcc, r-devel-linux-x86_64-fedora-clang, r-devel-linux-x86_64-fedora-gcc, r-devel-windows-x86_64, r-patched-linux-x86_64, r-release-linux-x86_64, r-release-macos-arm64, r-release-macos-x86_64, r-release-windows-x86_64, r-oldrel-macos-arm64, r-oldrel-macos-x86_64, r-oldrel-windows-x86_64