Last updated on 2023-01-30 09:54:26 CET.
Flavor | Version | Tinstall | Tcheck | Ttotal | Status | Flags |
---|---|---|---|---|---|---|
r-devel-linux-x86_64-debian-clang | 0.3.1 | 2.88 | 54.73 | 57.61 | NOTE | |
r-devel-linux-x86_64-debian-gcc | 0.3.1 | 1.99 | 41.97 | 43.96 | NOTE | |
r-devel-linux-x86_64-fedora-clang | 0.3.1 | 71.50 | NOTE | |||
r-devel-linux-x86_64-fedora-gcc | 0.3.1 | 86.09 | NOTE | |||
r-devel-windows-x86_64 | 0.3.1 | 16.00 | 100.00 | 116.00 | NOTE | |
r-patched-linux-x86_64 | 0.3.1 | 2.58 | 54.99 | 57.57 | NOTE | |
r-release-linux-x86_64 | 0.3.1 | 2.62 | 54.30 | 56.92 | NOTE | |
r-release-macos-arm64 | 0.3.1 | 25.00 | NOTE | |||
r-release-macos-x86_64 | 0.3.1 | 37.00 | NOTE | |||
r-release-windows-x86_64 | 0.3.1 | 13.00 | 97.00 | 110.00 | NOTE | |
r-oldrel-macos-arm64 | 0.3.1 | 28.00 | NOTE | |||
r-oldrel-macos-x86_64 | 0.3.1 | 37.00 | NOTE | |||
r-oldrel-windows-ix86+x86_64 | 0.3.1 | 7.00 | 82.00 | 89.00 | NOTE |
Version: 0.3.1
Check: LazyData
Result: NOTE
'LazyData' is specified without a 'data' directory
Flavors: r-devel-linux-x86_64-debian-clang, r-devel-linux-x86_64-debian-gcc, r-devel-linux-x86_64-fedora-clang, r-devel-linux-x86_64-fedora-gcc, r-devel-windows-x86_64, r-patched-linux-x86_64, r-release-linux-x86_64, r-release-macos-arm64, r-release-macos-x86_64, r-release-windows-x86_64, r-oldrel-macos-arm64, r-oldrel-macos-x86_64, r-oldrel-windows-ix86+x86_64