Last updated on 2023-01-28 08:00:47 CET.
Flavor | Version | Tinstall | Tcheck | Ttotal | Status | Flags |
---|---|---|---|---|---|---|
r-devel-linux-x86_64-debian-clang | 0.3.0 | 2.89 | 56.60 | 59.49 | NOTE | |
r-devel-linux-x86_64-debian-gcc | 0.3.0 | 2.35 | 39.43 | 41.78 | NOTE | |
r-devel-linux-x86_64-fedora-clang | 0.3.0 | 64.89 | NOTE | |||
r-devel-linux-x86_64-fedora-gcc | 0.3.0 | 55.54 | NOTE | |||
r-patched-linux-x86_64 | 0.3.0 | 4.02 | 46.18 | 50.20 | NOTE | |
r-release-linux-x86_64 | 0.3.0 | 2.94 | 48.73 | 51.67 | NOTE | |
r-release-macos-arm64 | 0.3.0 | 21.00 | NOTE | |||
r-release-macos-x86_64 | 0.3.0 | 31.00 | NOTE | |||
r-release-windows-x86_64 | 0.3.0 | 14.00 | 79.00 | 93.00 | NOTE | |
r-oldrel-macos-arm64 | 0.3.0 | 26.00 | NOTE | |||
r-oldrel-macos-x86_64 | 0.3.0 | 46.00 | NOTE | |||
r-oldrel-windows-ix86+x86_64 | 0.3.0 | 7.00 | 66.00 | 73.00 | NOTE |
Version: 0.3.0
Check: LazyData
Result: NOTE
'LazyData' is specified without a 'data' directory
Flavors: r-devel-linux-x86_64-debian-clang, r-devel-linux-x86_64-debian-gcc, r-devel-linux-x86_64-fedora-clang, r-devel-linux-x86_64-fedora-gcc, r-patched-linux-x86_64, r-release-linux-x86_64, r-release-macos-arm64, r-release-macos-x86_64, r-release-windows-x86_64, r-oldrel-macos-arm64, r-oldrel-macos-x86_64, r-oldrel-windows-ix86+x86_64