Last updated on 2023-01-31 07:54:25 CET.
Flavor | Version | Tinstall | Tcheck | Ttotal | Status | Flags |
---|---|---|---|---|---|---|
r-devel-linux-x86_64-debian-clang | 1.0.0 | 18.71 | 328.15 | 346.86 | OK | |
r-devel-linux-x86_64-debian-gcc | 1.0.0 | 15.73 | 236.72 | 252.45 | OK | |
r-devel-linux-x86_64-fedora-clang | 1.0.0 | 412.48 | NOTE | |||
r-devel-linux-x86_64-fedora-gcc | 1.0.0 | 420.96 | NOTE | |||
r-devel-windows-x86_64 | 1.0.0 | 65.00 | 585.00 | 650.00 | OK | |
r-patched-linux-x86_64 | 1.0.0 | 19.14 | 308.48 | 327.62 | OK | |
r-release-linux-x86_64 | 1.0.0 | 16.35 | 307.69 | 324.04 | OK | |
r-release-macos-arm64 | 1.0.0 | 311.00 | NOTE | |||
r-release-macos-x86_64 | 1.0.0 | 398.00 | NOTE | |||
r-release-windows-x86_64 | 1.0.0 | 52.00 | 589.00 | 641.00 | OK | |
r-oldrel-macos-arm64 | 1.0.0 | 278.00 | NOTE | |||
r-oldrel-macos-x86_64 | 1.0.0 | 351.00 | NOTE | |||
r-oldrel-windows-ix86+x86_64 | 1.0.0 | 40.00 | 585.00 | 625.00 | OK |
Version: 1.0.0
Check: dependencies in R code
Result: NOTE
Namespaces in Imports field not imported from:
‘numDeriv’ ‘png’
All declared Imports should be used.
Flavors: r-devel-linux-x86_64-fedora-clang, r-devel-linux-x86_64-fedora-gcc, r-release-macos-arm64, r-release-macos-x86_64, r-oldrel-macos-arm64, r-oldrel-macos-x86_64