CRAN Package Check Results for Package sketchy

Last updated on 2023-02-07 07:54:14 CET.

Flavor Version Tinstall Tcheck Ttotal Status Flags
r-devel-linux-x86_64-debian-clang 1.0.2 3.68 31.61 35.29 OK
r-devel-linux-x86_64-debian-gcc 1.0.2 2.64 24.72 27.36 OK
r-devel-linux-x86_64-fedora-clang 1.0.2 43.28 NOTE
r-devel-linux-x86_64-fedora-gcc 1.0.2 41.92 NOTE
r-devel-windows-x86_64 1.0.2 13.00 63.00 76.00 OK
r-patched-linux-x86_64 1.0.2 2.98 30.40 33.38 OK
r-release-linux-x86_64 1.0.2 3.02 31.00 34.02 OK
r-release-macos-arm64 1.0.2 18.00 NOTE
r-release-macos-x86_64 1.0.2 24.00 NOTE
r-release-windows-x86_64 1.0.2 17.00 64.00 81.00 OK
r-oldrel-macos-arm64 1.0.2 17.00 NOTE
r-oldrel-macos-x86_64 1.0.2 23.00 NOTE
r-oldrel-windows-ix86+x86_64 1.0.2 8.00 58.00 66.00 OK

Check Details

Version: 1.0.2
Check: data for non-ASCII characters
Result: NOTE
     Note: found 2 marked UTF-8 strings
Flavors: r-devel-linux-x86_64-fedora-clang, r-devel-linux-x86_64-fedora-gcc, r-release-macos-arm64, r-release-macos-x86_64, r-oldrel-macos-arm64, r-oldrel-macos-x86_64