Last updated on 2023-06-06 08:02:14 CEST.
Flavor | Version | Tinstall | Tcheck | Ttotal | Status | Flags |
---|---|---|---|---|---|---|
r-devel-linux-x86_64-debian-clang | 2.0.1 | 22.19 | 223.12 | 245.31 | OK | |
r-devel-linux-x86_64-debian-gcc | 2.0.1 | 16.24 | 163.15 | 179.39 | OK | |
r-devel-linux-x86_64-fedora-clang | 2.0.1 | 298.20 | NOTE | |||
r-devel-linux-x86_64-fedora-gcc | 2.0.1 | 287.33 | OK | |||
r-devel-windows-x86_64 | 2.0.1 | 18.00 | 188.00 | 206.00 | OK | |
r-patched-linux-x86_64 | 2.0.1 | 19.37 | 215.20 | 234.57 | OK | |
r-release-linux-x86_64 | 2.0.1 | 13.13 | 215.37 | 228.50 | OK | |
r-release-macos-arm64 | 2.0.1 | 83.00 | OK | |||
r-release-macos-x86_64 | 2.0.1 | 136.00 | OK | |||
r-release-windows-x86_64 | 2.0.1 | 23.00 | 222.00 | 245.00 | OK | |
r-oldrel-macos-arm64 | 2.0.1 | 80.00 | OK | |||
r-oldrel-macos-x86_64 | 2.0.1 | 98.00 | OK | |||
r-oldrel-windows-x86_64 | 2.0.1 | 23.00 | 214.00 | 237.00 | OK |
Version: 2.0.1
Check: Rd cross-references
Result: NOTE
Undeclared packages ‘cmna’, ‘lmboot’, ‘sandwich’ in Rd xrefs
Flavor: r-devel-linux-x86_64-fedora-clang