Last updated on 2023-09-30 08:00:42 CEST.
Flavor | Version | Tinstall | Tcheck | Ttotal | Status | Flags |
---|---|---|---|---|---|---|
r-devel-linux-x86_64-debian-clang | 0.0.1 | 3.00 | 72.09 | 75.09 | OK | |
r-devel-linux-x86_64-debian-gcc | 0.0.1 | 2.09 | 51.49 | 53.58 | OK | |
r-devel-linux-x86_64-fedora-clang | 0.0.1 | 94.02 | NOTE | |||
r-devel-linux-x86_64-fedora-gcc | 0.0.1 | 99.78 | NOTE | |||
r-devel-windows-x86_64 | 0.0.1 | 5.00 | 77.00 | 82.00 | OK | |
r-patched-linux-x86_64 | 0.0.1 | 2.27 | 68.61 | 70.88 | OK | |
r-release-linux-x86_64 | 0.0.1 | 1.99 | 66.63 | 68.62 | OK | |
r-release-macos-arm64 | 0.0.1 | 37.00 | OK | |||
r-release-macos-x86_64 | 0.0.1 | 58.00 | OK | |||
r-release-windows-x86_64 | 0.0.1 | 6.00 | 86.00 | 92.00 | OK | |
r-oldrel-macos-arm64 | 0.0.1 | 39.00 | NOTE | |||
r-oldrel-macos-x86_64 | 0.0.1 | 47.00 | NOTE | |||
r-oldrel-windows-x86_64 | 0.0.1 | 6.00 | 89.00 | 95.00 | OK |
Version: 0.0.1
Check: dependencies in R code
Result: NOTE
Namespace in Imports field not imported from: ‘data.table’
All declared Imports should be used.
Flavors: r-devel-linux-x86_64-fedora-clang, r-devel-linux-x86_64-fedora-gcc, r-oldrel-macos-arm64, r-oldrel-macos-x86_64