CRAN Package Check Results for Package sims

Last updated on 2023-01-29 08:57:14 CET.

Flavor Version Tinstall Tcheck Ttotal Status Flags
r-devel-linux-x86_64-debian-clang 0.0.3 3.44 57.84 61.28 OK
r-devel-linux-x86_64-debian-gcc 0.0.3 3.47 44.36 47.83 OK
r-devel-linux-x86_64-fedora-clang 0.0.3 77.23 OK
r-devel-linux-x86_64-fedora-gcc 0.0.3 86.66 OK
r-devel-windows-x86_64 0.0.3 20.00 114.00 134.00 OK
r-patched-linux-x86_64 0.0.3 3.91 56.99 60.90 OK
r-release-linux-x86_64 0.0.3 4.76 57.43 62.19 OK
r-release-macos-arm64 0.0.3 26.00 OK
r-release-macos-x86_64 0.0.3 40.00 NOTE
r-release-windows-x86_64 0.0.3 18.00 108.00 126.00 OK
r-oldrel-macos-arm64 0.0.3 34.00 OK
r-oldrel-macos-x86_64 0.0.3 42.00 OK
r-oldrel-windows-ix86+x86_64 0.0.3 12.00 90.00 102.00 FAIL

Check Details

Version: 0.0.3
Check: package dependencies
Result: NOTE
    Package suggested but not available for checking: ‘rjags’
Flavor: r-release-macos-x86_64

Version: 0.0.3
Check: re-building of vignette outputs
Result: FAIL
Flavor: r-oldrel-windows-ix86+x86_64