Last updated on 2023-03-30 06:53:29 CEST.
Flavor | Version | Tinstall | Tcheck | Ttotal | Status | Flags |
---|---|---|---|---|---|---|
r-devel-linux-x86_64-debian-clang | 2021.03.10 | 5.04 | 43.22 | 48.26 | NOTE | |
r-devel-linux-x86_64-debian-gcc | 2021.03.10 | 3.70 | 33.89 | 37.59 | NOTE | |
r-devel-linux-x86_64-fedora-clang | 2021.03.10 | 59.88 | NOTE | |||
r-devel-linux-x86_64-fedora-gcc | 2021.03.10 | 57.81 | NOTE | |||
r-patched-linux-x86_64 | 2021.03.10 | 5.24 | 42.56 | 47.80 | NOTE | |
r-release-linux-x86_64 | 2021.03.10 | 4.35 | 43.07 | 47.42 | NOTE | |
r-release-macos-arm64 | 2021.03.10 | 23.00 | NOTE | |||
r-release-macos-x86_64 | 2021.03.10 | 32.00 | NOTE | |||
r-release-windows-x86_64 | 2021.03.10 | 40.00 | 75.00 | 115.00 | NOTE | |
r-oldrel-macos-arm64 | 2021.03.10 | 25.00 | NOTE | |||
r-oldrel-macos-x86_64 | 2021.03.10 | 38.00 | NOTE | |||
r-oldrel-windows-ix86+x86_64 | 2021.03.10 | 11.00 | 67.00 | 78.00 | NOTE |
Version: 2021.03.10
Check: LazyData
Result: NOTE
'LazyData' is specified without a 'data' directory
Flavors: r-devel-linux-x86_64-debian-clang, r-devel-linux-x86_64-debian-gcc, r-devel-linux-x86_64-fedora-clang, r-devel-linux-x86_64-fedora-gcc, r-patched-linux-x86_64, r-release-linux-x86_64, r-release-macos-arm64, r-release-macos-x86_64, r-release-windows-x86_64, r-oldrel-macos-arm64, r-oldrel-macos-x86_64, r-oldrel-windows-ix86+x86_64
Version: 2021.03.10
Check: dependencies in R code
Result: NOTE
Namespace in Imports field not imported from: ‘DBI’
All declared Imports should be used.
Flavors: r-devel-linux-x86_64-fedora-clang, r-devel-linux-x86_64-fedora-gcc, r-release-macos-arm64, r-release-macos-x86_64, r-oldrel-macos-arm64, r-oldrel-macos-x86_64