Last updated on 2023-02-01 07:53:16 CET.
Flavor | Version | Tinstall | Tcheck | Ttotal | Status | Flags |
---|---|---|---|---|---|---|
r-devel-linux-x86_64-debian-clang | 0.1.1 | 59.47 | 36.20 | 95.67 | NOTE | |
r-devel-linux-x86_64-debian-gcc | 0.1.1 | 45.13 | 27.53 | 72.66 | NOTE | |
r-devel-linux-x86_64-fedora-clang | 0.1.1 | 141.12 | NOTE | |||
r-devel-linux-x86_64-fedora-gcc | 0.1.1 | 143.99 | NOTE | |||
r-devel-windows-x86_64 | 0.1.1 | 58.00 | 88.00 | 146.00 | NOTE | |
r-patched-linux-x86_64 | 0.1.1 | 47.48 | 34.30 | 81.78 | OK | |
r-release-linux-x86_64 | 0.1.1 | 45.50 | 34.04 | 79.54 | OK | |
r-release-macos-arm64 | 0.1.1 | 33.00 | OK | |||
r-release-macos-x86_64 | 0.1.1 | 48.00 | OK | |||
r-release-windows-x86_64 | 0.1.1 | 59.00 | 96.00 | 155.00 | OK | |
r-oldrel-macos-arm64 | 0.1.1 | 45.00 | OK | |||
r-oldrel-macos-x86_64 | 0.1.1 | 76.00 | OK | |||
r-oldrel-windows-ix86+x86_64 | 0.1.1 | 149.00 | 90.00 | 239.00 | OK |
Version: 0.1.1
Check: C++ specification
Result: NOTE
Specified C++11: please update to current default of C++17
Flavors: r-devel-linux-x86_64-debian-clang, r-devel-linux-x86_64-debian-gcc, r-devel-linux-x86_64-fedora-clang, r-devel-linux-x86_64-fedora-gcc, r-devel-windows-x86_64