Last updated on 2023-02-06 06:52:09 CET.
Flavor | Version | Tinstall | Tcheck | Ttotal | Status | Flags |
---|---|---|---|---|---|---|
r-devel-linux-x86_64-debian-clang | 0.6 | 4.46 | 66.43 | 70.89 | OK | |
r-devel-linux-x86_64-debian-gcc | 0.6 | 3.06 | 51.00 | 54.06 | OK | |
r-devel-linux-x86_64-fedora-clang | 0.6 | 91.50 | OK | |||
r-devel-linux-x86_64-fedora-gcc | 0.6 | 96.07 | OK | |||
r-devel-windows-x86_64 | 0.6 | 27.00 | 105.00 | 132.00 | OK | |
r-patched-linux-x86_64 | 0.6 | 4.51 | 64.63 | 69.14 | OK | |
r-release-linux-x86_64 | 0.6 | 3.00 | 63.80 | 66.80 | OK | |
r-release-macos-arm64 | 0.6 | 36.00 | NOTE | |||
r-release-macos-x86_64 | 0.6 | 8.00 | ERROR | |||
r-release-windows-x86_64 | 0.6 | 19.00 | 106.00 | 125.00 | OK | |
r-oldrel-macos-arm64 | 0.6 | 45.00 | NOTE | |||
r-oldrel-macos-x86_64 | 0.6 | 11.00 | ERROR | |||
r-oldrel-windows-ix86+x86_64 | 0.6 | 12.00 | 97.00 | 109.00 | OK |
Version: 0.6
Check: package dependencies
Result: NOTE
Packages suggested but not available for checking: 'clipper', 'topologyGSA'
Flavor: r-release-macos-arm64
Version: 0.6
Check: package dependencies
Result: ERROR
Package required but not available: ‘qpgraph’
Packages suggested but not available for checking: 'clipper', 'topologyGSA'
See section ‘The DESCRIPTION file’ in the ‘Writing R Extensions’
manual.
Flavors: r-release-macos-x86_64, r-oldrel-macos-x86_64
Version: 0.6
Check: package dependencies
Result: NOTE
Package suggested but not available for checking: ‘clipper’
Flavor: r-oldrel-macos-arm64