Last updated on 2023-10-03 08:05:04 CEST.
Flavor | Version | Tinstall | Tcheck | Ttotal | Status | Flags |
---|---|---|---|---|---|---|
r-devel-linux-x86_64-debian-clang | 2.2.2 | 54.06 | 260.41 | 314.47 | OK | |
r-devel-linux-x86_64-debian-gcc | 2.2.2 | 39.93 | 188.72 | 228.65 | OK | |
r-devel-linux-x86_64-fedora-clang | 2.2.2 | 386.89 | NOTE | |||
r-devel-linux-x86_64-fedora-gcc | 2.2.2 | 383.32 | OK | |||
r-devel-windows-x86_64 | 2.2.2 | 48.00 | 226.00 | 274.00 | NOTE | |
r-patched-linux-x86_64 | 2.2.2 | 44.26 | 244.66 | 288.92 | OK | |
r-release-linux-x86_64 | 2.2.2 | 46.13 | 245.84 | 291.97 | OK | |
r-release-macos-arm64 | 2.2.2 | 108.00 | NOTE | |||
r-release-macos-x86_64 | 2.2.2 | 140.00 | NOTE | |||
r-release-windows-x86_64 | 2.2.2 | 60.00 | 287.00 | 347.00 | NOTE | |
r-oldrel-macos-arm64 | 2.2.2 | 96.00 | NOTE | |||
r-oldrel-macos-x86_64 | 2.2.2 | 135.00 | NOTE | |||
r-oldrel-windows-x86_64 | 2.2.2 | 60.00 | 260.00 | 320.00 | NOTE |
Version: 2.2.2
Check: installed package size
Result: NOTE
installed size is 5.3Mb
sub-directories of 1Mb or more:
extdata 1.6Mb
help 1.7Mb
Flavors: r-devel-linux-x86_64-fedora-clang, r-devel-windows-x86_64, r-release-macos-arm64, r-release-macos-x86_64, r-release-windows-x86_64, r-oldrel-macos-arm64, r-oldrel-macos-x86_64, r-oldrel-windows-x86_64
Version: 2.2.2
Check: package dependencies
Result: NOTE
Package suggested but not available for checking: ‘BSgenome.Hsapiens.UCSC.hg19’
Flavors: r-release-macos-arm64, r-release-macos-x86_64, r-release-windows-x86_64, r-oldrel-macos-arm64, r-oldrel-macos-x86_64, r-oldrel-windows-x86_64