CRAN Package Check Results for Package sigmajs

Last updated on 2023-02-05 07:57:36 CET.

Flavor Version Tinstall Tcheck Ttotal Status Flags
r-devel-linux-x86_64-debian-clang 0.1.5 4.72 60.47 65.19 OK
r-devel-linux-x86_64-debian-gcc 0.1.5 4.40 45.64 50.04 OK
r-devel-linux-x86_64-fedora-clang 0.1.5 81.70 NOTE
r-devel-linux-x86_64-fedora-gcc 0.1.5 79.66 NOTE
r-devel-windows-x86_64 0.1.5 66.00 102.00 168.00 OK
r-patched-linux-x86_64 0.1.5 4.33 58.38 62.71 OK
r-release-linux-x86_64 0.1.5 4.43 59.39 63.82 OK
r-release-macos-arm64 0.1.5 25.00 NOTE
r-release-macos-x86_64 0.1.5 50.00 NOTE
r-release-windows-x86_64 0.1.5 142.00 99.00 241.00 OK
r-oldrel-macos-arm64 0.1.5 31.00 NOTE
r-oldrel-macos-x86_64 0.1.5 45.00 NOTE
r-oldrel-windows-ix86+x86_64 0.1.5 15.00 93.00 108.00 OK

Check Details

Version: 0.1.5
Check: data for non-ASCII characters
Result: NOTE
     Note: found 28 marked UTF-8 strings
Flavors: r-devel-linux-x86_64-fedora-clang, r-devel-linux-x86_64-fedora-gcc, r-release-macos-arm64, r-release-macos-x86_64, r-oldrel-macos-arm64, r-oldrel-macos-x86_64