CRAN Package Check Results for Package sigQC

Last updated on 2025-01-16 08:49:44 CET.

Flavor Version Tinstall Tcheck Ttotal Status Flags
r-devel-linux-x86_64-debian-clang 0.1.24 5.73 50.67 56.40 OK
r-devel-linux-x86_64-debian-gcc 0.1.24 3.29 36.29 39.58 OK
r-devel-linux-x86_64-fedora-clang 0.1.24 101.33 NOTE
r-devel-linux-x86_64-fedora-gcc 0.1.24 104.28 NOTE
r-devel-windows-x86_64 0.1.24 11.00 66.00 77.00 OK
r-patched-linux-x86_64 0.1.24 6.16 47.09 53.25 OK
r-release-linux-x86_64 0.1.24 3.84 46.97 50.81 OK
r-release-macos-arm64 0.1.24 43.00 OK
r-release-macos-x86_64 0.1.24 89.00 OK
r-release-windows-x86_64 0.1.24 7.00 66.00 73.00 OK
r-oldrel-macos-arm64 0.1.24 9.00 ERROR
r-oldrel-macos-x86_64 0.1.24 12.00 ERROR
r-oldrel-windows-x86_64 0.1.24 9.00 74.00 83.00 OK

Check Details

Version: 0.1.24
Check: dependencies in R code
Result: NOTE Namespaces in Imports field not imported from: ‘KernSmooth’ ‘MASS’ ‘class’ ‘cluster’ ‘lattice’ ‘nnet’ All declared Imports should be used. Flavors: r-devel-linux-x86_64-fedora-clang, r-devel-linux-x86_64-fedora-gcc

Version: 0.1.24
Check: package dependencies
Result: ERROR Package required but not available: ‘GSVA’ See section ‘The DESCRIPTION file’ in the ‘Writing R Extensions’ manual. Flavors: r-oldrel-macos-arm64, r-oldrel-macos-x86_64