CRAN Package Check Results for Package sift

Last updated on 2023-11-30 08:50:09 CET.

Flavor Version Tinstall Tcheck Ttotal Status Flags
r-devel-linux-x86_64-debian-clang 0.1.0 10.86 64.06 74.92 NOTE
r-devel-linux-x86_64-debian-gcc 0.1.0 7.64 47.60 55.24 NOTE
r-devel-linux-x86_64-fedora-clang 0.1.0 94.28 NOTE
r-devel-linux-x86_64-fedora-gcc 0.1.0 106.45 NOTE
r-devel-windows-x86_64 0.1.0 13.00 73.00 86.00 NOTE
r-patched-linux-x86_64 0.1.0 7.03 60.75 67.78 NOTE
r-release-linux-x86_64 0.1.0 5.91 60.58 66.49 NOTE
r-release-macos-arm64 0.1.0 39.00 NOTE
r-release-macos-x86_64 0.1.0 59.00 NOTE
r-release-windows-x86_64 0.1.0 15.00 87.00 102.00 NOTE
r-oldrel-macos-arm64 0.1.0 30.00 NOTE
r-oldrel-macos-x86_64 0.1.0 58.00 NOTE
r-oldrel-windows-x86_64 0.1.0 15.00 86.00 101.00 OK

Check Details

Version: 0.1.0
Check: C++ specification
Result: NOTE Specified C++11: please drop specification unless essential Flavors: r-devel-linux-x86_64-debian-clang, r-devel-linux-x86_64-debian-gcc, r-devel-linux-x86_64-fedora-clang, r-devel-linux-x86_64-fedora-gcc, r-devel-windows-x86_64, r-patched-linux-x86_64, r-release-linux-x86_64, r-release-macos-arm64, r-release-macos-x86_64, r-release-windows-x86_64

Version: 0.1.0
Check: data for non-ASCII characters
Result: NOTE Note: found 1231 marked UTF-8 strings Flavors: r-devel-linux-x86_64-fedora-clang, r-devel-linux-x86_64-fedora-gcc, r-oldrel-macos-arm64, r-oldrel-macos-x86_64