CRAN Package Check Results for Package siebanxicor

Last updated on 2023-01-30 09:54:25 CET.

Flavor Version Tinstall Tcheck Ttotal Status Flags
r-devel-linux-x86_64-debian-clang 1.0.0 2.41 22.67 25.08 NOTE
r-devel-linux-x86_64-debian-gcc 1.0.0 1.57 18.01 19.58 NOTE
r-devel-linux-x86_64-fedora-clang 1.0.0 32.54 NOTE
r-devel-linux-x86_64-fedora-gcc 1.0.0 30.61 NOTE
r-devel-windows-x86_64 1.0.0 19.00 59.00 78.00 NOTE
r-patched-linux-x86_64 1.0.0 2.13 22.37 24.50 NOTE
r-release-linux-x86_64 1.0.0 2.23 23.13 25.36 NOTE
r-release-macos-arm64 1.0.0 15.00 NOTE
r-release-macos-x86_64 1.0.0 21.00 NOTE
r-release-windows-x86_64 1.0.0 18.00 60.00 78.00 NOTE
r-oldrel-macos-arm64 1.0.0 18.00 NOTE
r-oldrel-macos-x86_64 1.0.0 28.00 NOTE
r-oldrel-windows-ix86+x86_64 1.0.0 6.00 48.00 54.00 NOTE

Check Details

Version: 1.0.0
Check: LazyData
Result: NOTE
     'LazyData' is specified without a 'data' directory
Flavors: r-devel-linux-x86_64-debian-clang, r-devel-linux-x86_64-debian-gcc, r-devel-linux-x86_64-fedora-clang, r-devel-linux-x86_64-fedora-gcc, r-devel-windows-x86_64, r-patched-linux-x86_64, r-release-linux-x86_64, r-release-macos-arm64, r-release-macos-x86_64, r-release-windows-x86_64, r-oldrel-macos-arm64, r-oldrel-macos-x86_64, r-oldrel-windows-ix86+x86_64