CRAN Package Check Results for Package siconfir

Last updated on 2023-01-27 07:50:44 CET.

Flavor Version Tinstall Tcheck Ttotal Status Flags
r-devel-linux-x86_64-debian-clang 2.0.3 5.81 143.57 149.38 OK
r-devel-linux-x86_64-debian-gcc 2.0.3 4.14 109.79 113.93 OK
r-devel-linux-x86_64-fedora-clang 2.0.3 74.43 NOTE
r-devel-linux-x86_64-fedora-gcc 2.0.3 70.76 NOTE
r-patched-linux-x86_64 2.0.3 3.43 145.51 148.94 OK
r-release-linux-x86_64 2.0.3 3.86 146.90 150.76 OK
r-release-macos-arm64 2.0.3 145.00 ERROR
r-release-macos-x86_64 2.0.3 161.00 ERROR
r-release-windows-x86_64 2.0.3 20.00 212.00 232.00 OK
r-oldrel-macos-arm64 2.0.3 150.00 ERROR
r-oldrel-macos-x86_64 2.0.3 162.00 ERROR
r-oldrel-windows-ix86+x86_64 2.0.3 14.00 201.00 215.00 OK

Check Details

Version: 2.0.3
Check: data for non-ASCII characters
Result: NOTE
     Note: found 2397 marked UTF-8 strings
Flavors: r-devel-linux-x86_64-fedora-clang, r-devel-linux-x86_64-fedora-gcc

Version: 2.0.3
Check: tests
Result: ERROR
     Running ‘testthat.R’ [2s/123s]
    Running the tests in ‘tests/testthat.R’ failed.
    Last 13 lines of output:
     3. └─testthat::expect_equal(error, error_message) at test-siconfir.R:34:4
     ── Failure ('test-siconfir.R:164'): report_status ──────────────────────────────
     `error` (`actual`) not equal to `error_message` (`expected`).
    
     actual vs expected
     + "Timeout was reached: [apidatalake.tesouro.gov.br] Connection timed out after 10010 milliseconds"
     Backtrace:
     ▆
     1. ├─report_status %>% ... at test-siconfir.R:164:2
     2. └─siconfir (local) expect_with_exception(...)
     3. └─testthat::expect_equal(error, error_message) at test-siconfir.R:34:4
    
     [ FAIL 11 | WARN 10 | SKIP 0 | PASS 3 ]
     Error: Test failures
     Execution halted
Flavor: r-release-macos-arm64

Version: 2.0.3
Check: tests
Result: ERROR
     Running ‘testthat.R’ [3s/126s]
    Running the tests in ‘tests/testthat.R’ failed.
    Last 13 lines of output:
     3. └─testthat::expect_equal(error, error_message) at test-siconfir.R:34:4
     ── Failure ('test-siconfir.R:164'): report_status ──────────────────────────────
     `error` (`actual`) not equal to `error_message` (`expected`).
    
     actual vs expected
     + "Timeout was reached: [apidatalake.tesouro.gov.br] Connection timed out after 10013 milliseconds"
     Backtrace:
     ▆
     1. ├─report_status %>% ... at test-siconfir.R:164:2
     2. └─siconfir (local) expect_with_exception(...)
     3. └─testthat::expect_equal(error, error_message) at test-siconfir.R:34:4
    
     [ FAIL 11 | WARN 10 | SKIP 0 | PASS 3 ]
     Error: Test failures
     Execution halted
Flavor: r-release-macos-x86_64

Version: 2.0.3
Check: tests
Result: ERROR
     Running ‘testthat.R’ [2s/123s]
    Running the tests in ‘tests/testthat.R’ failed.
    Last 13 lines of output:
     3. └─testthat::expect_equal(error, error_message) at test-siconfir.R:34:4
     ── Failure ('test-siconfir.R:164'): report_status ──────────────────────────────
     `error` (`actual`) not equal to `error_message` (`expected`).
    
     actual vs expected
     + "Timeout was reached: [apidatalake.tesouro.gov.br] Connection timed out after 10001 milliseconds"
     Backtrace:
     ▆
     1. ├─report_status %>% ... at test-siconfir.R:164:2
     2. └─siconfir (local) expect_with_exception(...)
     3. └─testthat::expect_equal(error, error_message) at test-siconfir.R:34:4
    
     [ FAIL 11 | WARN 10 | SKIP 0 | PASS 3 ]
     Error: Test failures
     Execution halted
Flavor: r-oldrel-macos-arm64

Version: 2.0.3
Check: tests
Result: ERROR
     Running ‘testthat.R’ [3s/125s]
    Running the tests in ‘tests/testthat.R’ failed.
    Last 13 lines of output:
     3. └─testthat::expect_equal(error, error_message) at test-siconfir.R:34:4
     ── Failure ('test-siconfir.R:164'): report_status ──────────────────────────────
     `error` (`actual`) not equal to `error_message` (`expected`).
    
     actual vs expected
     + "Timeout was reached: [apidatalake.tesouro.gov.br] Connection timed out after 10119 milliseconds"
     Backtrace:
     ▆
     1. ├─report_status %>% ... at test-siconfir.R:164:2
     2. └─siconfir (local) expect_with_exception(...)
     3. └─testthat::expect_equal(error, error_message) at test-siconfir.R:34:4
    
     [ FAIL 11 | WARN 10 | SKIP 0 | PASS 3 ]
     Error: Test failures
     Execution halted
Flavor: r-oldrel-macos-x86_64