Last updated on 2023-01-31 07:54:25 CET.
Flavor | Version | Tinstall | Tcheck | Ttotal | Status | Flags |
---|---|---|---|---|---|---|
r-devel-linux-x86_64-debian-clang | 2.3.0 | 3.73 | 51.07 | 54.80 | OK | |
r-devel-linux-x86_64-debian-gcc | 2.3.0 | 3.10 | 37.11 | 40.21 | OK | |
r-devel-linux-x86_64-fedora-clang | 2.3.0 | 69.11 | OK | |||
r-devel-linux-x86_64-fedora-gcc | 2.3.0 | 73.64 | OK | |||
r-devel-windows-x86_64 | 2.3.0 | 21.00 | 90.00 | 111.00 | OK | |
r-patched-linux-x86_64 | 2.3.0 | 3.98 | 46.34 | 50.32 | OK | |
r-release-linux-x86_64 | 2.3.0 | 2.77 | 47.62 | 50.39 | OK | |
r-release-macos-arm64 | 2.3.0 | 23.00 | OK | |||
r-release-macos-x86_64 | 2.3.0 | 32.00 | OK | |||
r-release-windows-x86_64 | 2.3.0 | 25.00 | 89.00 | 114.00 | OK | |
r-oldrel-macos-arm64 | 2.3.0 | 28.00 | OK | |||
r-oldrel-macos-x86_64 | 2.3.0 | 36.00 | OK | |||
r-oldrel-windows-ix86+x86_64 | 2.3.0 | 9.00 | 79.00 | 88.00 | ERROR |
Version: 2.3.0
Check: PDF version of manual
Result: WARN
LaTeX errors when creating PDF version.
This typically indicates Rd problems.
LaTeX errors found:
! Package inputenc Error: Unicode char â<c2><80><c2><90> (U+2010)
(inputenc) not set up for use with LaTeX.
See the inputenc package documentation for explanation.
Type H <return> for immediate help.
! Package inputenc Error: Unicode char â<c2><80><c2><90> (U+2010)
(inputenc) not set up for use with LaTeX.
See the inputenc package documentation for explanation.
Type H <return> for immediate help.
! Package inputenc Error: Unicode char â<c2><80><c2><90> (U+2010)
(inputenc) not set up for use with LaTeX.
See the inputenc package documentation for explanation.
Type H <return> for immediate help.
Flavor: r-oldrel-windows-ix86+x86_64
Version: 2.3.0
Check: PDF version of manual without hyperrefs or index
Result: ERROR
Flavor: r-oldrel-windows-ix86+x86_64