Last updated on 2023-03-25 07:02:32 CET.
Flavor | Version | Tinstall | Tcheck | Ttotal | Status | Flags |
---|---|---|---|---|---|---|
r-devel-linux-x86_64-debian-clang | 1.4.0 | 2.34 | 20.98 | 23.32 | NOTE | |
r-devel-linux-x86_64-debian-gcc | 1.4.0 | 1.81 | 16.59 | 18.40 | NOTE | |
r-devel-linux-x86_64-fedora-clang | 1.4.0 | 30.49 | NOTE | |||
r-devel-linux-x86_64-fedora-gcc | 1.4.0 | 27.75 | NOTE | |||
r-patched-linux-x86_64 | 1.4.0 | 2.01 | 21.81 | 23.82 | NOTE | |
r-release-linux-x86_64 | 1.4.0 | 1.55 | 22.27 | 23.82 | NOTE | |
r-release-macos-arm64 | 1.4.0 | 16.00 | NOTE | |||
r-release-macos-x86_64 | 1.4.0 | 19.00 | NOTE | |||
r-release-windows-x86_64 | 1.4.0 | 14.00 | 49.00 | 63.00 | NOTE | |
r-oldrel-macos-arm64 | 1.4.0 | 19.00 | NOTE | |||
r-oldrel-macos-x86_64 | 1.4.0 | 26.00 | NOTE | |||
r-oldrel-windows-ix86+x86_64 | 1.4.0 | 6.00 | 49.00 | 55.00 | NOTE |
Version: 1.4.0
Check: LazyData
Result: NOTE
'LazyData' is specified without a 'data' directory
Flavors: r-devel-linux-x86_64-debian-clang, r-devel-linux-x86_64-debian-gcc, r-devel-linux-x86_64-fedora-clang, r-devel-linux-x86_64-fedora-gcc, r-patched-linux-x86_64, r-release-linux-x86_64, r-release-macos-arm64, r-release-macos-x86_64, r-release-windows-x86_64, r-oldrel-macos-arm64, r-oldrel-macos-x86_64, r-oldrel-windows-ix86+x86_64