CRAN Package Check Results for Package shinytoastr

Last updated on 2023-01-28 08:00:47 CET.

Flavor Version Tinstall Tcheck Ttotal Status Flags
r-devel-linux-x86_64-debian-clang 2.1.1 3.49 33.88 37.37 NOTE
r-devel-linux-x86_64-debian-gcc 2.1.1 3.25 26.72 29.97 NOTE
r-devel-linux-x86_64-fedora-clang 2.1.1 47.92 NOTE
r-devel-linux-x86_64-fedora-gcc 2.1.1 47.09 NOTE
r-patched-linux-x86_64 2.1.1 4.10 34.82 38.92 NOTE
r-release-linux-x86_64 2.1.1 3.63 34.86 38.49 NOTE
r-release-macos-arm64 2.1.1 16.00 NOTE
r-release-macos-x86_64 2.1.1 35.00 NOTE
r-release-windows-x86_64 2.1.1 25.00 63.00 88.00 NOTE
r-oldrel-macos-arm64 2.1.1 21.00 NOTE
r-oldrel-macos-x86_64 2.1.1 32.00 NOTE
r-oldrel-windows-ix86+x86_64 2.1.1 10.00 61.00 71.00 NOTE

Check Details

Version: 2.1.1
Check: LazyData
Result: NOTE
     'LazyData' is specified without a 'data' directory
Flavors: r-devel-linux-x86_64-debian-clang, r-devel-linux-x86_64-debian-gcc, r-devel-linux-x86_64-fedora-clang, r-devel-linux-x86_64-fedora-gcc, r-patched-linux-x86_64, r-release-linux-x86_64, r-release-macos-arm64, r-release-macos-x86_64, r-release-windows-x86_64, r-oldrel-macos-arm64, r-oldrel-macos-x86_64, r-oldrel-windows-ix86+x86_64