CRAN Package Check Results for Package shinypanels

Last updated on 2023-01-27 07:50:44 CET.

Flavor Version Tinstall Tcheck Ttotal Status Flags
r-devel-linux-x86_64-debian-clang 0.5.0 3.22 28.93 32.15 NOTE
r-devel-linux-x86_64-debian-gcc 0.5.0 2.45 23.10 25.55 NOTE
r-devel-linux-x86_64-fedora-clang 0.5.0 41.29 NOTE
r-devel-linux-x86_64-fedora-gcc 0.5.0 40.21 NOTE
r-patched-linux-x86_64 0.5.0 2.03 29.08 31.11 NOTE
r-release-linux-x86_64 0.5.0 2.27 29.44 31.71 NOTE
r-release-macos-arm64 0.5.0 18.00 NOTE
r-release-macos-x86_64 0.5.0 33.00 NOTE
r-release-windows-x86_64 0.5.0 19.00 57.00 76.00 NOTE
r-oldrel-macos-arm64 0.5.0 18.00 NOTE
r-oldrel-macos-x86_64 0.5.0 27.00 NOTE
r-oldrel-windows-ix86+x86_64 0.5.0 8.00 55.00 63.00 NOTE

Check Details

Version: 0.5.0
Check: package subdirectories
Result: NOTE
    Problems with news in ‘NEWS.md’:
    No news entries found.
Flavors: r-devel-linux-x86_64-debian-clang, r-devel-linux-x86_64-debian-gcc, r-devel-linux-x86_64-fedora-clang, r-devel-linux-x86_64-fedora-gcc

Version: 0.5.0
Check: LazyData
Result: NOTE
     'LazyData' is specified without a 'data' directory
Flavors: r-devel-linux-x86_64-debian-clang, r-devel-linux-x86_64-debian-gcc, r-devel-linux-x86_64-fedora-clang, r-devel-linux-x86_64-fedora-gcc, r-patched-linux-x86_64, r-release-linux-x86_64, r-release-macos-arm64, r-release-macos-x86_64, r-release-windows-x86_64, r-oldrel-macos-arm64, r-oldrel-macos-x86_64, r-oldrel-windows-ix86+x86_64

Version: 0.5.0
Check: dependencies in R code
Result: NOTE
    Namespaces in Imports field not imported from:
     ‘shiny’ ‘shinyjs’
     All declared Imports should be used.
Flavors: r-devel-linux-x86_64-fedora-clang, r-devel-linux-x86_64-fedora-gcc, r-release-macos-arm64, r-release-macos-x86_64, r-oldrel-macos-arm64, r-oldrel-macos-x86_64