Last updated on 2023-01-29 08:57:13 CET.
Flavor | Version | Tinstall | Tcheck | Ttotal | Status | Flags |
---|---|---|---|---|---|---|
r-devel-linux-x86_64-debian-clang | 0.2.0 | 8.00 | 79.64 | 87.64 | NOTE | |
r-devel-linux-x86_64-debian-gcc | 0.2.0 | 6.64 | 57.45 | 64.09 | NOTE | |
r-devel-linux-x86_64-fedora-clang | 0.2.0 | 108.18 | NOTE | |||
r-devel-linux-x86_64-fedora-gcc | 0.2.0 | 112.90 | NOTE | |||
r-devel-windows-x86_64 | 0.2.0 | 44.00 | 114.00 | 158.00 | NOTE | |
r-patched-linux-x86_64 | 0.2.0 | 6.62 | 77.11 | 83.73 | NOTE | |
r-release-linux-x86_64 | 0.2.0 | 6.01 | 79.04 | 85.05 | NOTE | |
r-release-macos-arm64 | 0.2.0 | 33.00 | NOTE | |||
r-release-macos-x86_64 | 0.2.0 | 64.00 | NOTE | |||
r-release-windows-x86_64 | 0.2.0 | 28.00 | 118.00 | 146.00 | NOTE | |
r-oldrel-macos-arm64 | 0.2.0 | 32.00 | NOTE | |||
r-oldrel-macos-x86_64 | 0.2.0 | 58.00 | NOTE | |||
r-oldrel-windows-ix86+x86_64 | 0.2.0 | 24.00 | 114.00 | 138.00 | NOTE |
Version: 0.2.0
Check: LazyData
Result: NOTE
'LazyData' is specified without a 'data' directory
Flavors: r-devel-linux-x86_64-debian-clang, r-devel-linux-x86_64-debian-gcc, r-devel-linux-x86_64-fedora-clang, r-devel-linux-x86_64-fedora-gcc, r-devel-windows-x86_64, r-patched-linux-x86_64, r-release-linux-x86_64, r-release-macos-arm64, r-release-macos-x86_64, r-release-windows-x86_64, r-oldrel-macos-arm64, r-oldrel-macos-x86_64, r-oldrel-windows-ix86+x86_64
Version: 0.2.0
Check: dependencies in R code
Result: NOTE
Namespace in Imports field not imported from: ‘purrr’
All declared Imports should be used.
Flavors: r-devel-linux-x86_64-fedora-clang, r-devel-linux-x86_64-fedora-gcc, r-release-macos-arm64, r-release-macos-x86_64, r-oldrel-macos-arm64, r-oldrel-macos-x86_64