CRAN Package Check Results for Package shinyfullscreen

Last updated on 2023-01-27 07:50:44 CET.

Flavor Version Tinstall Tcheck Ttotal Status Flags
r-devel-linux-x86_64-debian-clang 1.1.0 2.59 36.15 38.74 NOTE
r-devel-linux-x86_64-debian-gcc 1.1.0 2.51 28.67 31.18 NOTE
r-devel-linux-x86_64-fedora-clang 1.1.0 50.01 NOTE
r-devel-linux-x86_64-fedora-gcc 1.1.0 49.36 NOTE
r-patched-linux-x86_64 1.1.0 2.98 37.74 40.72 NOTE
r-release-linux-x86_64 1.1.0 3.44 37.85 41.29 NOTE
r-release-macos-arm64 1.1.0 19.00 NOTE
r-release-macos-x86_64 1.1.0 41.00 NOTE
r-release-windows-x86_64 1.1.0 23.00 67.00 90.00 NOTE
r-oldrel-macos-arm64 1.1.0 21.00 NOTE
r-oldrel-macos-x86_64 1.1.0 31.00 NOTE
r-oldrel-windows-ix86+x86_64 1.1.0 10.00 65.00 75.00 NOTE

Check Details

Version: 1.1.0
Check: LazyData
Result: NOTE
     'LazyData' is specified without a 'data' directory
Flavors: r-devel-linux-x86_64-debian-clang, r-devel-linux-x86_64-debian-gcc, r-devel-linux-x86_64-fedora-clang, r-devel-linux-x86_64-fedora-gcc, r-patched-linux-x86_64, r-release-linux-x86_64, r-release-macos-arm64, r-release-macos-x86_64, r-release-windows-x86_64, r-oldrel-macos-arm64, r-oldrel-macos-x86_64, r-oldrel-windows-ix86+x86_64