Last updated on 2023-02-02 06:55:06 CET.
Flavor | Version | Tinstall | Tcheck | Ttotal | Status | Flags |
---|---|---|---|---|---|---|
r-devel-linux-x86_64-debian-clang | 0.1.1 | 2.44 | 22.26 | 24.70 | OK | |
r-devel-linux-x86_64-debian-gcc | 0.1.1 | 2.18 | 17.13 | 19.31 | OK | |
r-devel-linux-x86_64-fedora-clang | 0.1.1 | 31.35 | NOTE | |||
r-devel-linux-x86_64-fedora-gcc | 0.1.1 | 29.90 | NOTE | |||
r-patched-linux-x86_64 | 0.1.1 | 1.59 | 22.56 | 24.15 | OK | |
r-release-linux-x86_64 | 0.1.1 | 1.98 | 22.10 | 24.08 | OK | |
r-release-macos-arm64 | 0.1.1 | 17.00 | NOTE | |||
r-release-macos-x86_64 | 0.1.1 | 24.00 | NOTE | |||
r-release-windows-x86_64 | 0.1.1 | 21.00 | 52.00 | 73.00 | OK | |
r-oldrel-macos-arm64 | 0.1.1 | 17.00 | NOTE | |||
r-oldrel-macos-x86_64 | 0.1.1 | 26.00 | NOTE | |||
r-oldrel-windows-ix86+x86_64 | 0.1.1 | 8.00 | 49.00 | 57.00 | OK |
Version: 0.1.1
Check: dependencies in R code
Result: NOTE
Namespace in Imports field not imported from: ‘reactable’
All declared Imports should be used.
Flavors: r-devel-linux-x86_64-fedora-clang, r-devel-linux-x86_64-fedora-gcc, r-release-macos-arm64, r-release-macos-x86_64, r-oldrel-macos-arm64, r-oldrel-macos-x86_64