CRAN Package Check Results for Package shinycustomloader

Last updated on 2023-02-05 07:57:36 CET.

Flavor Version Tinstall Tcheck Ttotal Status Flags
r-devel-linux-x86_64-debian-clang 0.9.0 2.53 35.73 38.26 NOTE
r-devel-linux-x86_64-debian-gcc 0.9.0 2.49 28.01 30.50 NOTE
r-devel-linux-x86_64-fedora-clang 0.9.0 49.34 NOTE
r-devel-linux-x86_64-fedora-gcc 0.9.0 48.18 NOTE
r-devel-windows-x86_64 0.9.0 41.00 74.00 115.00 NOTE
r-patched-linux-x86_64 0.9.0 3.32 36.80 40.12 NOTE
r-release-linux-x86_64 0.9.0 3.39 36.49 39.88 NOTE
r-release-macos-arm64 0.9.0 20.00 NOTE
r-release-macos-x86_64 0.9.0 38.00 NOTE
r-release-windows-x86_64 0.9.0 48.00 77.00 125.00 NOTE
r-oldrel-macos-arm64 0.9.0 27.00 NOTE
r-oldrel-macos-x86_64 0.9.0 42.00 NOTE
r-oldrel-windows-ix86+x86_64 0.9.0 10.00 65.00 75.00 NOTE

Check Details

Version: 0.9.0
Check: LazyData
Result: NOTE
     'LazyData' is specified without a 'data' directory
Flavors: r-devel-linux-x86_64-debian-clang, r-devel-linux-x86_64-debian-gcc, r-devel-linux-x86_64-fedora-clang, r-devel-linux-x86_64-fedora-gcc, r-devel-windows-x86_64, r-patched-linux-x86_64, r-release-linux-x86_64, r-release-macos-arm64, r-release-macos-x86_64, r-release-windows-x86_64, r-oldrel-macos-arm64, r-oldrel-macos-x86_64, r-oldrel-windows-ix86+x86_64