CRAN Package Check Results for Package shinyLP

Last updated on 2023-01-27 07:50:44 CET.

Flavor Version Tinstall Tcheck Ttotal Status Flags
r-devel-linux-x86_64-debian-clang 1.1.2 4.38 36.46 40.84 NOTE
r-devel-linux-x86_64-debian-gcc 1.1.2 2.77 28.28 31.05 NOTE
r-devel-linux-x86_64-fedora-clang 1.1.2 50.47 NOTE
r-devel-linux-x86_64-fedora-gcc 1.1.2 49.66 NOTE
r-patched-linux-x86_64 1.1.2 4.44 37.59 42.03 NOTE
r-release-linux-x86_64 1.1.2 3.56 36.94 40.50 NOTE
r-release-macos-arm64 1.1.2 19.00 NOTE
r-release-macos-x86_64 1.1.2 37.00 NOTE
r-release-windows-x86_64 1.1.2 33.00 68.00 101.00 NOTE
r-oldrel-macos-arm64 1.1.2 23.00 NOTE
r-oldrel-macos-x86_64 1.1.2 33.00 NOTE
r-oldrel-windows-ix86+x86_64 1.1.2 10.00 64.00 74.00 NOTE

Check Details

Version: 1.1.2
Check: LazyData
Result: NOTE
     'LazyData' is specified without a 'data' directory
Flavors: r-devel-linux-x86_64-debian-clang, r-devel-linux-x86_64-debian-gcc, r-devel-linux-x86_64-fedora-clang, r-devel-linux-x86_64-fedora-gcc, r-patched-linux-x86_64, r-release-linux-x86_64, r-release-macos-arm64, r-release-macos-x86_64, r-release-windows-x86_64, r-oldrel-macos-arm64, r-oldrel-macos-x86_64, r-oldrel-windows-ix86+x86_64