CRAN Package Check Results for Package shinyKnobs

Last updated on 2023-01-27 07:50:44 CET.

Flavor Version Tinstall Tcheck Ttotal Status Flags
r-devel-linux-x86_64-debian-clang 0.1.3 3.66 35.41 39.07 NOTE
r-devel-linux-x86_64-debian-gcc 0.1.3 3.02 28.03 31.05 NOTE
r-devel-linux-x86_64-fedora-clang 0.1.3 49.50 NOTE
r-devel-linux-x86_64-fedora-gcc 0.1.3 48.48 NOTE
r-patched-linux-x86_64 0.1.3 4.03 36.40 40.43 NOTE
r-release-linux-x86_64 0.1.3 3.39 36.30 39.69 NOTE
r-release-macos-arm64 0.1.3 18.00 NOTE
r-release-macos-x86_64 0.1.3 39.00 NOTE
r-release-windows-x86_64 0.1.3 34.00 73.00 107.00 NOTE
r-oldrel-macos-arm64 0.1.3 23.00 NOTE
r-oldrel-macos-x86_64 0.1.3 31.00 NOTE
r-oldrel-windows-ix86+x86_64 0.1.3 10.00 64.00 74.00 NOTE

Check Details

Version: 0.1.3
Check: LazyData
Result: NOTE
     'LazyData' is specified without a 'data' directory
Flavors: r-devel-linux-x86_64-debian-clang, r-devel-linux-x86_64-debian-gcc, r-devel-linux-x86_64-fedora-clang, r-devel-linux-x86_64-fedora-gcc, r-patched-linux-x86_64, r-release-linux-x86_64, r-release-macos-arm64, r-release-macos-x86_64, r-release-windows-x86_64, r-oldrel-macos-arm64, r-oldrel-macos-x86_64, r-oldrel-windows-ix86+x86_64