CRAN Package Check Results for Package shinyKnobs

Last updated on 2024-02-27 07:55:00 CET.

Flavor Version Tinstall Tcheck Ttotal Status Flags
r-devel-linux-x86_64-debian-clang 0.1.3 3.86 36.56 40.42 NOTE
r-devel-linux-x86_64-debian-gcc 0.1.3 3.34 28.13 31.47 NOTE
r-devel-linux-x86_64-fedora-clang 0.1.3 50.95 NOTE
r-devel-linux-x86_64-fedora-gcc 0.1.3 52.84 NOTE
r-devel-windows-x86_64 0.1.3 5.00 54.00 59.00 NOTE
r-patched-linux-x86_64 0.1.3 4.29 36.16 40.45 NOTE
r-release-linux-x86_64 0.1.3 3.59 35.86 39.45 NOTE
r-release-macos-arm64 0.1.3 21.00 NOTE
r-release-macos-x86_64 0.1.3 28.00 NOTE
r-release-windows-x86_64 0.1.3 6.00 56.00 62.00 NOTE
r-oldrel-macos-arm64 0.1.3 18.00 NOTE
r-oldrel-windows-x86_64 0.1.3 6.00 64.00 70.00 NOTE

Check Details

Version: 0.1.3
Check: LazyData
Result: NOTE 'LazyData' is specified without a 'data' directory Flavors: r-devel-linux-x86_64-debian-clang, r-devel-linux-x86_64-debian-gcc, r-devel-linux-x86_64-fedora-clang, r-devel-linux-x86_64-fedora-gcc, r-devel-windows-x86_64, r-patched-linux-x86_64, r-release-linux-x86_64, r-release-macos-arm64, r-release-macos-x86_64, r-release-windows-x86_64, r-oldrel-macos-arm64, r-oldrel-windows-x86_64