CRAN Package Check Results for Package shiny.fluent

Last updated on 2024-02-27 07:55:00 CET.

Flavor Version Tinstall Tcheck Ttotal Status Flags
r-devel-linux-x86_64-debian-clang 0.3.0 6.72 88.45 95.17 NOTE
r-devel-linux-x86_64-debian-gcc 0.3.0 5.20 66.81 72.01 NOTE
r-devel-linux-x86_64-fedora-clang 0.3.0 118.20 NOTE
r-devel-linux-x86_64-fedora-gcc 0.3.0 126.57 NOTE
r-devel-windows-x86_64 0.3.0 8.00 102.00 110.00 OK
r-patched-linux-x86_64 0.3.0 8.12 76.88 85.00 OK
r-release-linux-x86_64 0.3.0 4.27 76.51 80.78 OK
r-release-macos-arm64 0.3.0 45.00 OK
r-release-macos-x86_64 0.3.0 63.00 OK
r-release-windows-x86_64 0.3.0 9.00 112.00 121.00 OK
r-oldrel-macos-arm64 0.3.0 33.00 OK
r-oldrel-windows-x86_64 0.3.0 11.00 93.00 104.00 OK

Check Details

Version: 0.3.0
Check: Rd files
Result: NOTE checkRd: (-1) ActivityItem.Rd:25: Lost braces in \itemize; meant \describe ? checkRd: (-1) ActivityItem.Rd:26: Lost braces in \itemize; meant \describe ? checkRd: (-1) ActivityItem.Rd:27: Lost braces in \itemize; meant \describe ? checkRd: (-1) ActivityItem.Rd:28: Lost braces in \itemize; meant \describe ? checkRd: (-1) ActivityItem.Rd:29: Lost braces in \itemize; meant \describe ? checkRd: (-1) ActivityItem.Rd:30: Lost braces in \itemize; meant \describe ? checkRd: (-1) ActivityItem.Rd:31: Lost braces in \itemize; meant \describe ? checkRd: (-1) ActivityItem.Rd:32: Lost braces in \itemize; meant \describe ? checkRd: (-1) ActivityItem.Rd:33: Lost braces in \itemize; meant \describe ? checkRd: (-1) ActivityItem.Rd:34: Lost braces in \itemize; meant \describe ? checkRd: (-1) ActivityItem.Rd:35: Lost braces in \itemize; meant \describe ? checkRd: (-1) ActivityItem.Rd:36: Lost braces in \itemize; meant \describe ? checkRd: (-1) ActivityItem.Rd:37: Lost braces in \itemize; meant \describe ? checkRd: (-1) ActivityItem.Rd:38: Lost braces in \itemize; meant \describe ? checkRd: (-1) ActivityItem.Rd:39: Lost braces in \itemize; meant \describe ? checkRd: (-1) ActivityItem.Rd:40: Lost braces in \itemize; meant \describe ? checkRd: (-1) Announced.Rd:38: Lost braces in \itemize; meant \describe ? checkRd: (-1) Announced.Rd:39: Lost braces in \itemize; meant \describe ? checkRd: (-1) Announced.Rd:40: Lost braces in \itemize; meant \describe ? checkRd: (-1) Announced.Rd:41: Lost braces in \itemize; meant \describe ? checkRd: (-1) Breadcrumb.Rd:27: Lost braces in \itemize; meant \describe ? checkRd: (-1) Breadcrumb.Rd:28: Lost braces in \itemize; meant \describe ? checkRd: (-1) Breadcrumb.Rd:29: Lost braces in \itemize; meant \describe ? checkRd: (-1) Breadcrumb.Rd:30: Lost braces in \itemize; meant \describe ? checkRd: (-1) Breadcrumb.Rd:31: Lost braces in \itemize; meant \describe ? checkRd: (-1) Breadcrumb.Rd:32: Lost braces in \itemize; meant \describe ? checkRd: (-1) Breadcrumb.Rd:33: Lost braces in \itemize; meant \describe ? checkRd: (-1) Breadcrumb.Rd:34: Lost braces in \itemize; meant \describe ? checkRd: (-1) Breadcrumb.Rd:35: Lost braces in \itemize; meant \describe ? checkRd: (-1) Breadcrumb.Rd:36: Lost braces in \itemize; meant \describe ? checkRd: (-1) Breadcrumb.Rd:37: Lost braces in \itemize; meant \describe ? checkRd: (-1) Breadcrumb.Rd:38: Lost braces in \itemize; meant \describe ? checkRd: (-1) Breadcrumb.Rd:39: Lost braces in \itemize; meant \describe ? checkRd: (-1) Breadcrumb.Rd:40: Lost braces in \itemize; meant \describe ? checkRd: (-1) Breadcrumb.Rd:41: Lost braces in \itemize; meant \describe ? checkRd: (-1) Breadcrumb.Rd:42: Lost braces in \itemize; meant \describe ? checkRd: (-1) Breadcrumb.Rd:43: Lost braces in \itemize; meant \describe ? checkRd: (-1) Button.Rd:120: Lost braces in \itemize; meant \describe ? checkRd: (-1) Button.Rd:121: Lost braces in \itemize; meant \describe ? checkRd: (-1) Button.Rd:122: Lost braces in \itemize; meant \describe ? checkRd: (-1) Button.Rd:123-125: Lost braces in \itemize; meant \describe ? checkRd: (-1) Button.Rd:126: Lost braces in \itemize; meant \describe ? checkRd: (-1) Button.Rd:127: Lost braces in \itemize; meant \describe ? checkRd: (-1) Button.Rd:128: Lost braces in \itemize; meant \describe ? checkRd: (-1) Button.Rd:129: Lost braces in \itemize; meant \describe ? checkRd: (-1) Button.Rd:130: Lost braces in \itemize; meant \describe ? checkRd: (-1) Button.Rd:131: Lost braces in \itemize; meant \describe ? checkRd: (-1) Button.Rd:132: Lost braces in \itemize; meant \describe ? checkRd: (-1) Button.Rd:133: Lost braces in \itemize; meant \describe ? checkRd: (-1) Button.Rd:134: Lost braces in \itemize; meant \describe ? checkRd: (-1) Button.Rd:135: Lost braces in \itemize; meant \describe ? checkRd: (-1) Button.Rd:136: Lost braces in \itemize; meant \describe ? checkRd: (-1) Button.Rd:137: Lost braces in \itemize; meant \describe ? checkRd: (-1) Button.Rd:138: Lost braces in \itemize; meant \describe ? checkRd: (-1) Button.Rd:139: Lost braces in \itemize; meant \describe ? checkRd: (-1) Button.Rd:140: Lost braces in \itemize; meant \describe ? checkRd: (-1) Button.Rd:141: Lost braces in \itemize; meant \describe ? checkRd: (-1) Button.Rd:142: Lost braces in \itemize; meant \describe ? checkRd: (-1) Button.Rd:143: Lost braces in \itemize; meant \describe ? checkRd: (-1) Button.Rd:144: Lost braces in \itemize; meant \describe ? checkRd: (-1) Button.Rd:145: Lost braces in \itemize; meant \describe ? checkRd: (-1) Button.Rd:146: Lost braces in \itemize; meant \describe ? checkRd: (-1) Button.Rd:147: Lost braces in \itemize; meant \describe ? checkRd: (-1) Button.Rd:148: Lost braces in \itemize; meant \describe ? checkRd: (-1) Button.Rd:149: Lost braces in \itemize; meant \describe ? checkRd: (-1) Button.Rd:150: Lost braces in \itemize; meant \describe ? checkRd: (-1) Button.Rd:151: Lost braces in \itemize; meant \describe ? checkRd: (-1) Button.Rd:152: Lost braces in \itemize; meant \describe ? checkRd: (-1) Button.Rd:153: Lost braces in \itemize; meant \describe ? checkRd: (-1) Button.Rd:154: Lost braces in \itemize; meant \describe ? checkRd: (-1) Button.Rd:155: Lost braces in \itemize; meant \describe ? checkRd: (-1) Button.Rd:156: Lost braces in \itemize; meant \describe ? checkRd: (-1) Button.Rd:157: Lost braces in \itemize; meant \describe ? checkRd: (-1) Button.Rd:158-160: Lost braces in \itemize; meant \describe ? checkRd: (-1) Button.Rd:161: Lost braces in \itemize; meant \describe ? checkRd: (-1) Button.Rd:162: Lost braces in \itemize; meant \describe ? checkRd: (-1) Button.Rd:163: Lost braces in \itemize; meant \describe ? checkRd: (-1) Button.Rd:164: Lost braces in \itemize; meant \describe ? checkRd: (-1) Button.Rd:165: Lost braces in \itemize; meant \describe ? checkRd: (-1) Button.Rd:166: Lost braces in \itemize; meant \describe ? checkRd: (-1) Button.Rd:167: Lost braces in \itemize; meant \describe ? checkRd: (-1) Button.Rd:168: Lost braces in \itemize; meant \describe ? checkRd: (-1) Button.Rd:169: Lost braces in \itemize; meant \describe ? checkRd: (-1) Button.Rd:170: Lost braces in \itemize; meant \describe ? checkRd: (-1) Button.Rd:171: Lost braces in \itemize; meant \describe ? checkRd: (-1) Calendar.Rd:43: Lost braces in \itemize; meant \describe ? checkRd: (-1) Calendar.Rd:44: Lost braces in \itemize; meant \describe ? checkRd: (-1) Calendar.Rd:45: Lost braces in \itemize; meant \describe ? checkRd: (-1) Calendar.Rd:46: Lost braces in \itemize; meant \describe ? checkRd: (-1) Calendar.Rd:47: Lost braces in \itemize; meant \describe ? checkRd: (-1) Calendar.Rd:48: Lost braces in \itemize; meant \describe ? checkRd: (-1) Calendar.Rd:49: Lost braces in \itemize; meant \describe ? checkRd: (-1) Calendar.Rd:50: Lost braces in \itemize; meant \describe ? checkRd: (-1) Calendar.Rd:51: Lost braces in \itemize; meant \describe ? checkRd: (-1) Calendar.Rd:52: Lost braces in \itemize; meant \describe ? checkRd: (-1) Calendar.Rd:53: Lost braces in \itemize; meant \describe ? checkRd: (-1) Calendar.Rd:54: Lost braces in \itemize; meant \describe ? checkRd: (-1) Calendar.Rd:55: Lost braces in \itemize; meant \describe ? checkRd: (-1) Calendar.Rd:56: Lost braces in \itemize; meant \describe ? checkRd: (-1) Calendar.Rd:57: Lost braces in \itemize; meant \describe ? checkRd: (-1) Calendar.Rd:58: Lost braces in \itemize; meant \describe ? checkRd: (-1) Calendar.Rd:59: Lost braces in \itemize; meant \describe ? checkRd: (-1) Calendar.Rd:60: Lost braces in \itemize; meant \describe ? checkRd: (-1) Calendar.Rd:61: Lost braces in \itemize; meant \describe ? checkRd: (-1) Calendar.Rd:62: Lost braces in \itemize; meant \describe ? checkRd: (-1) Calendar.Rd:63: Lost braces in \itemize; meant \describe ? checkRd: (-1) Calendar.Rd:64: Lost braces in \itemize; meant \describe ? checkRd: (-1) Calendar.Rd:65: Lost braces in \itemize; meant \describe ? checkRd: (-1) Calendar.Rd:66: Lost braces in \itemize; meant \describe ? checkRd: (-1) Calendar.Rd:67: Lost braces in \itemize; meant \describe ? checkRd: (-1) Calendar.Rd:68: Lost braces in \itemize; meant \describe ? checkRd: (-1) Calendar.Rd:69: Lost braces in \itemize; meant \describe ? checkRd: (-1) Calendar.Rd:70: Lost braces in \itemize; meant \describe ? checkRd: (-1) Calendar.Rd:71: Lost braces in \itemize; meant \describe ? checkRd: (-1) Calendar.Rd:72: Lost braces in \itemize; meant \describe ? checkRd: (-1) Callout.Rd:25: Lost braces in \itemize; meant \describe ? checkRd: (-1) Callout.Rd:26: Lost braces in \itemize; meant \describe ? checkRd: (-1) Callout.Rd:27: Lost braces in \itemize; meant \describe ? checkRd: (-1) Callout.Rd:28: Lost braces in \itemize; meant \describe ? checkRd: (-1) Callout.Rd:29: Lost braces in \itemize; meant \describe ? checkRd: (-1) Callout.Rd:30: Lost braces in \itemize; meant \describe ? checkRd: (-1) Callout.Rd:31: Lost braces in \itemize; meant \describe ? checkRd: (-1) Callout.Rd:32: Lost braces in \itemize; meant \describe ? checkRd: (-1) Callout.Rd:33: Lost braces in \itemize; meant \describe ? checkRd: (-1) Callout.Rd:34: Lost braces in \itemize; meant \describe ? checkRd: (-1) Callout.Rd:35: Lost braces in \itemize; meant \describe ? checkRd: (-1) Callout.Rd:36: Lost braces in \itemize; meant \describe ? checkRd: (-1) Callout.Rd:37: Lost braces in \itemize; meant \describe ? checkRd: (-1) Callout.Rd:38: Lost braces in \itemize; meant \describe ? checkRd: (-1) Callout.Rd:39: Lost braces in \itemize; meant \describe ? checkRd: (-1) Callout.Rd:40: Lost braces in \itemize; meant \describe ? checkRd: (-1) Callout.Rd:41: Lost braces in \itemize; meant \describe ? checkRd: (-1) Callout.Rd:42: Lost braces in \itemize; meant \describe ? checkRd: (-1) Callout.Rd:43: Lost braces in \itemize; meant \describe ? checkRd: (-1) Callout.Rd:44: Lost braces in \itemize; meant \describe ? checkRd: (-1) Callout.Rd:45: Lost braces in \itemize; meant \describe ? checkRd: (-1) Callout.Rd:46: Lost braces in \itemize; meant \describe ? checkRd: (-1) Callout.Rd:47: Lost braces in \itemize; meant \describe ? checkRd: (-1) Callout.Rd:48: Lost braces in \itemize; meant \describe ? checkRd: (-1) Callout.Rd:49: Lost braces in \itemize; meant \describe ? checkRd: (-1) Callout.Rd:50: Lost braces in \itemize; meant \describe ? checkRd: (-1) Callout.Rd:51: Lost braces in \itemize; meant \describe ? checkRd: (-1) Callout.Rd:52: Lost braces in \itemize; meant \describe ? checkRd: (-1) Callout.Rd:53: Lost braces in \itemize; meant \describe ? checkRd: (-1) Callout.Rd:54: Lost braces in \itemize; meant \describe ? checkRd: (-1) Callout.Rd:55: Lost braces in \itemize; meant \describe ? checkRd: (-1) Callout.Rd:56: Lost braces in \itemize; meant \describe ? checkRd: (-1) Callout.Rd:57: Lost braces in \itemize; meant \describe ? checkRd: (-1) Callout.Rd:58: Lost braces in \itemize; meant \describe ? checkRd: (-1) Callout.Rd:59: Lost braces in \itemize; meant \describe ? checkRd: (-1) Callout.Rd:60-62: Lost braces in \itemize; meant \describe ? checkRd: (-1) Callout.Rd:63: Lost braces in \itemize; meant \describe ? checkRd: (-1) Callout.Rd:64: Lost braces in \itemize; meant \describe ? checkRd: (-1) Callout.Rd:65: Lost braces in \itemize; meant \describe ? checkRd: (-1) Checkbox.Rd:43: Lost braces in \itemize; meant \describe ? checkRd: (-1) Checkbox.Rd:44: Lost braces in \itemize; meant \describe ? checkRd: (-1) Checkbox.Rd:45: Lost braces in \itemize; meant \describe ? checkRd: (-1) Checkbox.Rd:46: Lost braces in \itemize; meant \describe ? checkRd: (-1) Checkbox.Rd:47: Lost braces in \itemize; meant \describe ? checkRd: (-1) Checkbox.Rd:48: Lost braces in \itemize; meant \describe ? checkRd: (-1) Checkbox.Rd:49: Lost braces in \itemize; meant \describe ? checkRd: (-1) Checkbox.Rd:50: Lost braces in \itemize; meant \describe ? checkRd: (-1) Checkbox.Rd:51: Lost braces in \itemize; meant \describe ? checkRd: (-1) Checkbox.Rd:52: Lost braces in \itemize; meant \describe ? checkRd: (-1) Checkbox.Rd:53: Lost braces in \itemize; meant \describe ? checkRd: (-1) Checkbox.Rd:54: Lost braces in \itemize; meant \describe ? checkRd: (-1) Checkbox.Rd:55: Lost braces in \itemize; meant \describe ? checkRd: (-1) Checkbox.Rd:56: Lost braces in \itemize; meant \describe ? checkRd: (-1) Checkbox.Rd:57: Lost braces in \itemize; meant \describe ? checkRd: (-1) Checkbox.Rd:58: Lost braces in \itemize; meant \describe ? checkRd: (-1) Checkbox.Rd:59: Lost braces in \itemize; meant \describe ? checkRd: (-1) Checkbox.Rd:60: Lost braces in \itemize; meant \describe ? checkRd: (-1) Checkbox.Rd:61: Lost braces in \itemize; meant \describe ? checkRd: (-1) Checkbox.Rd:62: Lost braces in \itemize; meant \describe ? checkRd: (-1) Checkbox.Rd:63: Lost braces in \itemize; meant \describe ? checkRd: (-1) ChoiceGroup.Rd:43: Lost braces in \itemize; meant \describe ? checkRd: (-1) ChoiceGroup.Rd:44: Lost braces in \itemize; meant \describe ? checkRd: (-1) ChoiceGroup.Rd:45: Lost braces in \itemize; meant \describe ? checkRd: (-1) ChoiceGroup.Rd:46: Lost braces in \itemize; meant \describe ? checkRd: (-1) ChoiceGroup.Rd:47: Lost braces in \itemize; meant \describe ? checkRd: (-1) ChoiceGroup.Rd:48: Lost braces in \itemize; meant \describe ? checkRd: (-1) ChoiceGroup.Rd:49: Lost braces in \itemize; meant \describe ? checkRd: (-1) ChoiceGroup.Rd:50: Lost braces in \itemize; meant \describe ? checkRd: (-1) ChoiceGroup.Rd:51: Lost braces in \itemize; meant \describe ? checkRd: (-1) ChoiceGroup.Rd:52: Lost braces in \itemize; meant \describe ? checkRd: (-1) ChoiceGroup.Rd:53: Lost braces in \itemize; meant \describe ? checkRd: (-1) ChoiceGroup.Rd:54: Lost braces in \itemize; meant \describe ? checkRd: (-1) ChoiceGroup.Rd:55: Lost braces in \itemize; meant \describe ? checkRd: (-1) ChoiceGroup.Rd:56: Lost braces in \itemize; meant \describe ? checkRd: (-1) ChoiceGroup.Rd:57: Lost braces in \itemize; meant \describe ? checkRd: (-1) ChoiceGroup.Rd:58: Lost braces in \itemize; meant \describe ? checkRd: (-1) ChoiceGroup.Rd:59: Lost braces in \itemize; meant \describe ? checkRd: (-1) ChoiceGroup.Rd:60: Lost braces in \itemize; meant \describe ? checkRd: (-1) Coachmark.Rd:25: Lost braces in \itemize; meant \describe ? checkRd: (-1) Coachmark.Rd:26: Lost braces in \itemize; meant \describe ? checkRd: (-1) Coachmark.Rd:27: Lost braces in \itemize; meant \describe ? checkRd: (-1) Coachmark.Rd:28: Lost braces in \itemize; meant \describe ? checkRd: (-1) Coachmark.Rd:29: Lost braces in \itemize; meant \describe ? checkRd: (-1) Coachmark.Rd:30: Lost braces in \itemize; meant \describe ? checkRd: (-1) Coachmark.Rd:31: Lost braces in \itemize; meant \describe ? checkRd: (-1) Coachmark.Rd:32: Lost braces in \itemize; meant \describe ? checkRd: (-1) Coachmark.Rd:33: Lost braces in \itemize; meant \describe ? checkRd: (-1) Coachmark.Rd:34: Lost braces in \itemize; meant \describe ? checkRd: (-1) Coachmark.Rd:35: Lost braces in \itemize; meant \describe ? checkRd: (-1) Coachmark.Rd:36: Lost braces in \itemize; meant \describe ? checkRd: (-1) Coachmark.Rd:37: Lost braces in \itemize; meant \describe ? checkRd: (-1) Coachmark.Rd:38: Lost braces in \itemize; meant \describe ? checkRd: (-1) Coachmark.Rd:39: Lost braces in \itemize; meant \describe ? checkRd: (-1) Coachmark.Rd:40: Lost braces in \itemize; meant \describe ? checkRd: (-1) Coachmark.Rd:41: Lost braces in \itemize; meant \describe ? checkRd: (-1) Coachmark.Rd:42: Lost braces in \itemize; meant \describe ? checkRd: (-1) Coachmark.Rd:43: Lost braces in \itemize; meant \describe ? checkRd: (-1) Coachmark.Rd:44: Lost braces in \itemize; meant \describe ? checkRd: (-1) Coachmark.Rd:45: Lost braces in \itemize; meant \describe ? checkRd: (-1) Coachmark.Rd:46: Lost braces in \itemize; meant \describe ? checkRd: (-1) Coachmark.Rd:47: Lost braces in \itemize; meant \describe ? checkRd: (-1) Coachmark.Rd:48: Lost braces in \itemize; meant \describe ? checkRd: (-1) Coachmark.Rd:49: Lost braces in \itemize; meant \describe ? checkRd: (-1) Coachmark.Rd:50: Lost braces in \itemize; meant \describe ? checkRd: (-1) Coachmark.Rd:51: Lost braces in \itemize; meant \describe ? checkRd: (-1) Coachmark.Rd:52: Lost braces in \itemize; meant \describe ? checkRd: (-1) Coachmark.Rd:53: Lost braces in \itemize; meant \describe ? checkRd: (-1) Coachmark.Rd:54: Lost braces in \itemize; meant \describe ? checkRd: (-1) Coachmark.Rd:55: Lost braces in \itemize; meant \describe ? checkRd: (-1) Coachmark.Rd:56: Lost braces in \itemize; meant \describe ? checkRd: (-1) Coachmark.Rd:57: Lost braces in \itemize; meant \describe ? checkRd: (-1) Coachmark.Rd:58: Lost braces in \itemize; meant \describe ? checkRd: (-1) Coachmark.Rd:59: Lost braces in \itemize; meant \describe ? checkRd: (-1) Coachmark.Rd:60: Lost braces in \itemize; meant \describe ? checkRd: (-1) Coachmark.Rd:61: Lost braces in \itemize; meant \describe ? checkRd: (-1) Coachmark.Rd:62: Lost braces in \itemize; meant \describe ? checkRd: (-1) Coachmark.Rd:63: Lost braces in \itemize; meant \describe ? checkRd: (-1) Coachmark.Rd:64: Lost braces in \itemize; meant \describe ? checkRd: (-1) Coachmark.Rd:65: Lost braces in \itemize; meant \describe ? checkRd: (-1) Coachmark.Rd:66: Lost braces in \itemize; meant \describe ? checkRd: (-1) Coachmark.Rd:67: Lost braces in \itemize; meant \describe ? checkRd: (-1) Coachmark.Rd:68: Lost braces in \itemize; meant \describe ? checkRd: (-1) Coachmark.Rd:69: Lost braces in \itemize; meant \describe ? checkRd: (-1) Coachmark.Rd:70: Lost braces in \itemize; meant \describe ? checkRd: (-1) Coachmark.Rd:71: Lost braces in \itemize; meant \describe ? checkRd: (-1) Coachmark.Rd:72: Lost braces in \itemize; meant \describe ? checkRd: (-1) Coachmark.Rd:73: Lost braces in \itemize; meant \describe ? checkRd: (-1) Coachmark.Rd:74: Lost braces in \itemize; meant \describe ? checkRd: (-1) Coachmark.Rd:75: Lost braces in \itemize; meant \describe ? checkRd: (-1) Coachmark.Rd:76: Lost braces in \itemize; meant \describe ? checkRd: (-1) Coachmark.Rd:77: Lost braces in \itemize; meant \describe ? checkRd: (-1) Coachmark.Rd:78: Lost braces in \itemize; meant \describe ? checkRd: (-1) Coachmark.Rd:79: Lost braces in \itemize; meant \describe ? checkRd: (-1) Coachmark.Rd:80: Lost braces in \itemize; meant \describe ? checkRd: (-1) Coachmark.Rd:81: Lost braces in \itemize; meant \describe ? checkRd: (-1) Coachmark.Rd:82: Lost braces in \itemize; meant \describe ? checkRd: (-1) ColorPicker.Rd:43: Lost braces in \itemize; meant \describe ? checkRd: (-1) ColorPicker.Rd:44: Lost braces in \itemize; meant \describe ? checkRd: (-1) ColorPicker.Rd:45-47: Lost braces in \itemize; meant \describe ? checkRd: (-1) ColorPicker.Rd:48: Lost braces in \itemize; meant \describe ? checkRd: (-1) ColorPicker.Rd:49: Lost braces in \itemize; meant \describe ? checkRd: (-1) ColorPicker.Rd:50: Lost braces in \itemize; meant \describe ? checkRd: (-1) ColorPicker.Rd:51: Lost braces in \itemize; meant \describe ? checkRd: (-1) ColorPicker.Rd:52: Lost braces in \itemize; meant \describe ? checkRd: (-1) ColorPicker.Rd:53: Lost braces in \itemize; meant \describe ? checkRd: (-1) ColorPicker.Rd:54: Lost braces in \itemize; meant \describe ? checkRd: (-1) ColorPicker.Rd:55: Lost braces in \itemize; meant \describe ? checkRd: (-1) ColorPicker.Rd:56: Lost braces in \itemize; meant \describe ? checkRd: (-1) ColorPicker.Rd:57: Lost braces in \itemize; meant \describe ? checkRd: (-1) ColorPicker.Rd:58: Lost braces in \itemize; meant \describe ? checkRd: (-1) ColorPicker.Rd:59: Lost braces in \itemize; meant \describe ? checkRd: (-1) ColorPicker.Rd:60: Lost braces in \itemize; meant \describe ? checkRd: (-1) ColorPicker.Rd:61: Lost braces in \itemize; meant \describe ? checkRd: (-1) ColorPicker.Rd:62: Lost braces in \itemize; meant \describe ? checkRd: (-1) ColorPicker.Rd:63: Lost braces in \itemize; meant \describe ? checkRd: (-1) ColorPicker.Rd:64: Lost braces in \itemize; meant \describe ? checkRd: (-1) ColorPicker.Rd:65: Lost braces in \itemize; meant \describe ? checkRd: (-1) ColorPicker.Rd:66: Lost braces in \itemize; meant \describe ? checkRd: (-1) ColorPicker.Rd:67: Lost braces in \itemize; meant \describe ? checkRd: (-1) ColorPicker.Rd:68: Lost braces in \itemize; meant \describe ? checkRd: (-1) ColorPicker.Rd:69: Lost braces in \itemize; meant \describe ? checkRd: (-1) ColorPicker.Rd:70: Lost braces in \itemize; meant \describe ? checkRd: (-1) ColorPicker.Rd:71: Lost braces in \itemize; meant \describe ? checkRd: (-1) ColorPicker.Rd:72: Lost braces in \itemize; meant \describe ? checkRd: (-1) ColorPicker.Rd:73: Lost braces in \itemize; meant \describe ? checkRd: (-1) ColorPicker.Rd:74: Lost braces in \itemize; meant \describe ? checkRd: (-1) ColorPicker.Rd:75: Lost braces in \itemize; meant \describe ? checkRd: (-1) ColorPicker.Rd:76: Lost braces in \itemize; meant \describe ? checkRd: (-1) ColorPicker.Rd:77: Lost braces in \itemize; meant \describe ? checkRd: (-1) ColorPicker.Rd:78: Lost braces in \itemize; meant \describe ? checkRd: (-1) ColorPicker.Rd:79: Lost braces in \itemize; meant \describe ? checkRd: (-1) ColorPicker.Rd:80: Lost braces in \itemize; meant \describe ? checkRd: (-1) ColorPicker.Rd:81: Lost braces in \itemize; meant \describe ? checkRd: (-1) ColorPicker.Rd:82: Lost braces in \itemize; meant \describe ? checkRd: (-1) ColorPicker.Rd:83: Lost braces in \itemize; meant \describe ? checkRd: (-1) ComboBox.Rd:46: Lost braces in \itemize; meant \describe ? checkRd: (-1) ComboBox.Rd:47: Lost braces in \itemize; meant \describe ? checkRd: (-1) ComboBox.Rd:48: Lost braces in \itemize; meant \describe ? checkRd: (-1) ComboBox.Rd:49: Lost braces in \itemize; meant \describe ? checkRd: (-1) ComboBox.Rd:50: Lost braces in \itemize; meant \describe ? checkRd: (-1) ComboBox.Rd:51: Lost braces in \itemize; meant \describe ? checkRd: (-1) ComboBox.Rd:52: Lost braces in \itemize; meant \describe ? checkRd: (-1) ComboBox.Rd:53: Lost braces in \itemize; meant \describe ? checkRd: (-1) ComboBox.Rd:54: Lost braces in \itemize; meant \describe ? checkRd: (-1) ComboBox.Rd:55: Lost braces in \itemize; meant \describe ? checkRd: (-1) ComboBox.Rd:56: Lost braces in \itemize; meant \describe ? checkRd: (-1) ComboBox.Rd:57: Lost braces in \itemize; meant \describe ? checkRd: (-1) ComboBox.Rd:58: Lost braces in \itemize; meant \describe ? checkRd: (-1) ComboBox.Rd:59: Lost braces in \itemize; meant \describe ? checkRd: (-1) ComboBox.Rd:60: Lost braces in \itemize; meant \describe ? checkRd: (-1) ComboBox.Rd:61: Lost braces in \itemize; meant \describe ? checkRd: (-1) ComboBox.Rd:62: Lost braces in \itemize; meant \describe ? checkRd: (-1) ComboBox.Rd:63: Lost braces in \itemize; meant \describe ? checkRd: (-1) ComboBox.Rd:64: Lost braces in \itemize; meant \describe ? checkRd: (-1) ComboBox.Rd:65: Lost braces in \itemize; meant \describe ? checkRd: (-1) ComboBox.Rd:66: Lost braces in \itemize; meant \describe ? checkRd: (-1) ComboBox.Rd:67: Lost braces in \itemize; meant \describe ? checkRd: (-1) ComboBox.Rd:68: Lost braces in \itemize; meant \describe ? checkRd: (-1) ComboBox.Rd:69: Lost braces in \itemize; meant \describe ? checkRd: (-1) ComboBox.Rd:70: Lost braces in \itemize; meant \describe ? checkRd: (-1) ComboBox.Rd:71: Lost braces in \itemize; meant \describe ? checkRd: (-1) ComboBox.Rd:72: Lost braces in \itemize; meant \describe ? checkRd: (-1) ComboBox.Rd:73: Lost braces in \itemize; meant \describe ? checkRd: (-1) ComboBox.Rd:74: Lost braces in \itemize; meant \describe ? checkRd: (-1) ComboBox.Rd:75: Lost braces in \itemize; meant \describe ? checkRd: (-1) ComboBox.Rd:76: Lost braces in \itemize; meant \describe ? checkRd: (-1) ComboBox.Rd:77: Lost braces in \itemize; meant \describe ? checkRd: (-1) ComboBox.Rd:78: Lost braces in \itemize; meant \describe ? checkRd: (-1) ComboBox.Rd:79: Lost braces in \itemize; meant \describe ? checkRd: (-1) ComboBox.Rd:80: Lost braces in \itemize; meant \describe ? checkRd: (-1) ComboBox.Rd:81: Lost braces in \itemize; meant \describe ? checkRd: (-1) CommandBar.Rd:46: Lost braces in \itemize; meant \describe ? checkRd: (-1) CommandBar.Rd:47: Lost braces in \itemize; meant \describe ? checkRd: (-1) CommandBar.Rd:48: Lost braces in \itemize; meant \describe ? checkRd: (-1) CommandBar.Rd:49: Lost braces in \itemize; meant \describe ? checkRd: (-1) CommandBar.Rd:50: Lost braces in \itemize; meant \describe ? checkRd: (-1) CommandBar.Rd:51: Lost braces in \itemize; meant \describe ? checkRd: (-1) CommandBar.Rd:52: Lost braces in \itemize; meant \describe ? checkRd: (-1) CommandBar.Rd:53: Lost braces in \itemize; meant \describe ? checkRd: (-1) CommandBar.Rd:54: Lost braces in \itemize; meant \describe ? checkRd: (-1) CommandBar.Rd:55: Lost braces in \itemize; meant \describe ? checkRd: (-1) CommandBar.Rd:56: Lost braces in \itemize; meant \describe ? checkRd: (-1) CommandBar.Rd:57: Lost braces in \itemize; meant \describe ? checkRd: (-1) CommandBar.Rd:58: Lost braces in \itemize; meant \describe ? checkRd: (-1) CommandBar.Rd:59: Lost braces in \itemize; meant \describe ? checkRd: (-1) CommandBar.Rd:60: Lost braces in \itemize; meant \describe ? checkRd: (-1) CommandBar.Rd:61: Lost braces in \itemize; meant \describe ? checkRd: (-1) CommandBar.Rd:62: Lost braces in \itemize; meant \describe ? checkRd: (-1) CommandBar.Rd:63: Lost braces in \itemize; meant \describe ? checkRd: (-1) CommandBar.Rd:64: Lost braces in \itemize; meant \describe ? checkRd: (-1) CommandBar.Rd:65: Lost braces in \itemize; meant \describe ? checkRd: (-1) CommandBar.Rd:66: Lost braces in \itemize; meant \describe ? checkRd: (-1) CommandBar.Rd:67: Lost braces in \itemize; meant \describe ? checkRd: (-1) CommandBar.Rd:68: Lost braces in \itemize; meant \describe ? checkRd: (-1) ContextualMenu.Rd:29: Lost braces in \itemize; meant \describe ? checkRd: (-1) ContextualMenu.Rd:30: Lost braces in \itemize; meant \describe ? checkRd: (-1) ContextualMenu.Rd:31: Lost braces in \itemize; meant \describe ? checkRd: (-1) ContextualMenu.Rd:32: Lost braces in \itemize; meant \describe ? checkRd: (-1) ContextualMenu.Rd:33: Lost braces in \itemize; meant \describe ? checkRd: (-1) ContextualMenu.Rd:34: Lost braces in \itemize; meant \describe ? checkRd: (-1) ContextualMenu.Rd:35: Lost braces in \itemize; meant \describe ? checkRd: (-1) ContextualMenu.Rd:36: Lost braces in \itemize; meant \describe ? checkRd: (-1) ContextualMenu.Rd:37: Lost braces in \itemize; meant \describe ? checkRd: (-1) ContextualMenu.Rd:38: Lost braces in \itemize; meant \describe ? checkRd: (-1) ContextualMenu.Rd:39: Lost braces in \itemize; meant \describe ? checkRd: (-1) ContextualMenu.Rd:40: Lost braces in \itemize; meant \describe ? checkRd: (-1) ContextualMenu.Rd:41: Lost braces in \itemize; meant \describe ? checkRd: (-1) ContextualMenu.Rd:42: Lost braces in \itemize; meant \describe ? checkRd: (-1) ContextualMenu.Rd:43: Lost braces in \itemize; meant \describe ? checkRd: (-1) ContextualMenu.Rd:44: Lost braces in \itemize; meant \describe ? checkRd: (-1) ContextualMenu.Rd:45: Lost braces in \itemize; meant \describe ? checkRd: (-1) ContextualMenu.Rd:46: Lost braces in \itemize; meant \describe ? checkRd: (-1) ContextualMenu.Rd:47: Lost braces in \itemize; meant \describe ? checkRd: (-1) ContextualMenu.Rd:48: Lost braces in \itemize; meant \describe ? checkRd: (-1) ContextualMenu.Rd:49: Lost braces in \itemize; meant \describe ? checkRd: (-1) ContextualMenu.Rd:50: Lost braces in \itemize; meant \describe ? checkRd: (-1) ContextualMenu.Rd:51: Lost braces in \itemize; meant \describe ? checkRd: (-1) ContextualMenu.Rd:52: Lost braces in \itemize; meant \describe ? checkRd: (-1) ContextualMenu.Rd:53: Lost braces in \itemize; meant \describe ? checkRd: (-1) ContextualMenu.Rd:54: Lost braces in \itemize; meant \describe ? checkRd: (-1) ContextualMenu.Rd:55: Lost braces in \itemize; meant \describe ? checkRd: (-1) ContextualMenu.Rd:56: Lost braces in \itemize; meant \describe ? checkRd: (-1) ContextualMenu.Rd:57: Lost braces in \itemize; meant \describe ? checkRd: (-1) ContextualMenu.Rd:58: Lost braces in \itemize; meant \describe ? checkRd: (-1) ContextualMenu.Rd:59: Lost braces in \itemize; meant \describe ? checkRd: (-1) ContextualMenu.Rd:60: Lost braces in \itemize; meant \describe ? checkRd: (-1) ContextualMenu.Rd:61: Lost braces in \itemize; meant \describe ? checkRd: (-1) ContextualMenu.Rd:62: Lost braces in \itemize; meant \describe ? checkRd: (-1) ContextualMenu.Rd:63: Lost braces in \itemize; meant \describe ? checkRd: (-1) ContextualMenu.Rd:64: Lost braces in \itemize; meant \describe ? checkRd: (-1) ContextualMenu.Rd:65: Lost braces in \itemize; meant \describe ? checkRd: (-1) ContextualMenu.Rd:66: Lost braces in \itemize; meant \describe ? checkRd: (-1) ContextualMenu.Rd:67: Lost braces in \itemize; meant \describe ? checkRd: (-1) ContextualMenu.Rd:68: Lost braces in \itemize; meant \describe ? checkRd: (-1) ContextualMenu.Rd:69: Lost braces in \itemize; meant \describe ? checkRd: (-1) ContextualMenu.Rd:70: Lost braces in \itemize; meant \describe ? checkRd: (-1) ContextualMenu.Rd:71: Lost braces in \itemize; meant \describe ? checkRd: (-1) ContextualMenu.Rd:72: Lost braces in \itemize; meant \describe ? checkRd: (-1) ContextualMenu.Rd:73: Lost braces in \itemize; meant \describe ? checkRd: (-1) ContextualMenu.Rd:74: Lost braces in \itemize; meant \describe ? checkRd: (-1) ContextualMenu.Rd:75: Lost braces in \itemize; meant \describe ? checkRd: (-1) ContextualMenu.Rd:76: Lost braces in \itemize; meant \describe ? checkRd: (-1) ContextualMenu.Rd:77: Lost braces in \itemize; meant \describe ? checkRd: (-1) ContextualMenu.Rd:78: Lost braces in \itemize; meant \describe ? checkRd: (-1) ContextualMenu.Rd:79: Lost braces in \itemize; meant \describe ? checkRd: (-1) ContextualMenu.Rd:80: Lost braces in \itemize; meant \describe ? checkRd: (-1) ContextualMenu.Rd:81: Lost braces in \itemize; meant \describe ? checkRd: (-1) ContextualMenu.Rd:82: Lost braces in \itemize; meant \describe ? checkRd: (-1) ContextualMenu.Rd:83: Lost braces in \itemize; meant \describe ? checkRd: (-1) ContextualMenu.Rd:84: Lost braces in \itemize; meant \describe ? checkRd: (-1) ContextualMenu.Rd:85: Lost braces in \itemize; meant \describe ? checkRd: (-1) ContextualMenu.Rd:86: Lost braces in \itemize; meant \describe ? checkRd: (-1) ContextualMenu.Rd:87: Lost braces in \itemize; meant \describe ? checkRd: (-1) ContextualMenu.Rd:88: Lost braces in \itemize; meant \describe ? checkRd: (-1) ContextualMenu.Rd:89: Lost braces in \itemize; meant \describe ? checkRd: (-1) ContextualMenu.Rd:90: Lost braces in \itemize; meant \describe ? checkRd: (-1) ContextualMenu.Rd:91: Lost braces in \itemize; meant \describe ? checkRd: (-1) ContextualMenu.Rd:92: Lost braces in \itemize; meant \describe ? checkRd: (-1) DatePicker.Rd:43: Lost braces in \itemize; meant \describe ? checkRd: (-1) DatePicker.Rd:44: Lost braces in \itemize; meant \describe ? checkRd: (-1) DatePicker.Rd:45: Lost braces in \itemize; meant \describe ? checkRd: (-1) DatePicker.Rd:46: Lost braces in \itemize; meant \describe ? checkRd: (-1) DatePicker.Rd:47: Lost braces in \itemize; meant \describe ? checkRd: (-1) DatePicker.Rd:48: Lost braces in \itemize; meant \describe ? checkRd: (-1) DatePicker.Rd:49: Lost braces in \itemize; meant \describe ? checkRd: (-1) DatePicker.Rd:50: Lost braces in \itemize; meant \describe ? checkRd: (-1) DatePicker.Rd:51: Lost braces in \itemize; meant \describe ? checkRd: (-1) DatePicker.Rd:52: Lost braces in \itemize; meant \describe ? checkRd: (-1) DatePicker.Rd:53: Lost braces in \itemize; meant \describe ? checkRd: (-1) DatePicker.Rd:54: Lost braces in \itemize; meant \describe ? checkRd: (-1) DatePicker.Rd:55: Lost braces in \itemize; meant \describe ? checkRd: (-1) DatePicker.Rd:56: Lost braces in \itemize; meant \describe ? checkRd: (-1) DatePicker.Rd:57: Lost braces in \itemize; meant \describe ? checkRd: (-1) DatePicker.Rd:58: Lost braces in \itemize; meant \describe ? checkRd: (-1) DatePicker.Rd:59: Lost braces in \itemize; meant \describe ? checkRd: (-1) DatePicker.Rd:60: Lost braces in \itemize; meant \describe ? checkRd: (-1) DatePicker.Rd:61: Lost braces in \itemize; meant \describe ? checkRd: (-1) DatePicker.Rd:62: Lost braces in \itemize; meant \describe ? checkRd: (-1) DatePicker.Rd:63: Lost braces in \itemize; meant \describe ? checkRd: (-1) DatePicker.Rd:64: Lost braces in \itemize; meant \describe ? checkRd: (-1) DatePicker.Rd:65: Lost braces in \itemize; meant \describe ? checkRd: (-1) DatePicker.Rd:66: Lost braces in \itemize; meant \describe ? checkRd: (-1) DatePicker.Rd:67: Lost braces in \itemize; meant \describe ? checkRd: (-1) DatePicker.Rd:68: Lost braces in \itemize; meant \describe ? checkRd: (-1) DatePicker.Rd:69: Lost braces in \itemize; meant \describe ? checkRd: (-1) DatePicker.Rd:70: Lost braces in \itemize; meant \describe ? checkRd: (-1) DatePicker.Rd:71: Lost braces in \itemize; meant \describe ? checkRd: (-1) DatePicker.Rd:72: Lost braces in \itemize; meant \describe ? checkRd: (-1) DatePicker.Rd:73: Lost braces in \itemize; meant \describe ? checkRd: (-1) DatePicker.Rd:74: Lost braces in \itemize; meant \describe ? checkRd: (-1) DatePicker.Rd:75: Lost braces in \itemize; meant \describe ? checkRd: (-1) DatePicker.Rd:76: Lost braces in \itemize; meant \describe ? checkRd: (-1) DatePicker.Rd:77: Lost braces in \itemize; meant \describe ? checkRd: (-1) DatePicker.Rd:78: Lost braces in \itemize; meant \describe ? checkRd: (-1) DatePicker.Rd:79: Lost braces in \itemize; meant \describe ? checkRd: (-1) DatePicker.Rd:80: Lost braces in \itemize; meant \describe ? checkRd: (-1) DatePicker.Rd:81: Lost braces in \itemize; meant \describe ? checkRd: (-1) DatePicker.Rd:82: Lost braces in \itemize; meant \describe ? checkRd: (-1) DetailsList.Rd:25: Lost braces in \itemize; meant \describe ? checkRd: (-1) DetailsList.Rd:26: Lost braces in \itemize; meant \describe ? checkRd: (-1) DetailsList.Rd:27: Lost braces in \itemize; meant \describe ? checkRd: (-1) DetailsList.Rd:28: Lost braces in \itemize; meant \describe ? checkRd: (-1) DetailsList.Rd:29: Lost braces in \itemize; meant \describe ? checkRd: (-1) DetailsList.Rd:30: Lost braces in \itemize; meant \describe ? checkRd: (-1) DetailsList.Rd:31: Lost braces in \itemize; meant \describe ? checkRd: (-1) DetailsList.Rd:32: Lost braces in \itemize; meant \describe ? checkRd: (-1) DetailsList.Rd:33: Lost braces in \itemize; meant \describe ? checkRd: (-1) DetailsList.Rd:34: Lost braces in \itemize; meant \describe ? checkRd: (-1) DetailsList.Rd:35: Lost braces in \itemize; meant \describe ? checkRd: (-1) DetailsList.Rd:36: Lost braces in \itemize; meant \describe ? checkRd: (-1) DetailsList.Rd:37: Lost braces in \itemize; meant \describe ? checkRd: (-1) DetailsList.Rd:38: Lost braces in \itemize; meant \describe ? checkRd: (-1) DetailsList.Rd:39: Lost braces in \itemize; meant \describe ? checkRd: (-1) DetailsList.Rd:40: Lost braces in \itemize; meant \describe ? checkRd: (-1) DetailsList.Rd:41: Lost braces in \itemize; meant \describe ? checkRd: (-1) DetailsList.Rd:42: Lost braces in \itemize; meant \describe ? checkRd: (-1) DetailsList.Rd:43: Lost braces in \itemize; meant \describe ? checkRd: (-1) DetailsList.Rd:44: Lost braces in \itemize; meant \describe ? checkRd: (-1) DetailsList.Rd:45: Lost braces in \itemize; meant \describe ? checkRd: (-1) DetailsList.Rd:46: Lost braces in \itemize; meant \describe ? checkRd: (-1) DetailsList.Rd:47: Lost braces in \itemize; meant \describe ? checkRd: (-1) DetailsList.Rd:48: Lost braces in \itemize; meant \describe ? checkRd: (-1) DetailsList.Rd:49: Lost braces in \itemize; meant \describe ? checkRd: (-1) DetailsList.Rd:50: Lost braces in \itemize; meant \describe ? checkRd: (-1) DetailsList.Rd:51: Lost braces in \itemize; meant \describe ? checkRd: (-1) DetailsList.Rd:52: Lost braces in \itemize; meant \describe ? checkRd: (-1) DetailsList.Rd:53: Lost braces in \itemize; meant \describe ? checkRd: (-1) DetailsList.Rd:54: Lost braces in \itemize; meant \describe ? checkRd: (-1) DetailsList.Rd:55: Lost braces in \itemize; meant \describe ? checkRd: (-1) DetailsList.Rd:56: Lost braces in \itemize; meant \describe ? checkRd: (-1) DetailsList.Rd:57: Lost braces in \itemize; meant \describe ? checkRd: (-1) DetailsList.Rd:58: Lost braces in \itemize; meant \describe ? checkRd: (-1) DetailsList.Rd:59: Lost braces in \itemize; meant \describe ? checkRd: (-1) DetailsList.Rd:60: Lost braces in \itemize; meant \describe ? checkRd: (-1) DetailsList.Rd:61: Lost braces in \itemize; meant \describe ? checkRd: (-1) DetailsList.Rd:62: Lost braces in \itemize; meant \describe ? checkRd: (-1) DetailsList.Rd:63: Lost braces in \itemize; meant \describe ? checkRd: (-1) DetailsList.Rd:64: Lost braces in \itemize; meant \describe ? checkRd: (-1) DetailsList.Rd:65: Lost braces in \itemize; meant \describe ? checkRd: (-1) DetailsList.Rd:66: Lost braces in \itemize; meant \describe ? checkRd: (-1) DetailsList.Rd:67: Lost braces in \itemize; meant \describe ? checkRd: (-1) DetailsList.Rd:68: Lost braces in \itemize; meant \describe ? checkRd: (-1) DetailsList.Rd:69: Lost braces in \itemize; meant \describe ? checkRd: (-1) DetailsList.Rd:70: Lost braces in \itemize; meant \describe ? checkRd: (-1) DetailsList.Rd:71: Lost braces in \itemize; meant \describe ? checkRd: (-1) DetailsList.Rd:72: Lost braces in \itemize; meant \describe ? checkRd: (-1) DetailsList.Rd:73: Lost braces in \itemize; meant \describe ? checkRd: (-1) DetailsList.Rd:74: Lost braces in \itemize; meant \describe ? checkRd: (-1) DetailsList.Rd:75: Lost braces in \itemize; meant \describe ? checkRd: (-1) DetailsList.Rd:76: Lost braces in \itemize; meant \describe ? checkRd: (-1) DetailsList.Rd:77: Lost braces in \itemize; meant \describe ? checkRd: (-1) DetailsList.Rd:78: Lost braces in \itemize; meant \describe ? checkRd: (-1) DetailsList.Rd:79: Lost braces in \itemize; meant \describe ? checkRd: (-1) DetailsList.Rd:80: Lost braces in \itemize; meant \describe ? checkRd: (-1) DetailsList.Rd:81: Lost braces in \itemize; meant \describe ? checkRd: (-1) DetailsList.Rd:82: Lost braces in \itemize; meant \describe ? checkRd: (-1) DetailsList.Rd:83: Lost braces in \itemize; meant \describe ? checkRd: (-1) DetailsList.Rd:84: Lost braces in \itemize; meant \describe ? checkRd: (-1) DetailsList.Rd:85: Lost braces in \itemize; meant \describe ? checkRd: (-1) DetailsList.Rd:86: Lost braces in \itemize; meant \describe ? checkRd: (-1) DetailsList.Rd:87: Lost braces in \itemize; meant \describe ? checkRd: (-1) DetailsList.Rd:88: Lost braces in \itemize; meant \describe ? checkRd: (-1) DetailsList.Rd:89: Lost braces in \itemize; meant \describe ? checkRd: (-1) DetailsList.Rd:90: Lost braces in \itemize; meant \describe ? checkRd: (-1) DetailsList.Rd:91: Lost braces in \itemize; meant \describe ? checkRd: (-1) DetailsList.Rd:92: Lost braces in \itemize; meant \describe ? checkRd: (-1) DetailsList.Rd:93: Lost braces in \itemize; meant \describe ? checkRd: (-1) DetailsList.Rd:94: Lost braces in \itemize; meant \describe ? checkRd: (-1) DetailsList.Rd:95: Lost braces in \itemize; meant \describe ? checkRd: (-1) DetailsList.Rd:96: Lost braces in \itemize; meant \describe ? checkRd: (-1) DetailsList.Rd:97: Lost braces in \itemize; meant \describe ? checkRd: (-1) DetailsList.Rd:98: Lost braces in \itemize; meant \describe ? checkRd: (-1) DetailsList.Rd:99: Lost braces in \itemize; meant \describe ? checkRd: (-1) DetailsList.Rd:100: Lost braces in \itemize; meant \describe ? checkRd: (-1) DetailsList.Rd:101: Lost braces in \itemize; meant \describe ? checkRd: (-1) DetailsList.Rd:102: Lost braces in \itemize; meant \describe ? checkRd: (-1) DetailsList.Rd:103: Lost braces in \itemize; meant \describe ? checkRd: (-1) DetailsList.Rd:104: Lost braces in \itemize; meant \describe ? checkRd: (-1) DetailsList.Rd:105: Lost braces in \itemize; meant \describe ? checkRd: (-1) DetailsList.Rd:106: Lost braces in \itemize; meant \describe ? checkRd: (-1) DetailsList.Rd:107: Lost braces in \itemize; meant \describe ? checkRd: (-1) DetailsList.Rd:108: Lost braces in \itemize; meant \describe ? checkRd: (-1) DetailsList.Rd:109: Lost braces in \itemize; meant \describe ? checkRd: (-1) DetailsList.Rd:110: Lost braces in \itemize; meant \describe ? checkRd: (-1) DetailsList.Rd:111: Lost braces in \itemize; meant \describe ? checkRd: (-1) DetailsList.Rd:112: Lost braces in \itemize; meant \describe ? checkRd: (-1) DetailsList.Rd:113: Lost braces in \itemize; meant \describe ? checkRd: (-1) DetailsList.Rd:114: Lost braces in \itemize; meant \describe ? checkRd: (-1) DetailsList.Rd:115: Lost braces in \itemize; meant \describe ? checkRd: (-1) DetailsList.Rd:116: Lost braces in \itemize; meant \describe ? checkRd: (-1) DetailsList.Rd:117: Lost braces in \itemize; meant \describe ? checkRd: (-1) DetailsList.Rd:118: Lost braces in \itemize; meant \describe ? checkRd: (-1) DetailsList.Rd:119: Lost braces in \itemize; meant \describe ? checkRd: (-1) DetailsList.Rd:120: Lost braces in \itemize; meant \describe ? checkRd: (-1) DetailsList.Rd:121: Lost braces in \itemize; meant \describe ? checkRd: (-1) DetailsList.Rd:122: Lost braces in \itemize; meant \describe ? checkRd: (-1) DetailsList.Rd:123: Lost braces in \itemize; meant \describe ? checkRd: (-1) DetailsList.Rd:124: Lost braces in \itemize; meant \describe ? checkRd: (-1) DetailsList.Rd:125: Lost braces in \itemize; meant \describe ? checkRd: (-1) DetailsList.Rd:126: Lost braces in \itemize; meant \describe ? checkRd: (-1) DetailsList.Rd:127: Lost braces in \itemize; meant \describe ? checkRd: (-1) DetailsList.Rd:128: Lost braces in \itemize; meant \describe ? checkRd: (-1) DetailsList.Rd:129: Lost braces in \itemize; meant \describe ? checkRd: (-1) DetailsList.Rd:130: Lost braces in \itemize; meant \describe ? checkRd: (-1) DetailsList.Rd:131: Lost braces in \itemize; meant \describe ? checkRd: (-1) DetailsList.Rd:132-136: Lost braces in \itemize; meant \describe ? checkRd: (-1) DetailsList.Rd:137: Lost braces in \itemize; meant \describe ? checkRd: (-1) DetailsList.Rd:138: Lost braces in \itemize; meant \describe ? checkRd: (-1) DetailsList.Rd:139: Lost braces in \itemize; meant \describe ? checkRd: (-1) DetailsList.Rd:140: Lost braces in \itemize; meant \describe ? checkRd: (-1) DetailsList.Rd:141: Lost braces in \itemize; meant \describe ? checkRd: (-1) DetailsList.Rd:142: Lost braces in \itemize; meant \describe ? checkRd: (-1) DetailsList.Rd:143: Lost braces in \itemize; meant \describe ? checkRd: (-1) DetailsList.Rd:144: Lost braces in \itemize; meant \describe ? checkRd: (-1) DetailsList.Rd:145: Lost braces in \itemize; meant \describe ? checkRd: (-1) DetailsList.Rd:146: Lost braces in \itemize; meant \describe ? checkRd: (-1) DetailsList.Rd:147: Lost braces in \itemize; meant \describe ? checkRd: (-1) DetailsList.Rd:148: Lost braces in \itemize; meant \describe ? checkRd: (-1) DetailsList.Rd:149: Lost braces in \itemize; meant \describe ? checkRd: (-1) DetailsList.Rd:150: Lost braces in \itemize; meant \describe ? checkRd: (-1) DetailsList.Rd:151: Lost braces in \itemize; meant \describe ? checkRd: (-1) DetailsList.Rd:152: Lost braces in \itemize; meant \describe ? checkRd: (-1) DetailsList.Rd:153: Lost braces in \itemize; meant \describe ? checkRd: (-1) DetailsList.Rd:154: Lost braces in \itemize; meant \describe ? checkRd: (-1) DetailsList.Rd:155: Lost braces in \itemize; meant \describe ? checkRd: (-1) DetailsList.Rd:156: Lost braces in \itemize; meant \describe ? checkRd: (-1) DetailsList.Rd:157: Lost braces in \itemize; meant \describe ? checkRd: (-1) DetailsList.Rd:158: Lost braces in \itemize; meant \describe ? checkRd: (-1) DetailsList.Rd:159: Lost braces in \itemize; meant \describe ? checkRd: (-1) DetailsList.Rd:160: Lost braces in \itemize; meant \describe ? checkRd: (-1) DetailsList.Rd:161: Lost braces in \itemize; meant \describe ? checkRd: (-1) DetailsList.Rd:162: Lost braces in \itemize; meant \describe ? checkRd: (-1) DetailsList.Rd:163: Lost braces in \itemize; meant \describe ? checkRd: (-1) DetailsList.Rd:164: Lost braces in \itemize; meant \describe ? checkRd: (-1) DetailsList.Rd:165: Lost braces in \itemize; meant \describe ? checkRd: (-1) DetailsList.Rd:166: Lost braces in \itemize; meant \describe ? checkRd: (-1) DetailsList.Rd:167: Lost braces in \itemize; meant \describe ? checkRd: (-1) DetailsList.Rd:168: Lost braces in \itemize; meant \describe ? checkRd: (-1) DetailsList.Rd:169: Lost braces in \itemize; meant \describe ? checkRd: (-1) DetailsList.Rd:170: Lost braces in \itemize; meant \describe ? checkRd: (-1) DetailsList.Rd:171: Lost braces in \itemize; meant \describe ? checkRd: (-1) DetailsList.Rd:172: Lost braces in \itemize; meant \describe ? checkRd: (-1) DetailsList.Rd:173: Lost braces in \itemize; meant \describe ? checkRd: (-1) DetailsList.Rd:174: Lost braces in \itemize; meant \describe ? checkRd: (-1) DetailsList.Rd:175: Lost braces in \itemize; meant \describe ? checkRd: (-1) DetailsList.Rd:176: Lost braces in \itemize; meant \describe ? checkRd: (-1) DetailsList.Rd:177: Lost braces in \itemize; meant \describe ? checkRd: (-1) DetailsList.Rd:178: Lost braces in \itemize; meant \describe ? checkRd: (-1) DetailsList.Rd:179: Lost braces in \itemize; meant \describe ? checkRd: (-1) DetailsList.Rd:180: Lost braces in \itemize; meant \describe ? checkRd: (-1) DetailsList.Rd:181: Lost braces in \itemize; meant \describe ? checkRd: (-1) DetailsList.Rd:182: Lost braces in \itemize; meant \describe ? checkRd: (-1) DetailsList.Rd:183: Lost braces in \itemize; meant \describe ? checkRd: (-1) DetailsList.Rd:184: Lost braces in \itemize; meant \describe ? checkRd: (-1) DetailsList.Rd:185: Lost braces in \itemize; meant \describe ? checkRd: (-1) DetailsList.Rd:186: Lost braces in \itemize; meant \describe ? checkRd: (-1) DetailsList.Rd:187: Lost braces in \itemize; meant \describe ? checkRd: (-1) DetailsList.Rd:188: Lost braces in \itemize; meant \describe ? checkRd: (-1) DetailsList.Rd:189: Lost braces in \itemize; meant \describe ? checkRd: (-1) DetailsList.Rd:190: Lost braces in \itemize; meant \describe ? checkRd: (-1) DetailsList.Rd:191: Lost braces in \itemize; meant \describe ? checkRd: (-1) DetailsList.Rd:192: Lost braces in \itemize; meant \describe ? checkRd: (-1) DetailsList.Rd:193: Lost braces in \itemize; meant \describe ? checkRd: (-1) DetailsList.Rd:194: Lost braces in \itemize; meant \describe ? checkRd: (-1) DetailsList.Rd:195: Lost braces in \itemize; meant \describe ? checkRd: (-1) DetailsList.Rd:196: Lost braces in \itemize; meant \describe ? checkRd: (-1) DetailsList.Rd:197: Lost braces in \itemize; meant \describe ? checkRd: (-1) DetailsList.Rd:198: Lost braces in \itemize; meant \describe ? checkRd: (-1) DetailsList.Rd:199: Lost braces in \itemize; meant \describe ? checkRd: (-1) DetailsList.Rd:200: Lost braces in \itemize; meant \describe ? checkRd: (-1) DetailsList.Rd:201: Lost braces in \itemize; meant \describe ? checkRd: (-1) DetailsList.Rd:202: Lost braces in \itemize; meant \describe ? checkRd: (-1) DetailsList.Rd:203: Lost braces in \itemize; meant \describe ? checkRd: (-1) DetailsList.Rd:204: Lost braces in \itemize; meant \describe ? checkRd: (-1) DetailsList.Rd:205-207: Lost braces in \itemize; meant \describe ? checkRd: (-1) Dialog.Rd:28: Lost braces in \itemize; meant \describe ? checkRd: (-1) Dialog.Rd:29: Lost braces in \itemize; meant \describe ? checkRd: (-1) Dialog.Rd:30: Lost braces in \itemize; meant \describe ? checkRd: (-1) Dialog.Rd:31: Lost braces in \itemize; meant \describe ? checkRd: (-1) Dialog.Rd:32: Lost braces in \itemize; meant \describe ? checkRd: (-1) Dialog.Rd:33: Lost braces in \itemize; meant \describe ? checkRd: (-1) Dialog.Rd:34: Lost braces in \itemize; meant \describe ? checkRd: (-1) Dialog.Rd:35: Lost braces in \itemize; meant \describe ? checkRd: (-1) Dialog.Rd:36: Lost braces in \itemize; meant \describe ? checkRd: (-1) Dialog.Rd:37: Lost braces in \itemize; meant \describe ? checkRd: (-1) Dialog.Rd:38: Lost braces in \itemize; meant \describe ? checkRd: (-1) Dialog.Rd:39: Lost braces in \itemize; meant \describe ? checkRd: (-1) Dialog.Rd:40: Lost braces in \itemize; meant \describe ? checkRd: (-1) Dialog.Rd:41: Lost braces in \itemize; meant \describe ? checkRd: (-1) Dialog.Rd:42: Lost braces in \itemize; meant \describe ? checkRd: (-1) Dialog.Rd:43: Lost braces in \itemize; meant \describe ? checkRd: (-1) Dialog.Rd:44: Lost braces in \itemize; meant \describe ? checkRd: (-1) Dialog.Rd:45: Lost braces in \itemize; meant \describe ? checkRd: (-1) Dialog.Rd:46: Lost braces in \itemize; meant \describe ? checkRd: (-1) Dialog.Rd:47: Lost braces in \itemize; meant \describe ? checkRd: (-1) Dialog.Rd:48: Lost braces in \itemize; meant \describe ? checkRd: (-1) Dialog.Rd:49: Lost braces in \itemize; meant \describe ? checkRd: (-1) Dialog.Rd:50: Lost braces in \itemize; meant \describe ? checkRd: (-1) Dialog.Rd:51: Lost braces in \itemize; meant \describe ? checkRd: (-1) Dialog.Rd:52: Lost braces in \itemize; meant \describe ? checkRd: (-1) Dialog.Rd:53: Lost braces in \itemize; meant \describe ? checkRd: (-1) Dialog.Rd:54: Lost braces in \itemize; meant \describe ? checkRd: (-1) Dialog.Rd:55: Lost braces in \itemize; meant \describe ? checkRd: (-1) Dialog.Rd:56: Lost braces in \itemize; meant \describe ? checkRd: (-1) Dialog.Rd:57: Lost braces in \itemize; meant \describe ? checkRd: (-1) Dialog.Rd:58: Lost braces in \itemize; meant \describe ? checkRd: (-1) Dialog.Rd:59: Lost braces in \itemize; meant \describe ? checkRd: (-1) Dialog.Rd:60: Lost braces in \itemize; meant \describe ? checkRd: (-1) Dialog.Rd:61: Lost braces in \itemize; meant \describe ? checkRd: (-1) Dialog.Rd:62: Lost braces in \itemize; meant \describe ? checkRd: (-1) Dialog.Rd:63: Lost braces in \itemize; meant \describe ? checkRd: (-1) Dialog.Rd:64: Lost braces in \itemize; meant \describe ? checkRd: (-1) Dialog.Rd:65: Lost braces in \itemize; meant \describe ? checkRd: (-1) Dialog.Rd:66: Lost braces in \itemize; meant \describe ? checkRd: (-1) Dialog.Rd:67: Lost braces in \itemize; meant \describe ? checkRd: (-1) Dialog.Rd:68: Lost braces in \itemize; meant \describe ? checkRd: (-1) Dialog.Rd:69: Lost braces in \itemize; meant \describe ? checkRd: (-1) Dialog.Rd:70: Lost braces in \itemize; meant \describe ? checkRd: (-1) Dialog.Rd:71: Lost braces in \itemize; meant \describe ? checkRd: (-1) Dialog.Rd:72: Lost braces in \itemize; meant \describe ? checkRd: (-1) DocumentCard.Rd:52: Lost braces in \itemize; meant \describe ? checkRd: (-1) DocumentCard.Rd:53: Lost braces in \itemize; meant \describe ? checkRd: (-1) DocumentCard.Rd:54: Lost braces in \itemize; meant \describe ? checkRd: (-1) DocumentCard.Rd:55: Lost braces in \itemize; meant \describe ? checkRd: (-1) DocumentCard.Rd:56: Lost braces in \itemize; meant \describe ? checkRd: (-1) DocumentCard.Rd:57: Lost braces in \itemize; meant \describe ? checkRd: (-1) DocumentCard.Rd:58: Lost braces in \itemize; meant \describe ? checkRd: (-1) DocumentCard.Rd:59: Lost braces in \itemize; meant \describe ? checkRd: (-1) DocumentCard.Rd:60: Lost braces in \itemize; meant \describe ? checkRd: (-1) DocumentCard.Rd:61: Lost braces in \itemize; meant \describe ? checkRd: (-1) DocumentCard.Rd:62: Lost braces in \itemize; meant \describe ? checkRd: (-1) DocumentCard.Rd:63: Lost braces in \itemize; meant \describe ? checkRd: (-1) DocumentCard.Rd:64: Lost braces in \itemize; meant \describe ? checkRd: (-1) DocumentCard.Rd:65: Lost braces in \itemize; meant \describe ? checkRd: (-1) DocumentCard.Rd:66: Lost braces in \itemize; meant \describe ? checkRd: (-1) DocumentCard.Rd:67: Lost braces in \itemize; meant \describe ? checkRd: (-1) DocumentCard.Rd:68: Lost braces in \itemize; meant \describe ? checkRd: (-1) DocumentCard.Rd:69: Lost braces in \itemize; meant \describe ? checkRd: (-1) DocumentCard.Rd:70: Lost braces in \itemize; meant \describe ? checkRd: (-1) DocumentCard.Rd:71: Lost braces in \itemize; meant \describe ? checkRd: (-1) DocumentCard.Rd:72: Lost braces in \itemize; meant \describe ? checkRd: (-1) DocumentCard.Rd:73: Lost braces in \itemize; meant \describe ? checkRd: (-1) DocumentCard.Rd:74: Lost braces in \itemize; meant \describe ? checkRd: (-1) DocumentCard.Rd:75: Lost braces in \itemize; meant \describe ? checkRd: (-1) DocumentCard.Rd:76: Lost braces in \itemize; meant \describe ? checkRd: (-1) DocumentCard.Rd:77: Lost braces in \itemize; meant \describe ? checkRd: (-1) DocumentCard.Rd:78: Lost braces in \itemize; meant \describe ? checkRd: (-1) DocumentCard.Rd:79: Lost braces in \itemize; meant \describe ? checkRd: (-1) DocumentCard.Rd:80: Lost braces in \itemize; meant \describe ? checkRd: (-1) DocumentCard.Rd:81: Lost braces in \itemize; meant \describe ? checkRd: (-1) DocumentCard.Rd:82: Lost braces in \itemize; meant \describe ? checkRd: (-1) DocumentCard.Rd:83: Lost braces in \itemize; meant \describe ? checkRd: (-1) DocumentCard.Rd:84: Lost braces in \itemize; meant \describe ? checkRd: (-1) DocumentCard.Rd:85: Lost braces in \itemize; meant \describe ? checkRd: (-1) DocumentCard.Rd:86: Lost braces in \itemize; meant \describe ? checkRd: (-1) DocumentCard.Rd:87: Lost braces in \itemize; meant \describe ? checkRd: (-1) DocumentCard.Rd:88: Lost braces in \itemize; meant \describe ? checkRd: (-1) DocumentCard.Rd:89: Lost braces in \itemize; meant \describe ? checkRd: (-1) DocumentCard.Rd:90: Lost braces in \itemize; meant \describe ? checkRd: (-1) DocumentCard.Rd:91: Lost braces in \itemize; meant \describe ? checkRd: (-1) DocumentCard.Rd:92: Lost braces in \itemize; meant \describe ? checkRd: (-1) DocumentCard.Rd:93: Lost braces in \itemize; meant \describe ? checkRd: (-1) DocumentCard.Rd:94: Lost braces in \itemize; meant \describe ? checkRd: (-1) DocumentCard.Rd:95: Lost braces in \itemize; meant \describe ? checkRd: (-1) DocumentCard.Rd:96: Lost braces in \itemize; meant \describe ? checkRd: (-1) DocumentCard.Rd:97-99: Lost braces in \itemize; meant \describe ? checkRd: (-1) DocumentCard.Rd:100: Lost braces in \itemize; meant \describe ? checkRd: (-1) DocumentCard.Rd:101: Lost braces in \itemize; meant \describe ? checkRd: (-1) DocumentCard.Rd:102: Lost braces in \itemize; meant \describe ? checkRd: (-1) DocumentCard.Rd:103: Lost braces in \itemize; meant \describe ? checkRd: (-1) DocumentCard.Rd:104: Lost braces in \itemize; meant \describe ? checkRd: (-1) DocumentCard.Rd:105: Lost braces in \itemize; meant \describe ? checkRd: (-1) DocumentCard.Rd:106: Lost braces in \itemize; meant \describe ? checkRd: (-1) DocumentCard.Rd:107: Lost braces in \itemize; meant \describe ? checkRd: (-1) DocumentCard.Rd:108: Lost braces in \itemize; meant \describe ? checkRd: (-1) DocumentCard.Rd:109: Lost braces in \itemize; meant \describe ? checkRd: (-1) DocumentCard.Rd:110: Lost braces in \itemize; meant \describe ? checkRd: (-1) DocumentCard.Rd:111: Lost braces in \itemize; meant \describe ? checkRd: (-1) DocumentCard.Rd:112: Lost braces in \itemize; meant \describe ? checkRd: (-1) DocumentCard.Rd:113: Lost braces in \itemize; meant \describe ? checkRd: (-1) DocumentCard.Rd:114: Lost braces in \itemize; meant \describe ? checkRd: (-1) DocumentCard.Rd:115: Lost braces in \itemize; meant \describe ? checkRd: (-1) DocumentCard.Rd:116: Lost braces in \itemize; meant \describe ? checkRd: (-1) DocumentCard.Rd:117: Lost braces in \itemize; meant \describe ? checkRd: (-1) DocumentCard.Rd:118: Lost braces in \itemize; meant \describe ? checkRd: (-1) DocumentCard.Rd:119: Lost braces in \itemize; meant \describe ? checkRd: (-1) DocumentCard.Rd:120: Lost braces in \itemize; meant \describe ? checkRd: (-1) DocumentCard.Rd:121: Lost braces in \itemize; meant \describe ? checkRd: (-1) DocumentCard.Rd:122: Lost braces in \itemize; meant \describe ? checkRd: (-1) Dropdown.Rd:43: Lost braces in \itemize; meant \describe ? checkRd: (-1) Dropdown.Rd:44: Lost braces in \itemize; meant \describe ? checkRd: (-1) Dropdown.Rd:45: Lost braces in \itemize; meant \describe ? checkRd: (-1) Dropdown.Rd:46: Lost braces in \itemize; meant \describe ? checkRd: (-1) Dropdown.Rd:47: Lost braces in \itemize; meant \describe ? checkRd: (-1) Dropdown.Rd:48: Lost braces in \itemize; meant \describe ? checkRd: (-1) Dropdown.Rd:49: Lost braces in \itemize; meant \describe ? checkRd: (-1) Dropdown.Rd:50: Lost braces in \itemize; meant \describe ? checkRd: (-1) Dropdown.Rd:51: Lost braces in \itemize; meant \describe ? checkRd: (-1) Dropdown.Rd:52: Lost braces in \itemize; meant \describe ? checkRd: (-1) Dropdown.Rd:53: Lost braces in \itemize; meant \describe ? checkRd: (-1) Dropdown.Rd:54: Lost braces in \itemize; meant \describe ? checkRd: (-1) Dropdown.Rd:55: Lost braces in \itemize; meant \describe ? checkRd: (-1) Dropdown.Rd:56: Lost braces in \itemize; meant \describe ? checkRd: (-1) Dropdown.Rd:57: Lost braces in \itemize; meant \describe ? checkRd: (-1) Dropdown.Rd:58: Lost braces in \itemize; meant \describe ? checkRd: (-1) Dropdown.Rd:59: Lost braces in \itemize; meant \describe ? checkRd: (-1) Dropdown.Rd:60: Lost braces in \itemize; meant \describe ? checkRd: (-1) Dropdown.Rd:61: Lost braces in \itemize; meant \describe ? checkRd: (-1) Facepile.Rd:25: Lost braces in \itemize; meant \describe ? checkRd: (-1) Facepile.Rd:26: Lost braces in \itemize; meant \describe ? checkRd: (-1) Facepile.Rd:27: Lost braces in \itemize; meant \describe ? checkRd: (-1) Facepile.Rd:28: Lost braces in \itemize; meant \describe ? checkRd: (-1) Facepile.Rd:29: Lost braces in \itemize; meant \describe ? checkRd: (-1) Facepile.Rd:30: Lost braces in \itemize; meant \describe ? checkRd: (-1) Facepile.Rd:31: Lost braces in \itemize; meant \describe ? checkRd: (-1) Facepile.Rd:32: Lost braces in \itemize; meant \describe ? checkRd: (-1) Facepile.Rd:33: Lost braces in \itemize; meant \describe ? checkRd: (-1) Facepile.Rd:34: Lost braces in \itemize; meant \describe ? checkRd: (-1) Facepile.Rd:35: Lost braces in \itemize; meant \describe ? checkRd: (-1) Facepile.Rd:36: Lost braces in \itemize; meant \describe ? checkRd: (-1) Facepile.Rd:37: Lost braces in \itemize; meant \describe ? checkRd: (-1) Facepile.Rd:38: Lost braces in \itemize; meant \describe ? checkRd: (-1) Facepile.Rd:39: Lost braces in \itemize; meant \describe ? checkRd: (-1) Facepile.Rd:40: Lost braces in \itemize; meant \describe ? checkRd: (-1) Facepile.Rd:41: Lost braces in \itemize; meant \describe ? checkRd: (-1) Facepile.Rd:42: Lost braces in \itemize; meant \describe ? checkRd: (-1) FocusTrapZone.Rd:30: Lost braces in \itemize; meant \describe ? checkRd: (-1) FocusTrapZone.Rd:31: Lost braces in \itemize; meant \describe ? checkRd: (-1) FocusTrapZone.Rd:32: Lost braces in \itemize; meant \describe ? checkRd: (-1) FocusTrapZone.Rd:33: Lost braces in \itemize; meant \describe ? checkRd: (-1) FocusTrapZone.Rd:34: Lost braces in \itemize; meant \describe ? checkRd: (-1) FocusTrapZone.Rd:35: Lost braces in \itemize; meant \describe ? checkRd: (-1) FocusTrapZone.Rd:36: Lost braces in \itemize; meant \describe ? checkRd: (-1) FocusTrapZone.Rd:37: Lost braces in \itemize; meant \describe ? checkRd: (-1) FocusTrapZone.Rd:38: Lost braces in \itemize; meant \describe ? checkRd: (-1) FocusTrapZone.Rd:39: Lost braces in \itemize; meant \describe ? checkRd: (-1) FocusTrapZone.Rd:40: Lost braces in \itemize; meant \describe ? checkRd: (-1) FocusZone.Rd:27: Lost braces in \itemize; meant \describe ? checkRd: (-1) FocusZone.Rd:28: Lost braces in \itemize; meant \describe ? checkRd: (-1) FocusZone.Rd:29: Lost braces in \itemize; meant \describe ? checkRd: (-1) FocusZone.Rd:30: Lost braces in \itemize; meant \describe ? checkRd: (-1) FocusZone.Rd:31: Lost braces in \itemize; meant \describe ? checkRd: (-1) FocusZone.Rd:32: Lost braces in \itemize; meant \describe ? checkRd: (-1) FocusZone.Rd:33: Lost braces in \itemize; meant \describe ? checkRd: (-1) FocusZone.Rd:34: Lost braces in \itemize; meant \describe ? checkRd: (-1) FocusZone.Rd:35: Lost braces in \itemize; meant \describe ? checkRd: (-1) FocusZone.Rd:36: Lost braces in \itemize; meant \describe ? checkRd: (-1) FocusZone.Rd:37: Lost braces in \itemize; meant \describe ? checkRd: (-1) FocusZone.Rd:38: Lost braces in \itemize; meant \describe ? checkRd: (-1) FocusZone.Rd:39: Lost braces in \itemize; meant \describe ? checkRd: (-1) FocusZone.Rd:40: Lost braces in \itemize; meant \describe ? checkRd: (-1) FocusZone.Rd:41: Lost braces in \itemize; meant \describe ? checkRd: (-1) FocusZone.Rd:42: Lost braces in \itemize; meant \describe ? checkRd: (-1) FocusZone.Rd:43: Lost braces in \itemize; meant \describe ? checkRd: (-1) FocusZone.Rd:44: Lost braces in \itemize; meant \describe ? checkRd: (-1) FocusZone.Rd:45: Lost braces in \itemize; meant \describe ? checkRd: (-1) FocusZone.Rd:46: Lost braces in \itemize; meant \describe ? checkRd: (-1) FocusZone.Rd:47: Lost braces in \itemize; meant \describe ? checkRd: (-1) FocusZone.Rd:48: Lost braces in \itemize; meant \describe ? checkRd: (-1) FocusZone.Rd:49: Lost braces in \itemize; meant \describe ? checkRd: (-1) FocusZone.Rd:50: Lost braces in \itemize; meant \describe ? checkRd: (-1) FocusZone.Rd:51: Lost braces in \itemize; meant \describe ? checkRd: (-1) FocusZone.Rd:52: Lost braces in \itemize; meant \describe ? checkRd: (-1) FocusZone.Rd:53: Lost braces in \itemize; meant \describe ? checkRd: (-1) FocusZone.Rd:54: Lost braces in \itemize; meant \describe ? checkRd: (-1) FocusZone.Rd:55: Lost braces in \itemize; meant \describe ? checkRd: (-1) FocusZone.Rd:56: Lost braces in \itemize; meant \describe ? checkRd: (-1) FocusZone.Rd:57: Lost braces in \itemize; meant \describe ? checkRd: (-1) FocusZone.Rd:58: Lost braces in \itemize; meant \describe ? checkRd: (-1) FocusZone.Rd:59: Lost braces in \itemize; meant \describe ? checkRd: (-1) GroupedList.Rd:28: Lost braces in \itemize; meant \describe ? checkRd: (-1) GroupedList.Rd:29: Lost braces in \itemize; meant \describe ? checkRd: (-1) GroupedList.Rd:30: Lost braces in \itemize; meant \describe ? checkRd: (-1) GroupedList.Rd:31: Lost braces in \itemize; meant \describe ? checkRd: (-1) GroupedList.Rd:32: Lost braces in \itemize; meant \describe ? checkRd: (-1) GroupedList.Rd:33: Lost braces in \itemize; meant \describe ? checkRd: (-1) GroupedList.Rd:34: Lost braces in \itemize; meant \describe ? checkRd: (-1) GroupedList.Rd:35: Lost braces in \itemize; meant \describe ? checkRd: (-1) GroupedList.Rd:36: Lost braces in \itemize; meant \describe ? checkRd: (-1) GroupedList.Rd:37: Lost braces in \itemize; meant \describe ? checkRd: (-1) GroupedList.Rd:38: Lost braces in \itemize; meant \describe ? checkRd: (-1) GroupedList.Rd:39: Lost braces in \itemize; meant \describe ? checkRd: (-1) GroupedList.Rd:40: Lost braces in \itemize; meant \describe ? checkRd: (-1) GroupedList.Rd:41: Lost braces in \itemize; meant \describe ? checkRd: (-1) GroupedList.Rd:42: Lost braces in \itemize; meant \describe ? checkRd: (-1) GroupedList.Rd:43: Lost braces in \itemize; meant \describe ? checkRd: (-1) GroupedList.Rd:44: Lost braces in \itemize; meant \describe ? checkRd: (-1) GroupedList.Rd:45: Lost braces in \itemize; meant \describe ? checkRd: (-1) GroupedList.Rd:46: Lost braces in \itemize; meant \describe ? checkRd: (-1) GroupedList.Rd:47: Lost braces in \itemize; meant \describe ? checkRd: (-1) GroupedList.Rd:48: Lost braces in \itemize; meant \describe ? checkRd: (-1) GroupedList.Rd:49: Lost braces in \itemize; meant \describe ? checkRd: (-1) GroupedList.Rd:50: Lost braces in \itemize; meant \describe ? checkRd: (-1) GroupedList.Rd:51: Lost braces in \itemize; meant \describe ? checkRd: (-1) GroupedList.Rd:52: Lost braces in \itemize; meant \describe ? checkRd: (-1) GroupedList.Rd:53: Lost braces in \itemize; meant \describe ? checkRd: (-1) GroupedList.Rd:54: Lost braces in \itemize; meant \describe ? checkRd: (-1) GroupedList.Rd:55: Lost braces in \itemize; meant \describe ? checkRd: (-1) GroupedList.Rd:56: Lost braces in \itemize; meant \describe ? checkRd: (-1) GroupedList.Rd:57: Lost braces in \itemize; meant \describe ? checkRd: (-1) GroupedList.Rd:58: Lost braces in \itemize; meant \describe ? checkRd: (-1) GroupedList.Rd:59: Lost braces in \itemize; meant \describe ? checkRd: (-1) GroupedList.Rd:60: Lost braces in \itemize; meant \describe ? checkRd: (-1) GroupedList.Rd:61: Lost braces in \itemize; meant \describe ? checkRd: (-1) GroupedList.Rd:62: Lost braces in \itemize; meant \describe ? checkRd: (-1) GroupedList.Rd:63: Lost braces in \itemize; meant \describe ? checkRd: (-1) GroupedList.Rd:64: Lost braces in \itemize; meant \describe ? checkRd: (-1) GroupedList.Rd:65: Lost braces in \itemize; meant \describe ? checkRd: (-1) GroupedList.Rd:66: Lost braces in \itemize; meant \describe ? checkRd: (-1) GroupedList.Rd:67: Lost braces in \itemize; meant \describe ? checkRd: (-1) GroupedList.Rd:68: Lost braces in \itemize; meant \describe ? checkRd: (-1) GroupedList.Rd:69: Lost braces in \itemize; meant \describe ? checkRd: (-1) GroupedList.Rd:70: Lost braces in \itemize; meant \describe ? checkRd: (-1) GroupedList.Rd:71: Lost braces in \itemize; meant \describe ? checkRd: (-1) GroupedList.Rd:72: Lost braces in \itemize; meant \describe ? checkRd: (-1) GroupedList.Rd:73: Lost braces in \itemize; meant \describe ? checkRd: (-1) GroupedList.Rd:74: Lost braces in \itemize; meant \describe ? checkRd: (-1) GroupedList.Rd:75: Lost braces in \itemize; meant \describe ? checkRd: (-1) GroupedList.Rd:76: Lost braces in \itemize; meant \describe ? checkRd: (-1) GroupedList.Rd:77: Lost braces in \itemize; meant \describe ? checkRd: (-1) GroupedList.Rd:78: Lost braces in \itemize; meant \describe ? checkRd: (-1) GroupedList.Rd:79: Lost braces in \itemize; meant \describe ? checkRd: (-1) GroupedList.Rd:80: Lost braces in \itemize; meant \describe ? checkRd: (-1) GroupedList.Rd:81: Lost braces in \itemize; meant \describe ? checkRd: (-1) GroupedList.Rd:82: Lost braces in \itemize; meant \describe ? checkRd: (-1) GroupedList.Rd:83: Lost braces in \itemize; meant \describe ? checkRd: (-1) GroupedList.Rd:84: Lost braces in \itemize; meant \describe ? checkRd: (-1) GroupedList.Rd:85: Lost braces in \itemize; meant \describe ? checkRd: (-1) GroupedList.Rd:86: Lost braces in \itemize; meant \describe ? checkRd: (-1) GroupedList.Rd:87: Lost braces in \itemize; meant \describe ? checkRd: (-1) GroupedList.Rd:88: Lost braces in \itemize; meant \describe ? checkRd: (-1) GroupedList.Rd:89: Lost braces in \itemize; meant \describe ? checkRd: (-1) GroupedList.Rd:90: Lost braces in \itemize; meant \describe ? checkRd: (-1) GroupedList.Rd:91: Lost braces in \itemize; meant \describe ? checkRd: (-1) GroupedList.Rd:92: Lost braces in \itemize; meant \describe ? checkRd: (-1) GroupedList.Rd:93: Lost braces in \itemize; meant \describe ? checkRd: (-1) GroupedList.Rd:94: Lost braces in \itemize; meant \describe ? checkRd: (-1) GroupedList.Rd:95: Lost braces in \itemize; meant \describe ? checkRd: (-1) GroupedList.Rd:96: Lost braces in \itemize; meant \describe ? checkRd: (-1) GroupedList.Rd:97: Lost braces in \itemize; meant \describe ? checkRd: (-1) GroupedList.Rd:98: Lost braces in \itemize; meant \describe ? checkRd: (-1) GroupedList.Rd:99: Lost braces in \itemize; meant \describe ? checkRd: (-1) GroupedList.Rd:100: Lost braces in \itemize; meant \describe ? checkRd: (-1) GroupedList.Rd:101: Lost braces in \itemize; meant \describe ? checkRd: (-1) GroupedList.Rd:102: Lost braces in \itemize; meant \describe ? checkRd: (-1) HoverCard.Rd:29: Lost braces in \itemize; meant \describe ? checkRd: (-1) HoverCard.Rd:30: Lost braces in \itemize; meant \describe ? checkRd: (-1) HoverCard.Rd:31: Lost braces in \itemize; meant \describe ? checkRd: (-1) HoverCard.Rd:32: Lost braces in \itemize; meant \describe ? checkRd: (-1) HoverCard.Rd:33: Lost braces in \itemize; meant \describe ? checkRd: (-1) HoverCard.Rd:34: Lost braces in \itemize; meant \describe ? checkRd: (-1) HoverCard.Rd:35: Lost braces in \itemize; meant \describe ? checkRd: (-1) HoverCard.Rd:36: Lost braces in \itemize; meant \describe ? checkRd: (-1) HoverCard.Rd:37: Lost braces in \itemize; meant \describe ? checkRd: (-1) HoverCard.Rd:38: Lost braces in \itemize; meant \describe ? checkRd: (-1) HoverCard.Rd:39: Lost braces in \itemize; meant \describe ? checkRd: (-1) HoverCard.Rd:40: Lost braces in \itemize; meant \describe ? checkRd: (-1) HoverCard.Rd:41: Lost braces in \itemize; meant \describe ? checkRd: (-1) HoverCard.Rd:42: Lost braces in \itemize; meant \describe ? checkRd: (-1) HoverCard.Rd:43: Lost braces in \itemize; meant \describe ? checkRd: (-1) HoverCard.Rd:44: Lost braces in \itemize; meant \describe ? checkRd: (-1) HoverCard.Rd:45: Lost braces in \itemize; meant \describe ? checkRd: (-1) HoverCard.Rd:46: Lost braces in \itemize; meant \describe ? checkRd: (-1) HoverCard.Rd:47: Lost braces in \itemize; meant \describe ? checkRd: (-1) HoverCard.Rd:48: Lost braces in \itemize; meant \describe ? checkRd: (-1) HoverCard.Rd:49: Lost braces in \itemize; meant \describe ? checkRd: (-1) HoverCard.Rd:50: Lost braces in \itemize; meant \describe ? checkRd: (-1) HoverCard.Rd:51: Lost braces in \itemize; meant \describe ? checkRd: (-1) HoverCard.Rd:52: Lost braces in \itemize; meant \describe ? checkRd: (-1) HoverCard.Rd:53: Lost braces in \itemize; meant \describe ? checkRd: (-1) HoverCard.Rd:54: Lost braces in \itemize; meant \describe ? checkRd: (-1) HoverCard.Rd:55: Lost braces in \itemize; meant \describe ? checkRd: (-1) HoverCard.Rd:56: Lost braces in \itemize; meant \describe ? checkRd: (-1) Icon.Rd:35: Lost braces in \itemize; meant \describe ? checkRd: (-1) Icon.Rd:36: Lost braces in \itemize; meant \describe ? checkRd: (-1) Icon.Rd:37: Lost braces in \itemize; meant \describe ? checkRd: (-1) Icon.Rd:38: Lost braces in \itemize; meant \describe ? checkRd: (-1) Icon.Rd:39: Lost braces in \itemize; meant \describe ? checkRd: (-1) Icon.Rd:40: Lost braces in \itemize; meant \describe ? checkRd: (-1) Icon.Rd:41: Lost braces in \itemize; meant \describe ? checkRd: (-1) Icon.Rd:42: Lost braces in \itemize; meant \describe ? checkRd: (-1) Icon.Rd:43: Lost braces in \itemize; meant \describe ? checkRd: (-1) Icon.Rd:44: Lost braces in \itemize; meant \describe ? checkRd: (-1) Icon.Rd:45: Lost braces in \itemize; meant \describe ? checkRd: (-1) Image.Rd:25: Lost braces in \itemize; meant \describe ? checkRd: (-1) Image.Rd:26: Lost braces in \itemize; meant \describe ? checkRd: (-1) Image.Rd:27: Lost braces in \itemize; meant \describe ? checkRd: (-1) Image.Rd:28: Lost braces in \itemize; meant \describe ? checkRd: (-1) Image.Rd:29: Lost braces in \itemize; meant \describe ? checkRd: (-1) Image.Rd:30: Lost braces in \itemize; meant \describe ? checkRd: (-1) Image.Rd:31: Lost braces in \itemize; meant \describe ? checkRd: (-1) Image.Rd:32: Lost braces in \itemize; meant \describe ? checkRd: (-1) Image.Rd:33: Lost braces in \itemize; meant \describe ? checkRd: (-1) Image.Rd:34: Lost braces in \itemize; meant \describe ? checkRd: (-1) Keytips.Rd:24: Lost braces in \itemize; meant \describe ? checkRd: (-1) Keytips.Rd:25: Lost braces in \itemize; meant \describe ? checkRd: (-1) Keytips.Rd:26: Lost braces in \itemize; meant \describe ? checkRd: (-1) Keytips.Rd:27: Lost braces in \itemize; meant \describe ? checkRd: (-1) Keytips.Rd:28: Lost braces in \itemize; meant \describe ? checkRd: (-1) Keytips.Rd:29: Lost braces in \itemize; meant \describe ? checkRd: (-1) Keytips.Rd:30: Lost braces in \itemize; meant \describe ? checkRd: (-1) Keytips.Rd:31: Lost braces in \itemize; meant \describe ? checkRd: (-1) Keytips.Rd:32: Lost braces in \itemize; meant \describe ? checkRd: (-1) Keytips.Rd:33: Lost braces in \itemize; meant \describe ? checkRd: (-1) Keytips.Rd:34: Lost braces in \itemize; meant \describe ? checkRd: (-1) Keytips.Rd:35: Lost braces in \itemize; meant \describe ? checkRd: (-1) Keytips.Rd:36: Lost braces in \itemize; meant \describe ? checkRd: (-1) Keytips.Rd:37: Lost braces in \itemize; meant \describe ? checkRd: (-1) Keytips.Rd:38: Lost braces in \itemize; meant \describe ? checkRd: (-1) Keytips.Rd:39: Lost braces in \itemize; meant \describe ? checkRd: (-1) Keytips.Rd:40: Lost braces in \itemize; meant \describe ? checkRd: (-1) Keytips.Rd:41: Lost braces in \itemize; meant \describe ? checkRd: (-1) Keytips.Rd:42: Lost braces in \itemize; meant \describe ? checkRd: (-1) Keytips.Rd:43: Lost braces in \itemize; meant \describe ? checkRd: (-1) Keytips.Rd:44: Lost braces in \itemize; meant \describe ? checkRd: (-1) Label.Rd:25: Lost braces in \itemize; meant \describe ? checkRd: (-1) Label.Rd:26: Lost braces in \itemize; meant \describe ? checkRd: (-1) Label.Rd:27: Lost braces in \itemize; meant \describe ? checkRd: (-1) Label.Rd:28: Lost braces in \itemize; meant \describe ? checkRd: (-1) Label.Rd:29: Lost braces in \itemize; meant \describe ? checkRd: (-1) Label.Rd:30: Lost braces in \itemize; meant \describe ? checkRd: (-1) Layer.Rd:32: Lost braces in \itemize; meant \describe ? checkRd: (-1) Layer.Rd:33: Lost braces in \itemize; meant \describe ? checkRd: (-1) Layer.Rd:34: Lost braces in \itemize; meant \describe ? checkRd: (-1) Layer.Rd:35: Lost braces in \itemize; meant \describe ? checkRd: (-1) Layer.Rd:36: Lost braces in \itemize; meant \describe ? checkRd: (-1) Layer.Rd:37: Lost braces in \itemize; meant \describe ? checkRd: (-1) Layer.Rd:38: Lost braces in \itemize; meant \describe ? checkRd: (-1) Layer.Rd:39: Lost braces in \itemize; meant \describe ? checkRd: (-1) Layer.Rd:40: Lost braces in \itemize; meant \describe ? checkRd: (-1) Layer.Rd:41: Lost braces in \itemize; meant \describe ? checkRd: (-1) Link.Rd:25: Lost braces in \itemize; meant \describe ? checkRd: (-1) Link.Rd:26: Lost braces in \itemize; meant \describe ? checkRd: (-1) Link.Rd:27: Lost braces in \itemize; meant \describe ? checkRd: (-1) Link.Rd:28: Lost braces in \itemize; meant \describe ? checkRd: (-1) Link.Rd:29: Lost braces in \itemize; meant \describe ? checkRd: (-1) Link.Rd:30: Lost braces in \itemize; meant \describe ? checkRd: (-1) List.Rd:25: Lost braces in \itemize; meant \describe ? checkRd: (-1) List.Rd:26: Lost braces in \itemize; meant \describe ? checkRd: (-1) List.Rd:27: Lost braces in \itemize; meant \describe ? checkRd: (-1) List.Rd:28: Lost braces in \itemize; meant \describe ? checkRd: (-1) List.Rd:29: Lost braces in \itemize; meant \describe ? checkRd: (-1) List.Rd:30: Lost braces in \itemize; meant \describe ? checkRd: (-1) List.Rd:31: Lost braces in \itemize; meant \describe ? checkRd: (-1) List.Rd:32: Lost braces in \itemize; meant \describe ? checkRd: (-1) List.Rd:33: Lost braces in \itemize; meant \describe ? checkRd: (-1) List.Rd:34: Lost braces in \itemize; meant \describe ? checkRd: (-1) List.Rd:35: Lost braces in \itemize; meant \describe ? checkRd: (-1) List.Rd:36: Lost braces in \itemize; meant \describe ? checkRd: (-1) List.Rd:37: Lost braces in \itemize; meant \describe ? checkRd: (-1) List.Rd:38: Lost braces in \itemize; meant \describe ? checkRd: (-1) List.Rd:39: Lost braces in \itemize; meant \describe ? checkRd: (-1) List.Rd:40: Lost braces in \itemize; meant \describe ? checkRd: (-1) List.Rd:41: Lost braces in \itemize; meant \describe ? checkRd: (-1) List.Rd:42: Lost braces in \itemize; meant \describe ? checkRd: (-1) List.Rd:43: Lost braces in \itemize; meant \describe ? checkRd: (-1) List.Rd:44: Lost braces in \itemize; meant \describe ? checkRd: (-1) List.Rd:45: Lost braces in \itemize; meant \describe ? checkRd: (-1) List.Rd:46: Lost braces in \itemize; meant \describe ? checkRd: (-1) List.Rd:47: Lost braces in \itemize; meant \describe ? checkRd: (-1) List.Rd:48: Lost braces in \itemize; meant \describe ? checkRd: (-1) List.Rd:49: Lost braces in \itemize; meant \describe ? checkRd: (-1) List.Rd:50: Lost braces in \itemize; meant \describe ? checkRd: (-1) List.Rd:51: Lost braces in \itemize; meant \describe ? checkRd: (-1) List.Rd:52: Lost braces in \itemize; meant \describe ? checkRd: (-1) List.Rd:53: Lost braces in \itemize; meant \describe ? checkRd: (-1) List.Rd:54: Lost braces in \itemize; meant \describe ? checkRd: (-1) List.Rd:55: Lost braces in \itemize; meant \describe ? checkRd: (-1) List.Rd:56: Lost braces in \itemize; meant \describe ? checkRd: (-1) List.Rd:57: Lost braces in \itemize; meant \describe ? checkRd: (-1) List.Rd:58: Lost braces in \itemize; meant \describe ? checkRd: (-1) MarqueeSelection.Rd:33: Lost braces in \itemize; meant \describe ? checkRd: (-1) MarqueeSelection.Rd:34: Lost braces in \itemize; meant \describe ? checkRd: (-1) MarqueeSelection.Rd:35: Lost braces in \itemize; meant \describe ? checkRd: (-1) MarqueeSelection.Rd:36: Lost braces in \itemize; meant \describe ? checkRd: (-1) MarqueeSelection.Rd:37: Lost braces in \itemize; meant \describe ? checkRd: (-1) MarqueeSelection.Rd:38: Lost braces in \itemize; meant \describe ? checkRd: (-1) MarqueeSelection.Rd:39: Lost braces in \itemize; meant \describe ? checkRd: (-1) MarqueeSelection.Rd:40: Lost braces in \itemize; meant \describe ? checkRd: (-1) MarqueeSelection.Rd:41: Lost braces in \itemize; meant \describe ? checkRd: (-1) MessageBar.Rd:28: Lost braces in \itemize; meant \describe ? checkRd: (-1) MessageBar.Rd:29: Lost braces in \itemize; meant \describe ? checkRd: (-1) MessageBar.Rd:30: Lost braces in \itemize; meant \describe ? checkRd: (-1) MessageBar.Rd:31: Lost braces in \itemize; meant \describe ? checkRd: (-1) MessageBar.Rd:32: Lost braces in \itemize; meant \describe ? checkRd: (-1) MessageBar.Rd:33: Lost braces in \itemize; meant \describe ? checkRd: (-1) MessageBar.Rd:34: Lost braces in \itemize; meant \describe ? checkRd: (-1) MessageBar.Rd:35: Lost braces in \itemize; meant \describe ? checkRd: (-1) MessageBar.Rd:36: Lost braces in \itemize; meant \describe ? checkRd: (-1) MessageBar.Rd:37: Lost braces in \itemize; meant \describe ? checkRd: (-1) MessageBar.Rd:38: Lost braces in \itemize; meant \describe ? checkRd: (-1) MessageBar.Rd:39: Lost braces in \itemize; meant \describe ? checkRd: (-1) MessageBar.Rd:40: Lost braces in \itemize; meant \describe ? checkRd: (-1) MessageBar.Rd:41: Lost braces in \itemize; meant \describe ? checkRd: (-1) Modal.Rd:25: Lost braces in \itemize; meant \describe ? checkRd: (-1) Modal.Rd:26: Lost braces in \itemize; meant \describe ? checkRd: (-1) Modal.Rd:27: Lost braces in \itemize; meant \describe ? checkRd: (-1) Modal.Rd:28: Lost braces in \itemize; meant \describe ? checkRd: (-1) Modal.Rd:29: Lost braces in \itemize; meant \describe ? checkRd: (-1) Modal.Rd:30: Lost braces in \itemize; meant \describe ? checkRd: (-1) Modal.Rd:31: Lost braces in \itemize; meant \describe ? checkRd: (-1) Modal.Rd:32: Lost braces in \itemize; meant \describe ? checkRd: (-1) Modal.Rd:33: Lost braces in \itemize; meant \describe ? checkRd: (-1) Modal.Rd:34: Lost braces in \itemize; meant \describe ? checkRd: (-1) Modal.Rd:35: Lost braces in \itemize; meant \describe ? checkRd: (-1) Modal.Rd:36: Lost braces in \itemize; meant \describe ? checkRd: (-1) Modal.Rd:37: Lost braces in \itemize; meant \describe ? checkRd: (-1) Modal.Rd:38: Lost braces in \itemize; meant \describe ? checkRd: (-1) Modal.Rd:39: Lost braces in \itemize; meant \describe ? checkRd: (-1) Modal.Rd:40: Lost braces in \itemize; meant \describe ? checkRd: (-1) Modal.Rd:41: Lost braces in \itemize; meant \describe ? checkRd: (-1) Modal.Rd:42: Lost braces in \itemize; meant \describe ? checkRd: (-1) Modal.Rd:43: Lost braces in \itemize; meant \describe ? checkRd: (-1) Modal.Rd:44: Lost braces in \itemize; meant \describe ? checkRd: (-1) Modal.Rd:45: Lost braces in \itemize; meant \describe ? checkRd: (-1) Nav.Rd:25: Lost braces in \itemize; meant \describe ? checkRd: (-1) Nav.Rd:26: Lost braces in \itemize; meant \describe ? checkRd: (-1) Nav.Rd:27: Lost braces in \itemize; meant \describe ? checkRd: (-1) Nav.Rd:28: Lost braces in \itemize; meant \describe ? checkRd: (-1) Nav.Rd:29: Lost braces in \itemize; meant \describe ? checkRd: (-1) Nav.Rd:30: Lost braces in \itemize; meant \describe ? checkRd: (-1) Nav.Rd:31: Lost braces in \itemize; meant \describe ? checkRd: (-1) Nav.Rd:32: Lost braces in \itemize; meant \describe ? checkRd: (-1) Nav.Rd:33: Lost braces in \itemize; meant \describe ? checkRd: (-1) Nav.Rd:34: Lost braces in \itemize; meant \describe ? checkRd: (-1) Nav.Rd:35: Lost braces in \itemize; meant \describe ? checkRd: (-1) Nav.Rd:36: Lost braces in \itemize; meant \describe ? checkRd: (-1) Nav.Rd:37: Lost braces in \itemize; meant \describe ? checkRd: (-1) Nav.Rd:38: Lost braces in \itemize; meant \describe ? checkRd: (-1) Nav.Rd:39: Lost braces in \itemize; meant \describe ? checkRd: (-1) Nav.Rd:40: Lost braces in \itemize; meant \describe ? checkRd: (-1) Nav.Rd:41: Lost braces in \itemize; meant \describe ? checkRd: (-1) OverflowSet.Rd:29: Lost braces in \itemize; meant \describe ? checkRd: (-1) OverflowSet.Rd:30: Lost braces in \itemize; meant \describe ? checkRd: (-1) OverflowSet.Rd:31: Lost braces in \itemize; meant \describe ? checkRd: (-1) OverflowSet.Rd:32: Lost braces in \itemize; meant \describe ? checkRd: (-1) OverflowSet.Rd:33: Lost braces in \itemize; meant \describe ? checkRd: (-1) OverflowSet.Rd:34: Lost braces in \itemize; meant \describe ? checkRd: (-1) OverflowSet.Rd:35: Lost braces in \itemize; meant \describe ? checkRd: (-1) OverflowSet.Rd:36: Lost braces in \itemize; meant \describe ? checkRd: (-1) OverflowSet.Rd:37: Lost braces in \itemize; meant \describe ? checkRd: (-1) OverflowSet.Rd:38: Lost braces in \itemize; meant \describe ? checkRd: (-1) OverflowSet.Rd:39: Lost braces in \itemize; meant \describe ? checkRd: (-1) OverflowSet.Rd:40: Lost braces in \itemize; meant \describe ? checkRd: (-1) OverflowSet.Rd:41: Lost braces in \itemize; meant \describe ? checkRd: (-1) OverflowSet.Rd:42: Lost braces in \itemize; meant \describe ? checkRd: (-1) OverflowSet.Rd:43: Lost braces in \itemize; meant \describe ? checkRd: (-1) OverflowSet.Rd:44: Lost braces in \itemize; meant \describe ? checkRd: (-1) Overlay.Rd:25: Lost braces in \itemize; meant \describe ? checkRd: (-1) Overlay.Rd:26: Lost braces in \itemize; meant \describe ? checkRd: (-1) Overlay.Rd:27: Lost braces in \itemize; meant \describe ? checkRd: (-1) Overlay.Rd:28: Lost braces in \itemize; meant \describe ? checkRd: (-1) Overlay.Rd:29: Lost braces in \itemize; meant \describe ? checkRd: (-1) Overlay.Rd:30: Lost braces in \itemize; meant \describe ? checkRd: (-1) Overlay.Rd:31: Lost braces in \itemize; meant \describe ? checkRd: (-1) Panel.Rd:25: Lost braces in \itemize; meant \describe ? checkRd: (-1) Panel.Rd:26: Lost braces in \itemize; meant \describe ? checkRd: (-1) Panel.Rd:27: Lost braces in \itemize; meant \describe ? checkRd: (-1) Panel.Rd:28: Lost braces in \itemize; meant \describe ? checkRd: (-1) Panel.Rd:29: Lost braces in \itemize; meant \describe ? checkRd: (-1) Panel.Rd:30: Lost braces in \itemize; meant \describe ? checkRd: (-1) Panel.Rd:31: Lost braces in \itemize; meant \describe ? checkRd: (-1) Panel.Rd:32: Lost braces in \itemize; meant \describe ? checkRd: (-1) Panel.Rd:33: Lost braces in \itemize; meant \describe ? checkRd: (-1) Panel.Rd:34: Lost braces in \itemize; meant \describe ? checkRd: (-1) Panel.Rd:35: Lost braces in \itemize; meant \describe ? checkRd: (-1) Panel.Rd:36: Lost braces in \itemize; meant \describe ? checkRd: (-1) Panel.Rd:37: Lost braces in \itemize; meant \describe ? checkRd: (-1) Panel.Rd:38: Lost braces in \itemize; meant \describe ? checkRd: (-1) Panel.Rd:39: Lost braces in \itemize; meant \describe ? checkRd: (-1) Panel.Rd:40: Lost braces in \itemize; meant \describe ? checkRd: (-1) Panel.Rd:41: Lost braces in \itemize; meant \describe ? checkRd: (-1) Panel.Rd:42: Lost braces in \itemize; meant \describe ? checkRd: (-1) Panel.Rd:43: Lost braces in \itemize; meant \describe ? checkRd: (-1) Panel.Rd:44: Lost braces in \itemize; meant \describe ? checkRd: (-1) Panel.Rd:45: Lost braces in \itemize; meant \describe ? checkRd: (-1) Panel.Rd:46: Lost braces in \itemize; meant \describe ? checkRd: (-1) Panel.Rd:47: Lost braces in \itemize; meant \describe ? checkRd: (-1) Panel.Rd:48: Lost braces in \itemize; meant \describe ? checkRd: (-1) Panel.Rd:49: Lost braces in \itemize; meant \describe ? checkRd: (-1) Panel.Rd:50: Lost braces in \itemize; meant \describe ? checkRd: (-1) Panel.Rd:51: Lost braces in \itemize; meant \describe ? checkRd: (-1) Panel.Rd:52: Lost braces in \itemize; meant \describe ? checkRd: (-1) Panel.Rd:53: Lost braces in \itemize; meant \describe ? checkRd: (-1) Panel.Rd:54: Lost braces in \itemize; meant \describe ? checkRd: (-1) Panel.Rd:55: Lost braces in \itemize; meant \describe ? checkRd: (-1) Panel.Rd:56: Lost braces in \itemize; meant \describe ? checkRd: (-1) Panel.Rd:57: Lost braces in \itemize; meant \describe ? checkRd: (-1) Panel.Rd:58: Lost braces in \itemize; meant \describe ? checkRd: (-1) Panel.Rd:59: Lost braces in \itemize; meant \describe ? checkRd: (-1) Panel.Rd:60: Lost braces in \itemize; meant \describe ? checkRd: (-1) Panel.Rd:61: Lost braces in \itemize; meant \describe ? checkRd: (-1) PeoplePicker.Rd:47: Lost braces in \itemize; meant \describe ? checkRd: (-1) PeoplePicker.Rd:48: Lost braces in \itemize; meant \describe ? checkRd: (-1) PeoplePicker.Rd:49: Lost braces in \itemize; meant \describe ? checkRd: (-1) PeoplePicker.Rd:50: Lost braces in \itemize; meant \describe ? checkRd: (-1) PeoplePicker.Rd:51: Lost braces in \itemize; meant \describe ? checkRd: (-1) PeoplePicker.Rd:52: Lost braces in \itemize; meant \describe ? checkRd: (-1) PeoplePicker.Rd:53: Lost braces in \itemize; meant \describe ? checkRd: (-1) PeoplePicker.Rd:54: Lost braces in \itemize; meant \describe ? checkRd: (-1) Persona.Rd:29: Lost braces in \itemize; meant \describe ? checkRd: (-1) Persona.Rd:30: Lost braces in \itemize; meant \describe ? checkRd: (-1) Persona.Rd:31: Lost braces in \itemize; meant \describe ? checkRd: (-1) Persona.Rd:32: Lost braces in \itemize; meant \describe ? checkRd: (-1) Persona.Rd:33: Lost braces in \itemize; meant \describe ? checkRd: (-1) Persona.Rd:34: Lost braces in \itemize; meant \describe ? checkRd: (-1) Persona.Rd:35: Lost braces in \itemize; meant \describe ? checkRd: (-1) Persona.Rd:36: Lost braces in \itemize; meant \describe ? checkRd: (-1) Persona.Rd:37: Lost braces in \itemize; meant \describe ? checkRd: (-1) Persona.Rd:38: Lost braces in \itemize; meant \describe ? checkRd: (-1) Persona.Rd:39: Lost braces in \itemize; meant \describe ? checkRd: (-1) Persona.Rd:40: Lost braces in \itemize; meant \describe ? checkRd: (-1) Persona.Rd:41: Lost braces in \itemize; meant \describe ? checkRd: (-1) Persona.Rd:42: Lost braces in \itemize; meant \describe ? checkRd: (-1) Persona.Rd:43: Lost braces in \itemize; meant \describe ? checkRd: (-1) Persona.Rd:44: Lost braces in \itemize; meant \describe ? checkRd: (-1) Persona.Rd:45: Lost braces in \itemize; meant \describe ? checkRd: (-1) Persona.Rd:46: Lost braces in \itemize; meant \describe ? checkRd: (-1) Persona.Rd:47: Lost braces in \itemize; meant \describe ? checkRd: (-1) Persona.Rd:48: Lost braces in \itemize; meant \describe ? checkRd: (-1) Persona.Rd:49: Lost braces in \itemize; meant \describe ? checkRd: (-1) Persona.Rd:50: Lost braces in \itemize; meant \describe ? checkRd: (-1) Persona.Rd:51: Lost braces in \itemize; meant \describe ? checkRd: (-1) Persona.Rd:52: Lost braces in \itemize; meant \describe ? checkRd: (-1) Persona.Rd:53: Lost braces in \itemize; meant \describe ? checkRd: (-1) Persona.Rd:54: Lost braces in \itemize; meant \describe ? checkRd: (-1) Persona.Rd:55: Lost braces in \itemize; meant \describe ? checkRd: (-1) Persona.Rd:56: Lost braces in \itemize; meant \describe ? checkRd: (-1) Persona.Rd:57: Lost braces in \itemize; meant \describe ? checkRd: (-1) Persona.Rd:58: Lost braces in \itemize; meant \describe ? checkRd: (-1) Persona.Rd:59: Lost braces in \itemize; meant \describe ? checkRd: (-1) Persona.Rd:60: Lost braces in \itemize; meant \describe ? checkRd: (-1) Persona.Rd:61: Lost braces in \itemize; meant \describe ? checkRd: (-1) Persona.Rd:62: Lost braces in \itemize; meant \describe ? checkRd: (-1) Persona.Rd:63: Lost braces in \itemize; meant \describe ? checkRd: (-1) Persona.Rd:64: Lost braces in \itemize; meant \describe ? checkRd: (-1) Persona.Rd:65: Lost braces in \itemize; meant \describe ? checkRd: (-1) Persona.Rd:66: Lost braces in \itemize; meant \describe ? checkRd: (-1) Persona.Rd:67: Lost braces in \itemize; meant \describe ? checkRd: (-1) Persona.Rd:68: Lost braces in \itemize; meant \describe ? checkRd: (-1) Pickers.Rd:33: Lost braces in \itemize; meant \describe ? checkRd: (-1) Pickers.Rd:34: Lost braces in \itemize; meant \describe ? checkRd: (-1) Pickers.Rd:35: Lost braces in \itemize; meant \describe ? checkRd: (-1) Pickers.Rd:36: Lost braces in \itemize; meant \describe ? checkRd: (-1) Pickers.Rd:37: Lost braces in \itemize; meant \describe ? checkRd: (-1) Pickers.Rd:38: Lost braces in \itemize; meant \describe ? checkRd: (-1) Pickers.Rd:39: Lost braces in \itemize; meant \describe ? checkRd: (-1) Pickers.Rd:40: Lost braces in \itemize; meant \describe ? checkRd: (-1) Pickers.Rd:41: Lost braces in \itemize; meant \describe ? checkRd: (-1) Pickers.Rd:42: Lost braces in \itemize; meant \describe ? checkRd: (-1) Pickers.Rd:43: Lost braces in \itemize; meant \describe ? checkRd: (-1) Pickers.Rd:44: Lost braces in \itemize; meant \describe ? checkRd: (-1) Pickers.Rd:45: Lost braces in \itemize; meant \describe ? checkRd: (-1) Pickers.Rd:46: Lost braces in \itemize; meant \describe ? checkRd: (-1) Pickers.Rd:47: Lost braces in \itemize; meant \describe ? checkRd: (-1) Pickers.Rd:48: Lost braces in \itemize; meant \describe ? checkRd: (-1) Pickers.Rd:49: Lost braces in \itemize; meant \describe ? checkRd: (-1) Pickers.Rd:50: Lost braces in \itemize; meant \describe ? checkRd: (-1) Pickers.Rd:51: Lost braces in \itemize; meant \describe ? checkRd: (-1) Pickers.Rd:52: Lost braces in \itemize; meant \describe ? checkRd: (-1) Pickers.Rd:53: Lost braces in \itemize; meant \describe ? checkRd: (-1) Pickers.Rd:54: Lost braces in \itemize; meant \describe ? checkRd: (-1) Pickers.Rd:55: Lost braces in \itemize; meant \describe ? checkRd: (-1) Pickers.Rd:56: Lost braces in \itemize; meant \describe ? checkRd: (-1) Pickers.Rd:57: Lost braces in \itemize; meant \describe ? checkRd: (-1) Pickers.Rd:58: Lost braces in \itemize; meant \describe ? checkRd: (-1) Pickers.Rd:59: Lost braces in \itemize; meant \describe ? checkRd: (-1) Pickers.Rd:60: Lost braces in \itemize; meant \describe ? checkRd: (-1) Pickers.Rd:61: Lost braces in \itemize; meant \describe ? checkRd: (-1) Pickers.Rd:62: Lost braces in \itemize; meant \describe ? checkRd: (-1) Pickers.Rd:63: Lost braces in \itemize; meant \describe ? checkRd: (-1) Pickers.Rd:64: Lost braces in \itemize; meant \describe ? checkRd: (-1) Pickers.Rd:65: Lost braces in \itemize; meant \describe ? checkRd: (-1) Pickers.Rd:66: Lost braces in \itemize; meant \describe ? checkRd: (-1) Pickers.Rd:67: Lost braces in \itemize; meant \describe ? checkRd: (-1) Pickers.Rd:68: Lost braces in \itemize; meant \describe ? checkRd: (-1) Pickers.Rd:69: Lost braces in \itemize; meant \describe ? checkRd: (-1) Pickers.Rd:70: Lost braces in \itemize; meant \describe ? checkRd: (-1) Pickers.Rd:71: Lost braces in \itemize; meant \describe ? checkRd: (-1) Pickers.Rd:72: Lost braces in \itemize; meant \describe ? checkRd: (-1) Pickers.Rd:73: Lost braces in \itemize; meant \describe ? checkRd: (-1) Pickers.Rd:74: Lost braces in \itemize; meant \describe ? checkRd: (-1) Pickers.Rd:75: Lost braces in \itemize; meant \describe ? checkRd: (-1) Pickers.Rd:76: Lost braces in \itemize; meant \describe ? checkRd: (-1) Pickers.Rd:77: Lost braces in \itemize; meant \describe ? checkRd: (-1) Pickers.Rd:78: Lost braces in \itemize; meant \describe ? checkRd: (-1) Pickers.Rd:79: Lost braces in \itemize; meant \describe ? checkRd: (-1) Pickers.Rd:80: Lost braces in \itemize; meant \describe ? checkRd: (-1) Pickers.Rd:81: Lost braces in \itemize; meant \describe ? checkRd: (-1) Pickers.Rd:82: Lost braces in \itemize; meant \describe ? checkRd: (-1) Pickers.Rd:83: Lost braces in \itemize; meant \describe ? checkRd: (-1) Pickers.Rd:84: Lost braces in \itemize; meant \describe ? checkRd: (-1) Pickers.Rd:85: Lost braces in \itemize; meant \describe ? checkRd: (-1) Pickers.Rd:86: Lost braces in \itemize; meant \describe ? checkRd: (-1) Pickers.Rd:87: Lost braces in \itemize; meant \describe ? checkRd: (-1) Pickers.Rd:88: Lost braces in \itemize; meant \describe ? checkRd: (-1) Pickers.Rd:89: Lost braces in \itemize; meant \describe ? checkRd: (-1) Pickers.Rd:90: Lost braces in \itemize; meant \describe ? checkRd: (-1) Pickers.Rd:91: Lost braces in \itemize; meant \describe ? checkRd: (-1) Pickers.Rd:92: Lost braces in \itemize; meant \describe ? checkRd: (-1) Pickers.Rd:93: Lost braces in \itemize; meant \describe ? checkRd: (-1) Pickers.Rd:94: Lost braces in \itemize; meant \describe ? checkRd: (-1) Pickers.Rd:95: Lost braces in \itemize; meant \describe ? checkRd: (-1) Pickers.Rd:96: Lost braces in \itemize; meant \describe ? checkRd: (-1) Pickers.Rd:97: Lost braces in \itemize; meant \describe ? checkRd: (-1) Pickers.Rd:98: Lost braces in \itemize; meant \describe ? checkRd: (-1) Pickers.Rd:99: Lost braces in \itemize; meant \describe ? checkRd: (-1) Pickers.Rd:100: Lost braces in \itemize; meant \describe ? checkRd: (-1) Pickers.Rd:101: Lost braces in \itemize; meant \describe ? checkRd: (-1) Pickers.Rd:102-104: Lost braces in \itemize; meant \describe ? checkRd: (-1) Pickers.Rd:105: Lost braces in \itemize; meant \describe ? checkRd: (-1) Pickers.Rd:106: Lost braces in \itemize; meant \describe ? checkRd: (-1) Pickers.Rd:107: Lost braces in \itemize; meant \describe ? checkRd: (-1) Pickers.Rd:108: Lost braces in \itemize; meant \describe ? checkRd: (-1) Pickers.Rd:109: Lost braces in \itemize; meant \describe ? checkRd: (-1) Pickers.Rd:110: Lost braces in \itemize; meant \describe ? checkRd: (-1) Pickers.Rd:111: Lost braces in \itemize; meant \describe ? checkRd: (-1) Pickers.Rd:112: Lost braces in \itemize; meant \describe ? checkRd: (-1) Pickers.Rd:113: Lost braces in \itemize; meant \describe ? checkRd: (-1) Pickers.Rd:114: Lost braces in \itemize; meant \describe ? checkRd: (-1) Pickers.Rd:115: Lost braces in \itemize; meant \describe ? checkRd: (-1) Pickers.Rd:116: Lost braces in \itemize; meant \describe ? checkRd: (-1) Pickers.Rd:117: Lost braces in \itemize; meant \describe ? checkRd: (-1) Pickers.Rd:118: Lost braces in \itemize; meant \describe ? checkRd: (-1) Pickers.Rd:119: Lost braces in \itemize; meant \describe ? checkRd: (-1) Pickers.Rd:120: Lost braces in \itemize; meant \describe ? checkRd: (-1) Pickers.Rd:121: Lost braces in \itemize; meant \describe ? checkRd: (-1) Pickers.Rd:122: Lost braces in \itemize; meant \describe ? checkRd: (-1) Pickers.Rd:123: Lost braces in \itemize; meant \describe ? checkRd: (-1) Pivot.Rd:33: Lost braces in \itemize; meant \describe ? checkRd: (-1) Pivot.Rd:34-36: Lost braces in \itemize; meant \describe ? checkRd: (-1) Pivot.Rd:37: Lost braces in \itemize; meant \describe ? checkRd: (-1) Pivot.Rd:38: Lost braces in \itemize; meant \describe ? checkRd: (-1) Pivot.Rd:39: Lost braces in \itemize; meant \describe ? checkRd: (-1) Pivot.Rd:40-42: Lost braces in \itemize; meant \describe ? checkRd: (-1) Pivot.Rd:43: Lost braces in \itemize; meant \describe ? checkRd: (-1) Pivot.Rd:44-46: Lost braces in \itemize; meant \describe ? checkRd: (-1) Pivot.Rd:47: Lost braces in \itemize; meant \describe ? checkRd: (-1) Pivot.Rd:48: Lost braces in \itemize; meant \describe ? checkRd: (-1) Pivot.Rd:49: Lost braces in \itemize; meant \describe ? checkRd: (-1) Pivot.Rd:50: Lost braces in \itemize; meant \describe ? checkRd: (-1) Pivot.Rd:51: Lost braces in \itemize; meant \describe ? checkRd: (-1) Pivot.Rd:52-54: Lost braces in \itemize; meant \describe ? checkRd: (-1) Pivot.Rd:55-57: Lost braces in \itemize; meant \describe ? checkRd: (-1) Pivot.Rd:58: Lost braces in \itemize; meant \describe ? checkRd: (-1) Pivot.Rd:59: Lost braces in \itemize; meant \describe ? checkRd: (-1) Pivot.Rd:60: Lost braces in \itemize; meant \describe ? checkRd: (-1) Pivot.Rd:61: Lost braces in \itemize; meant \describe ? checkRd: (-1) Pivot.Rd:62: Lost braces in \itemize; meant \describe ? checkRd: (-1) Pivot.Rd:63: Lost braces in \itemize; meant \describe ? checkRd: (-1) Pivot.Rd:64: Lost braces in \itemize; meant \describe ? checkRd: (-1) Pivot.Rd:65: Lost braces in \itemize; meant \describe ? checkRd: (-1) Pivot.Rd:66: Lost braces in \itemize; meant \describe ? checkRd: (-1) Pivot.Rd:67: Lost braces in \itemize; meant \describe ? checkRd: (-1) ProgressIndicator.Rd:36: Lost braces in \itemize; meant \describe ? checkRd: (-1) ProgressIndicator.Rd:37: Lost braces in \itemize; meant \describe ? checkRd: (-1) ProgressIndicator.Rd:38: Lost braces in \itemize; meant \describe ? checkRd: (-1) ProgressIndicator.Rd:39: Lost braces in \itemize; meant \describe ? checkRd: (-1) ProgressIndicator.Rd:40: Lost braces in \itemize; meant \describe ? checkRd: (-1) ProgressIndicator.Rd:41: Lost braces in \itemize; meant \describe ? checkRd: (-1) ProgressIndicator.Rd:42: Lost braces in \itemize; meant \describe ? checkRd: (-1) ProgressIndicator.Rd:43: Lost braces in \itemize; meant \describe ? checkRd: (-1) ProgressIndicator.Rd:44: Lost braces in \itemize; meant \describe ? checkRd: (-1) ProgressIndicator.Rd:45: Lost braces in \itemize; meant \describe ? checkRd: (-1) ProgressIndicator.Rd:46: Lost braces in \itemize; meant \describe ? checkRd: (-1) Rating.Rd:43: Lost braces in \itemize; meant \describe ? checkRd: (-1) Rating.Rd:44: Lost braces in \itemize; meant \describe ? checkRd: (-1) Rating.Rd:45: Lost braces in \itemize; meant \describe ? checkRd: (-1) Rating.Rd:46: Lost braces in \itemize; meant \describe ? checkRd: (-1) Rating.Rd:47: Lost braces in \itemize; meant \describe ? checkRd: (-1) Rating.Rd:48: Lost braces in \itemize; meant \describe ? checkRd: (-1) Rating.Rd:49: Lost braces in \itemize; meant \describe ? checkRd: (-1) Rating.Rd:50: Lost braces in \itemize; meant \describe ? checkRd: (-1) Rating.Rd:51: Lost braces in \itemize; meant \describe ? checkRd: (-1) Rating.Rd:52: Lost braces in \itemize; meant \describe ? checkRd: (-1) Rating.Rd:53: Lost braces in \itemize; meant \describe ? checkRd: (-1) Rating.Rd:54: Lost braces in \itemize; meant \describe ? checkRd: (-1) Rating.Rd:55: Lost braces in \itemize; meant \describe ? checkRd: (-1) Rating.Rd:56: Lost braces in \itemize; meant \describe ? checkRd: (-1) Rating.Rd:57: Lost braces in \itemize; meant \describe ? checkRd: (-1) Rating.Rd:58: Lost braces in \itemize; meant \describe ? checkRd: (-1) ResizeGroup.Rd:31: Lost braces in \itemize; meant \describe ? checkRd: (-1) ResizeGroup.Rd:32: Lost braces in \itemize; meant \describe ? checkRd: (-1) ResizeGroup.Rd:33: Lost braces in \itemize; meant \describe ? checkRd: (-1) ResizeGroup.Rd:34: Lost braces in \itemize; meant \describe ? checkRd: (-1) ResizeGroup.Rd:35: Lost braces in \itemize; meant \describe ? checkRd: (-1) ResizeGroup.Rd:36: Lost braces in \itemize; meant \describe ? checkRd: (-1) ResizeGroup.Rd:37: Lost braces in \itemize; meant \describe ? checkRd: (-1) ResizeGroup.Rd:38: Lost braces in \itemize; meant \describe ? checkRd: (-1) ResizeGroup.Rd:39: Lost braces in \itemize; meant \describe ? checkRd: (-1) ResizeGroup.Rd:40: Lost braces in \itemize; meant \describe ? checkRd: (-1) ScrollablePane.Rd:28: Lost braces in \itemize; meant \describe ? checkRd: (-1) ScrollablePane.Rd:29: Lost braces in \itemize; meant \describe ? checkRd: (-1) ScrollablePane.Rd:30: Lost braces in \itemize; meant \describe ? checkRd: (-1) ScrollablePane.Rd:31: Lost braces in \itemize; meant \describe ? checkRd: (-1) ScrollablePane.Rd:32: Lost braces in \itemize; meant \describe ? checkRd: (-1) ScrollablePane.Rd:33: Lost braces in \itemize; meant \describe ? checkRd: (-1) SearchBox.Rd:43: Lost braces in \itemize; meant \describe ? checkRd: (-1) SearchBox.Rd:44: Lost braces in \itemize; meant \describe ? checkRd: (-1) SearchBox.Rd:45: Lost braces in \itemize; meant \describe ? checkRd: (-1) SearchBox.Rd:46: Lost braces in \itemize; meant \describe ? checkRd: (-1) SearchBox.Rd:47: Lost braces in \itemize; meant \describe ? checkRd: (-1) SearchBox.Rd:48: Lost braces in \itemize; meant \describe ? checkRd: (-1) SearchBox.Rd:49: Lost braces in \itemize; meant \describe ? checkRd: (-1) SearchBox.Rd:50: Lost braces in \itemize; meant \describe ? checkRd: (-1) SearchBox.Rd:51: Lost braces in \itemize; meant \describe ? checkRd: (-1) SearchBox.Rd:52: Lost braces in \itemize; meant \describe ? checkRd: (-1) SearchBox.Rd:53: Lost braces in \itemize; meant \describe ? checkRd: (-1) SearchBox.Rd:54: Lost braces in \itemize; meant \describe ? checkRd: (-1) SearchBox.Rd:55: Lost braces in \itemize; meant \describe ? checkRd: (-1) SearchBox.Rd:56: Lost braces in \itemize; meant \describe ? checkRd: (-1) SearchBox.Rd:57: Lost braces in \itemize; meant \describe ? checkRd: (-1) SearchBox.Rd:58: Lost braces in \itemize; meant \describe ? checkRd: (-1) SearchBox.Rd:59: Lost braces in \itemize; meant \describe ? checkRd: (-1) SearchBox.Rd:60: Lost braces in \itemize; meant \describe ? checkRd: (-1) Separator.Rd:29: Lost braces in \itemize; meant \describe ? checkRd: (-1) Separator.Rd:30: Lost braces in \itemize; meant \describe ? checkRd: (-1) Separator.Rd:31: Lost braces in \itemize; meant \describe ? checkRd: (-1) Separator.Rd:32: Lost braces in \itemize; meant \describe ? checkRd: (-1) Shimmer.Rd:33: Lost braces in \itemize; meant \describe ? checkRd: (-1) Shimmer.Rd:34: Lost braces in \itemize; meant \describe ? checkRd: (-1) Shimmer.Rd:35: Lost braces in \itemize; meant \describe ? checkRd: (-1) Shimmer.Rd:36: Lost braces in \itemize; meant \describe ? checkRd: (-1) Shimmer.Rd:37: Lost braces in \itemize; meant \describe ? checkRd: (-1) Shimmer.Rd:38: Lost braces in \itemize; meant \describe ? checkRd: (-1) Shimmer.Rd:39: Lost braces in \itemize; meant \describe ? checkRd: (-1) Shimmer.Rd:40: Lost braces in \itemize; meant \describe ? checkRd: (-1) Shimmer.Rd:41: Lost braces in \itemize; meant \describe ? checkRd: (-1) Shimmer.Rd:42: Lost braces in \itemize; meant \describe ? checkRd: (-1) Shimmer.Rd:43: Lost braces in \itemize; meant \describe ? checkRd: (-1) Shimmer.Rd:44: Lost braces in \itemize; meant \describe ? checkRd: (-1) Shimmer.Rd:45: Lost braces in \itemize; meant \describe ? checkRd: (-1) Shimmer.Rd:46: Lost braces in \itemize; meant \describe ? checkRd: (-1) Shimmer.Rd:47: Lost braces in \itemize; meant \describe ? checkRd: (-1) Shimmer.Rd:48: Lost braces in \itemize; meant \describe ? checkRd: (-1) Shimmer.Rd:49: Lost braces in \itemize; meant \describe ? checkRd: (-1) Shimmer.Rd:50: Lost braces in \itemize; meant \describe ? checkRd: (-1) Shimmer.Rd:51: Lost braces in \itemize; meant \describe ? checkRd: (-1) Shimmer.Rd:52: Lost braces in \itemize; meant \describe ? checkRd: (-1) Shimmer.Rd:53: Lost braces in \itemize; meant \describe ? checkRd: (-1) Shimmer.Rd:54: Lost braces in \itemize; meant \describe ? checkRd: (-1) Shimmer.Rd:55: Lost braces in \itemize; meant \describe ? checkRd: (-1) Shimmer.Rd:56: Lost braces in \itemize; meant \describe ? checkRd: (-1) Shimmer.Rd:57: Lost braces in \itemize; meant \describe ? checkRd: (-1) Shimmer.Rd:58: Lost braces in \itemize; meant \describe ? checkRd: (-1) Shimmer.Rd:59: Lost braces in \itemize; meant \describe ? checkRd: (-1) Shimmer.Rd:60: Lost braces in \itemize; meant \describe ? checkRd: (-1) Shimmer.Rd:61: Lost braces in \itemize; meant \describe ? checkRd: (-1) Shimmer.Rd:62: Lost braces in \itemize; meant \describe ? checkRd: (-1) Shimmer.Rd:63: Lost braces in \itemize; meant \describe ? checkRd: (-1) Shimmer.Rd:64: Lost braces in \itemize; meant \describe ? checkRd: (-1) Shimmer.Rd:65: Lost braces in \itemize; meant \describe ? checkRd: (-1) Shimmer.Rd:66: Lost braces in \itemize; meant \describe ? checkRd: (-1) Shimmer.Rd:67: Lost braces in \itemize; meant \describe ? checkRd: (-1) Slider.Rd:43: Lost braces in \itemize; meant \describe ? checkRd: (-1) Slider.Rd:44: Lost braces in \itemize; meant \describe ? checkRd: (-1) Slider.Rd:45: Lost braces in \itemize; meant \describe ? checkRd: (-1) Slider.Rd:46: Lost braces in \itemize; meant \describe ? checkRd: (-1) Slider.Rd:47: Lost braces in \itemize; meant \describe ? checkRd: (-1) Slider.Rd:48: Lost braces in \itemize; meant \describe ? checkRd: (-1) Slider.Rd:49: Lost braces in \itemize; meant \describe ? checkRd: (-1) Slider.Rd:50: Lost braces in \itemize; meant \describe ? checkRd: (-1) Slider.Rd:51: Lost braces in \itemize; meant \describe ? checkRd: (-1) Slider.Rd:52: Lost braces in \itemize; meant \describe ? checkRd: (-1) Slider.Rd:53: Lost braces in \itemize; meant \describe ? checkRd: (-1) Slider.Rd:54: Lost braces in \itemize; meant \describe ? checkRd: (-1) Slider.Rd:55: Lost braces in \itemize; meant \describe ? checkRd: (-1) Slider.Rd:56: Lost braces in \itemize; meant \describe ? checkRd: (-1) Slider.Rd:57: Lost braces in \itemize; meant \describe ? checkRd: (-1) Slider.Rd:58: Lost braces in \itemize; meant \describe ? checkRd: (-1) Slider.Rd:59: Lost braces in \itemize; meant \describe ? checkRd: (-1) Slider.Rd:60: Lost braces in \itemize; meant \describe ? checkRd: (-1) Slider.Rd:61: Lost braces in \itemize; meant \describe ? checkRd: (-1) Slider.Rd:62: Lost braces in \itemize; meant \describe ? checkRd: (-1) Slider.Rd:63: Lost braces in \itemize; meant \describe ? checkRd: (-1) SpinButton.Rd:43: Lost braces in \itemize; meant \describe ? checkRd: (-1) SpinButton.Rd:44: Lost braces in \itemize; meant \describe ? checkRd: (-1) SpinButton.Rd:45: Lost braces in \itemize; meant \describe ? checkRd: (-1) SpinButton.Rd:46: Lost braces in \itemize; meant \describe ? checkRd: (-1) SpinButton.Rd:47: Lost braces in \itemize; meant \describe ? checkRd: (-1) SpinButton.Rd:48: Lost braces in \itemize; meant \describe ? checkRd: (-1) SpinButton.Rd:49: Lost braces in \itemize; meant \describe ? checkRd: (-1) SpinButton.Rd:50: Lost braces in \itemize; meant \describe ? checkRd: (-1) SpinButton.Rd:51: Lost braces in \itemize; meant \describe ? checkRd: (-1) SpinButton.Rd:52: Lost braces in \itemize; meant \describe ? checkRd: (-1) SpinButton.Rd:53-55: Lost braces in \itemize; meant \describe ? checkRd: (-1) SpinButton.Rd:56: Lost braces in \itemize; meant \describe ? checkRd: (-1) SpinButton.Rd:57-59: Lost braces in \itemize; meant \describe ? checkRd: (-1) SpinButton.Rd:60: Lost braces in \itemize; meant \describe ? checkRd: (-1) SpinButton.Rd:61: Lost braces in \itemize; meant \describe ? checkRd: (-1) SpinButton.Rd:62: Lost braces in \itemize; meant \describe ? checkRd: (-1) SpinButton.Rd:63: Lost braces in \itemize; meant \describe ? checkRd: (-1) SpinButton.Rd:64: Lost braces in \itemize; meant \describe ? checkRd: (-1) SpinButton.Rd:65: Lost braces in \itemize; meant \describe ? checkRd: (-1) SpinButton.Rd:66: Lost braces in \itemize; meant \describe ? checkRd: (-1) SpinButton.Rd:67: Lost braces in \itemize; meant \describe ? checkRd: (-1) SpinButton.Rd:68: Lost braces in \itemize; meant \describe ? checkRd: (-1) SpinButton.Rd:69: Lost braces in \itemize; meant \describe ? checkRd: (-1) SpinButton.Rd:70: Lost braces in \itemize; meant \describe ? checkRd: (-1) SpinButton.Rd:71: Lost braces in \itemize; meant \describe ? checkRd: (-1) SpinButton.Rd:72: Lost braces in \itemize; meant \describe ? checkRd: (-1) SpinButton.Rd:73: Lost braces in \itemize; meant \describe ? checkRd: (-1) SpinButton.Rd:74: Lost braces in \itemize; meant \describe ? checkRd: (-1) SpinButton.Rd:75: Lost braces in \itemize; meant \describe ? checkRd: (-1) SpinButton.Rd:76-78: Lost braces in \itemize; meant \describe ? checkRd: (-1) SpinButton.Rd:79: Lost braces in \itemize; meant \describe ? checkRd: (-1) SpinButton.Rd:80: Lost braces in \itemize; meant \describe ? checkRd: (-1) SpinButton.Rd:81: Lost braces in \itemize; meant \describe ? checkRd: (-1) SpinButton.Rd:82: Lost braces in \itemize; meant \describe ? checkRd: (-1) SpinButton.Rd:83-85: Lost braces in \itemize; meant \describe ? checkRd: (-1) SpinButton.Rd:86-88: Lost braces in \itemize; meant \describe ? checkRd: (-1) Spinner.Rd:25: Lost braces in \itemize; meant \describe ? checkRd: (-1) Spinner.Rd:26: Lost braces in \itemize; meant \describe ? checkRd: (-1) Spinner.Rd:27: Lost braces in \itemize; meant \describe ? checkRd: (-1) Spinner.Rd:28: Lost braces in \itemize; meant \describe ? checkRd: (-1) Spinner.Rd:29: Lost braces in \itemize; meant \describe ? checkRd: (-1) Spinner.Rd:30: Lost braces in \itemize; meant \describe ? checkRd: (-1) Spinner.Rd:31: Lost braces in \itemize; meant \describe ? checkRd: (-1) Spinner.Rd:32: Lost braces in \itemize; meant \describe ? checkRd: (-1) Spinner.Rd:33: Lost braces in \itemize; meant \describe ? checkRd: (-1) Spinner.Rd:34: Lost braces in \itemize; meant \describe ? checkRd: (-1) Stack.Rd:53: Lost braces in \itemize; meant \describe ? checkRd: (-1) Stack.Rd:54: Lost braces in \itemize; meant \describe ? checkRd: (-1) Stack.Rd:55: Lost braces in \itemize; meant \describe ? checkRd: (-1) Stack.Rd:56: Lost braces in \itemize; meant \describe ? checkRd: (-1) Stack.Rd:57: Lost braces in \itemize; meant \describe ? checkRd: (-1) Stack.Rd:58: Lost braces in \itemize; meant \describe ? checkRd: (-1) Stack.Rd:59: Lost braces in \itemize; meant \describe ? checkRd: (-1) Stack.Rd:60: Lost braces in \itemize; meant \describe ? checkRd: (-1) Stack.Rd:61: Lost braces in \itemize; meant \describe ? checkRd: (-1) Stack.Rd:62: Lost braces in \itemize; meant \describe ? checkRd: (-1) Stack.Rd:63: Lost braces in \itemize; meant \describe ? checkRd: (-1) Stack.Rd:64: Lost braces in \itemize; meant \describe ? checkRd: (-1) Stack.Rd:65: Lost braces in \itemize; meant \describe ? checkRd: (-1) Stack.Rd:66: Lost braces in \itemize; meant \describe ? checkRd: (-1) Stack.Rd:67: Lost braces in \itemize; meant \describe ? checkRd: (-1) Stack.Rd:68: Lost braces in \itemize; meant \describe ? checkRd: (-1) Stack.Rd:69: Lost braces in \itemize; meant \describe ? checkRd: (-1) Stack.Rd:70: Lost braces in \itemize; meant \describe ? checkRd: (-1) Stack.Rd:71: Lost braces in \itemize; meant \describe ? checkRd: (-1) Stack.Rd:72: Lost braces in \itemize; meant \describe ? checkRd: (-1) SwatchColorPicker.Rd:43: Lost braces in \itemize; meant \describe ? checkRd: (-1) SwatchColorPicker.Rd:44: Lost braces in \itemize; meant \describe ? checkRd: (-1) SwatchColorPicker.Rd:45: Lost braces in \itemize; meant \describe ? checkRd: (-1) SwatchColorPicker.Rd:46: Lost braces in \itemize; meant \describe ? checkRd: (-1) SwatchColorPicker.Rd:47: Lost braces in \itemize; meant \describe ? checkRd: (-1) SwatchColorPicker.Rd:48: Lost braces in \itemize; meant \describe ? checkRd: (-1) SwatchColorPicker.Rd:49: Lost braces in \itemize; meant \describe ? checkRd: (-1) SwatchColorPicker.Rd:50: Lost braces in \itemize; meant \describe ? checkRd: (-1) SwatchColorPicker.Rd:51: Lost braces in \itemize; meant \describe ? checkRd: (-1) SwatchColorPicker.Rd:52: Lost braces in \itemize; meant \describe ? checkRd: (-1) SwatchColorPicker.Rd:53: Lost braces in \itemize; meant \describe ? checkRd: (-1) SwatchColorPicker.Rd:54: Lost braces in \itemize; meant \describe ? checkRd: (-1) SwatchColorPicker.Rd:55: Lost braces in \itemize; meant \describe ? checkRd: (-1) SwatchColorPicker.Rd:56: Lost braces in \itemize; meant \describe ? checkRd: (-1) SwatchColorPicker.Rd:57: Lost braces in \itemize; meant \describe ? checkRd: (-1) SwatchColorPicker.Rd:58: Lost braces in \itemize; meant \describe ? checkRd: (-1) SwatchColorPicker.Rd:59: Lost braces in \itemize; meant \describe ? checkRd: (-1) SwatchColorPicker.Rd:60: Lost braces in \itemize; meant \describe ? checkRd: (-1) SwatchColorPicker.Rd:61: Lost braces in \itemize; meant \describe ? checkRd: (-1) SwatchColorPicker.Rd:62: Lost braces in \itemize; meant \describe ? checkRd: (-1) SwatchColorPicker.Rd:63: Lost braces in \itemize; meant \describe ? checkRd: (-1) SwatchColorPicker.Rd:64: Lost braces in \itemize; meant \describe ? checkRd: (-1) SwatchColorPicker.Rd:65: Lost braces in \itemize; meant \describe ? checkRd: (-1) SwatchColorPicker.Rd:66: Lost braces in \itemize; meant \describe ? checkRd: (-1) SwatchColorPicker.Rd:67: Lost braces in \itemize; meant \describe ? checkRd: (-1) SwatchColorPicker.Rd:68: Lost braces in \itemize; meant \describe ? checkRd: (-1) SwatchColorPicker.Rd:69: Lost braces in \itemize; meant \describe ? checkRd: (-1) SwatchColorPicker.Rd:70: Lost braces in \itemize; meant \describe ? checkRd: (-1) SwatchColorPicker.Rd:71: Lost braces in \itemize; meant \describe ? checkRd: (-1) SwatchColorPicker.Rd:72: Lost braces in \itemize; meant \describe ? checkRd: (-1) SwatchColorPicker.Rd:73: Lost braces in \itemize; meant \describe ? checkRd: (-1) SwatchColorPicker.Rd:74: Lost braces in \itemize; meant \describe ? checkRd: (-1) SwatchColorPicker.Rd:75: Lost braces in \itemize; meant \describe ? checkRd: (-1) SwatchColorPicker.Rd:76: Lost braces in \itemize; meant \describe ? checkRd: (-1) SwatchColorPicker.Rd:77-79: Lost braces in \itemize; meant \describe ? checkRd: (-1) SwatchColorPicker.Rd:80: Lost braces in \itemize; meant \describe ? checkRd: (-1) SwatchColorPicker.Rd:81: Lost braces in \itemize; meant \describe ? checkRd: (-1) SwatchColorPicker.Rd:82: Lost braces in \itemize; meant \describe ? checkRd: (-1) SwatchColorPicker.Rd:83: Lost braces in \itemize; meant \describe ? checkRd: (-1) SwatchColorPicker.Rd:84: Lost braces in \itemize; meant \describe ? checkRd: (-1) SwatchColorPicker.Rd:85: Lost braces in \itemize; meant \describe ? checkRd: (-1) SwatchColorPicker.Rd:86-88: Lost braces in \itemize; meant \describe ? checkRd: (-1) SwatchColorPicker.Rd:89: Lost braces in \itemize; meant \describe ? checkRd: (-1) SwatchColorPicker.Rd:90: Lost braces in \itemize; meant \describe ? checkRd: (-1) SwatchColorPicker.Rd:91: Lost braces in \itemize; meant \describe ? checkRd: (-1) SwatchColorPicker.Rd:92: Lost braces in \itemize; meant \describe ? checkRd: (-1) SwatchColorPicker.Rd:93: Lost braces in \itemize; meant \describe ? checkRd: (-1) SwatchColorPicker.Rd:94: Lost braces in \itemize; meant \describe ? checkRd: (-1) SwatchColorPicker.Rd:95: Lost braces in \itemize; meant \describe ? checkRd: (-1) SwatchColorPicker.Rd:96: Lost braces in \itemize; meant \describe ? checkRd: (-1) SwatchColorPicker.Rd:97: Lost braces in \itemize; meant \describe ? checkRd: (-1) SwatchColorPicker.Rd:98: Lost braces in \itemize; meant \describe ? checkRd: (-1) TeachingBubble.Rd:30: Lost braces in \itemize; meant \describe ? checkRd: (-1) TeachingBubble.Rd:31: Lost braces in \itemize; meant \describe ? checkRd: (-1) TeachingBubble.Rd:32: Lost braces in \itemize; meant \describe ? checkRd: (-1) TeachingBubble.Rd:33: Lost braces in \itemize; meant \describe ? checkRd: (-1) TeachingBubble.Rd:34: Lost braces in \itemize; meant \describe ? checkRd: (-1) TeachingBubble.Rd:35: Lost braces in \itemize; meant \describe ? checkRd: (-1) TeachingBubble.Rd:36: Lost braces in \itemize; meant \describe ? checkRd: (-1) TeachingBubble.Rd:37: Lost braces in \itemize; meant \describe ? checkRd: (-1) TeachingBubble.Rd:38: Lost braces in \itemize; meant \describe ? checkRd: (-1) TeachingBubble.Rd:39: Lost braces in \itemize; meant \describe ? checkRd: (-1) TeachingBubble.Rd:40: Lost braces in \itemize; meant \describe ? checkRd: (-1) TeachingBubble.Rd:41: Lost braces in \itemize; meant \describe ? checkRd: (-1) TeachingBubble.Rd:42: Lost braces in \itemize; meant \describe ? checkRd: (-1) TeachingBubble.Rd:43: Lost braces in \itemize; meant \describe ? checkRd: (-1) TeachingBubble.Rd:44: Lost braces in \itemize; meant \describe ? checkRd: (-1) TeachingBubble.Rd:45: Lost braces in \itemize; meant \describe ? checkRd: (-1) TeachingBubble.Rd:46: Lost braces in \itemize; meant \describe ? checkRd: (-1) TeachingBubble.Rd:47: Lost braces in \itemize; meant \describe ? checkRd: (-1) TeachingBubble.Rd:48: Lost braces in \itemize; meant \describe ? checkRd: (-1) TeachingBubble.Rd:49: Lost braces in \itemize; meant \describe ? checkRd: (-1) Text.Rd:29: Lost braces in \itemize; meant \describe ? checkRd: (-1) Text.Rd:30-32: Lost braces in \itemize; meant \describe ? checkRd: (-1) Text.Rd:33-35: Lost braces in \itemize; meant \describe ? checkRd: (-1) Text.Rd:36: Lost braces in \itemize; meant \describe ? checkRd: (-1) TextField.Rd:46: Lost braces in \itemize; meant \describe ? checkRd: (-1) TextField.Rd:47: Lost braces in \itemize; meant \describe ? checkRd: (-1) TextField.Rd:48: Lost braces in \itemize; meant \describe ? checkRd: (-1) TextField.Rd:49: Lost braces in \itemize; meant \describe ? checkRd: (-1) TextField.Rd:50: Lost braces in \itemize; meant \describe ? checkRd: (-1) TextField.Rd:51: Lost braces in \itemize; meant \describe ? checkRd: (-1) TextField.Rd:52: Lost braces in \itemize; meant \describe ? checkRd: (-1) TextField.Rd:53: Lost braces in \itemize; meant \describe ? checkRd: (-1) TextField.Rd:54: Lost braces in \itemize; meant \describe ? checkRd: (-1) TextField.Rd:55: Lost braces in \itemize; meant \describe ? checkRd: (-1) TextField.Rd:56: Lost braces in \itemize; meant \describe ? checkRd: (-1) TextField.Rd:57: Lost braces in \itemize; meant \describe ? checkRd: (-1) TextField.Rd:58: Lost braces in \itemize; meant \describe ? checkRd: (-1) TextField.Rd:59: Lost braces in \itemize; meant \describe ? checkRd: (-1) TextField.Rd:60-62: Lost braces in \itemize; meant \describe ? checkRd: (-1) TextField.Rd:61: Lost braces 61 | \item {\bold{ maskChar }} {\code{string} \cr Only used by MaskedTextField: The character to show in place of unfilled characters of the mask.} | ^ checkRd: (-1) TextField.Rd:62: Lost braces 62 | \item {\bold{ maskFormat }} {\verb{\{ [key: string]: RegExp; \}} \cr Only used by MaskedTextField: An object defining the format characters and corresponding regexp values. Default format characters: \{ '9': /\verb{[0-9]}/, 'a': /\verb{[a-zA-Z]}/, '}': /\verb{[a-zA-Z0-9]}/ \}} | ^ checkRd: (-1) TextField.Rd:63: Lost braces in \itemize; meant \describe ? checkRd: (-1) TextField.Rd:64: Lost braces in \itemize; meant \describe ? checkRd: (-1) TextField.Rd:65-69: Lost braces in \itemize; meant \describe ? checkRd: (-1) TextField.Rd:70: Lost braces in \itemize; meant \describe ? checkRd: (-1) TextField.Rd:71: Lost braces in \itemize; meant \describe ? checkRd: (-1) TextField.Rd:72: Lost braces in \itemize; meant \describe ? checkRd: (-1) TextField.Rd:73: Lost braces in \itemize; meant \describe ? checkRd: (-1) TextField.Rd:74: Lost braces in \itemize; meant \describe ? checkRd: (-1) TextField.Rd:75: Lost braces in \itemize; meant \describe ? checkRd: (-1) TextField.Rd:76: Lost braces in \itemize; meant \describe ? checkRd: (-1) TextField.Rd:77: Lost braces in \itemize; meant \describe ? checkRd: (-1) TextField.Rd:78: Lost braces in \itemize; meant \describe ? checkRd: (-1) TextField.Rd:79: Lost braces in \itemize; meant \describe ? checkRd: (-1) TextField.Rd:80: Lost braces in \itemize; meant \describe ? checkRd: (-1) TextField.Rd:81: Lost braces in \itemize; meant \describe ? checkRd: (-1) TextField.Rd:82-84: Lost braces in \itemize; meant \describe ? checkRd: (-1) TextField.Rd:85-87: Lost braces in \itemize; meant \describe ? checkRd: (-1) TextField.Rd:88: Lost braces in \itemize; meant \describe ? checkRd: (-1) TextField.Rd:89: Lost braces in \itemize; meant \describe ? checkRd: (-1) Toggle.Rd:43: Lost braces in \itemize; meant \describe ? checkRd: (-1) Toggle.Rd:44: Lost braces in \itemize; meant \describe ? checkRd: (-1) Toggle.Rd:45: Lost braces in \itemize; meant \describe ? checkRd: (-1) Toggle.Rd:46: Lost braces in \itemize; meant \describe ? checkRd: (-1) Toggle.Rd:47: Lost braces in \itemize; meant \describe ? checkRd: (-1) Toggle.Rd:48: Lost braces in \itemize; meant \describe ? checkRd: (-1) Toggle.Rd:49: Lost braces in \itemize; meant \describe ? checkRd: (-1) Toggle.Rd:50: Lost braces in \itemize; meant \describe ? checkRd: (-1) Toggle.Rd:51: Lost braces in \itemize; meant \describe ? checkRd: (-1) Toggle.Rd:52: Lost braces in \itemize; meant \describe ? checkRd: (-1) Toggle.Rd:53: Lost braces in \itemize; meant \describe ? checkRd: (-1) Toggle.Rd:54: Lost braces in \itemize; meant \describe ? checkRd: (-1) Toggle.Rd:55: Lost braces in \itemize; meant \describe ? checkRd: (-1) Toggle.Rd:56: Lost braces in \itemize; meant \describe ? checkRd: (-1) Toggle.Rd:57: Lost braces in \itemize; meant \describe ? checkRd: (-1) Toggle.Rd:58: Lost braces in \itemize; meant \describe ? checkRd: (-1) Toggle.Rd:59: Lost braces in \itemize; meant \describe ? checkRd: (-1) Toggle.Rd:60: Lost braces in \itemize; meant \describe ? checkRd: (-1) Tooltip.Rd:32: Lost braces in \itemize; meant \describe ? checkRd: (-1) Tooltip.Rd:33: Lost braces in \itemize; meant \describe ? checkRd: (-1) Tooltip.Rd:34: Lost braces in \itemize; meant \describe ? checkRd: (-1) Tooltip.Rd:35: Lost braces in \itemize; meant \describe ? checkRd: (-1) Tooltip.Rd:36: Lost braces in \itemize; meant \describe ? checkRd: (-1) Tooltip.Rd:37: Lost braces in \itemize; meant \describe ? checkRd: (-1) Tooltip.Rd:38: Lost braces in \itemize; meant \describe ? checkRd: (-1) Tooltip.Rd:39: Lost braces in \itemize; meant \describe ? checkRd: (-1) Tooltip.Rd:40: Lost braces in \itemize; meant \describe ? checkRd: (-1) Tooltip.Rd:41: Lost braces in \itemize; meant \describe ? checkRd: (-1) Tooltip.Rd:42: Lost braces in \itemize; meant \describe ? checkRd: (-1) Tooltip.Rd:43-47: Lost braces in \itemize; meant \describe ? checkRd: (-1) Tooltip.Rd:48: Lost braces in \itemize; meant \describe ? checkRd: (-1) Tooltip.Rd:49: Lost braces in \itemize; meant \describe ? checkRd: (-1) Tooltip.Rd:50: Lost braces in \itemize; meant \describe ? checkRd: (-1) Tooltip.Rd:51: Lost braces in \itemize; meant \describe ? checkRd: (-1) Tooltip.Rd:52: Lost braces in \itemize; meant \describe ? checkRd: (-1) Tooltip.Rd:53: Lost braces in \itemize; meant \describe ? checkRd: (-1) Tooltip.Rd:54: Lost braces in \itemize; meant \describe ? checkRd: (-1) Tooltip.Rd:55: Lost braces in \itemize; meant \describe ? checkRd: (-1) Tooltip.Rd:56: Lost braces in \itemize; meant \describe ? checkRd: (-1) Tooltip.Rd:57: Lost braces in \itemize; meant \describe ? checkRd: (-1) Tooltip.Rd:58: Lost braces in \itemize; meant \describe ? checkRd: (-1) Tooltip.Rd:59: Lost braces in \itemize; meant \describe ? checkRd: (-1) Tooltip.Rd:60: Lost braces in \itemize; meant \describe ? checkRd: (-1) Tooltip.Rd:61: Lost braces in \itemize; meant \describe ? checkRd: (-1) Tooltip.Rd:62: Lost braces in \itemize; meant \describe ? Flavors: r-devel-linux-x86_64-debian-clang, r-devel-linux-x86_64-debian-gcc, r-devel-linux-x86_64-fedora-clang, r-devel-linux-x86_64-fedora-gcc