CRAN Package Check Results for Package shinipsum

Last updated on 2023-02-05 07:57:36 CET.

Flavor Version Tinstall Tcheck Ttotal Status Flags
r-devel-linux-x86_64-debian-clang 0.1.0 6.75 76.97 83.72 OK
r-devel-linux-x86_64-debian-gcc 0.1.0 5.61 55.70 61.31 OK
r-devel-linux-x86_64-fedora-clang 0.1.0 108.88 NOTE
r-devel-linux-x86_64-fedora-gcc 0.1.0 97.93 NOTE
r-devel-windows-x86_64 0.1.0 27.00 110.00 137.00 OK
r-patched-linux-x86_64 0.1.0 6.57 73.71 80.28 OK
r-release-linux-x86_64 0.1.0 6.52 74.44 80.96 OK
r-release-macos-arm64 0.1.0 32.00 NOTE
r-release-macos-x86_64 0.1.0 55.00 NOTE
r-release-windows-x86_64 0.1.0 29.00 120.00 149.00 OK
r-oldrel-macos-arm64 0.1.0 40.00 NOTE
r-oldrel-macos-x86_64 0.1.0 65.00 NOTE
r-oldrel-windows-ix86+x86_64 0.1.0 19.00 115.00 134.00 OK

Check Details

Version: 0.1.0
Check: dependencies in R code
Result: NOTE
    Namespace in Imports field not imported from: ‘utils’
     All declared Imports should be used.
Flavors: r-devel-linux-x86_64-fedora-clang, r-devel-linux-x86_64-fedora-gcc, r-release-macos-arm64, r-release-macos-x86_64, r-oldrel-macos-arm64, r-oldrel-macos-x86_64