Last updated on 2023-01-29 08:57:13 CET.
Flavor | Version | Tinstall | Tcheck | Ttotal | Status | Flags |
---|---|---|---|---|---|---|
r-devel-linux-x86_64-debian-clang | 1.3.0 | 12.53 | 135.66 | 148.19 | NOTE | |
r-devel-linux-x86_64-debian-gcc | 1.3.0 | 8.47 | 105.84 | 114.31 | NOTE | |
r-devel-linux-x86_64-fedora-clang | 1.3.0 | 199.22 | NOTE | |||
r-devel-linux-x86_64-fedora-gcc | 1.3.0 | 196.24 | NOTE | |||
r-devel-windows-x86_64 | 1.3.0 | 65.00 | 206.00 | 271.00 | NOTE | |
r-patched-linux-x86_64 | 1.3.0 | 14.57 | 127.29 | 141.86 | NOTE | |
r-release-linux-x86_64 | 1.3.0 | 12.11 | 126.08 | 138.19 | NOTE | |
r-release-macos-arm64 | 1.3.0 | 62.00 | NOTE | |||
r-release-macos-x86_64 | 1.3.0 | 71.00 | NOTE | |||
r-release-windows-x86_64 | 1.3.0 | 50.00 | 182.00 | 232.00 | NOTE | |
r-oldrel-macos-arm64 | 1.3.0 | 55.00 | NOTE | |||
r-oldrel-macos-x86_64 | 1.3.0 | 77.00 | NOTE | |||
r-oldrel-windows-ix86+x86_64 | 1.3.0 | 22.00 | 180.00 | 202.00 | NOTE |
Version: 1.3.0
Check: package dependencies
Result: NOTE
Package suggested but not available for checking: ‘rCOSA’
Flavors: r-devel-linux-x86_64-debian-clang, r-devel-linux-x86_64-debian-gcc, r-devel-linux-x86_64-fedora-clang, r-devel-linux-x86_64-fedora-gcc, r-devel-windows-x86_64, r-patched-linux-x86_64, r-release-linux-x86_64, r-release-macos-arm64, r-release-macos-x86_64, r-release-windows-x86_64, r-oldrel-macos-arm64, r-oldrel-macos-x86_64, r-oldrel-windows-ix86+x86_64
Version: 1.3.0
Check: Rd cross-references
Result: NOTE
Package unavailable to check Rd xrefs: ‘rCOSA’
Flavors: r-devel-linux-x86_64-debian-clang, r-devel-linux-x86_64-debian-gcc, r-devel-linux-x86_64-fedora-clang, r-devel-linux-x86_64-fedora-gcc, r-devel-windows-x86_64, r-patched-linux-x86_64, r-release-linux-x86_64, r-release-macos-arm64, r-release-macos-x86_64, r-release-windows-x86_64, r-oldrel-macos-arm64, r-oldrel-macos-x86_64, r-oldrel-windows-ix86+x86_64
Version: 1.3.0
Check: dependencies in R code
Result: NOTE
Namespaces in Imports field not imported from:
‘MASS’ ‘huge’
All declared Imports should be used.
Flavors: r-devel-linux-x86_64-fedora-clang, r-devel-linux-x86_64-fedora-gcc