CRAN Package Check Results for Package shapper

Last updated on 2023-02-05 07:57:36 CET.

Flavor Version Tinstall Tcheck Ttotal Status Flags
r-devel-linux-x86_64-debian-clang 0.1.3 11.04 100.46 111.50 NOTE
r-devel-linux-x86_64-debian-gcc 0.1.3 9.21 74.95 84.16 NOTE
r-devel-linux-x86_64-fedora-clang 0.1.3 143.89 NOTE
r-devel-linux-x86_64-fedora-gcc 0.1.3 144.94 NOTE
r-devel-windows-x86_64 0.1.3 26.00 149.00 175.00 NOTE
r-patched-linux-x86_64 0.1.3 7.77 97.67 105.44 NOTE
r-release-linux-x86_64 0.1.3 7.83 94.13 101.96 NOTE
r-release-macos-arm64 0.1.3 43.00 NOTE
r-release-macos-x86_64 0.1.3 72.00 NOTE
r-release-windows-x86_64 0.1.3 18.00 148.00 166.00 NOTE
r-oldrel-macos-arm64 0.1.3 46.00 NOTE
r-oldrel-macos-x86_64 0.1.3 73.00 NOTE
r-oldrel-windows-ix86+x86_64 0.1.3 26.00 129.00 155.00 NOTE

Check Details

Version: 0.1.3
Check: LazyData
Result: NOTE
     'LazyData' is specified without a 'data' directory
Flavors: r-devel-linux-x86_64-debian-clang, r-devel-linux-x86_64-debian-gcc, r-devel-linux-x86_64-fedora-clang, r-devel-linux-x86_64-fedora-gcc, r-devel-windows-x86_64, r-patched-linux-x86_64, r-release-linux-x86_64, r-release-macos-arm64, r-release-macos-x86_64, r-release-windows-x86_64, r-oldrel-macos-arm64, r-oldrel-macos-x86_64, r-oldrel-windows-ix86+x86_64