Last updated on 2023-02-03 06:50:33 CET.
Flavor | Version | Tinstall | Tcheck | Ttotal | Status | Flags |
---|---|---|---|---|---|---|
r-devel-linux-x86_64-debian-clang | 0.0.2 | 1.99 | 28.35 | 30.34 | NOTE | |
r-devel-linux-x86_64-debian-gcc | 0.0.2 | 2.15 | 21.95 | 24.10 | NOTE | |
r-devel-linux-x86_64-fedora-clang | 0.0.2 | 39.54 | NOTE | |||
r-devel-linux-x86_64-fedora-gcc | 0.0.2 | 37.78 | NOTE | |||
r-patched-linux-x86_64 | 0.0.2 | 1.95 | 28.35 | 30.30 | NOTE | |
r-release-linux-x86_64 | 0.0.2 | 2.25 | 28.27 | 30.52 | NOTE | |
r-release-macos-arm64 | 0.0.2 | 16.00 | NOTE | |||
r-release-macos-x86_64 | 0.0.2 | 22.00 | NOTE | |||
r-release-windows-x86_64 | 0.0.2 | 21.00 | 59.00 | 80.00 | NOTE | |
r-oldrel-macos-arm64 | 0.0.2 | 22.00 | NOTE | |||
r-oldrel-macos-x86_64 | 0.0.2 | 27.00 | NOTE | |||
r-oldrel-windows-ix86+x86_64 | 0.0.2 | 7.00 | 53.00 | 60.00 | NOTE |
Version: 0.0.2
Check: LazyData
Result: NOTE
'LazyData' is specified without a 'data' directory
Flavors: r-devel-linux-x86_64-debian-clang, r-devel-linux-x86_64-debian-gcc, r-devel-linux-x86_64-fedora-clang, r-devel-linux-x86_64-fedora-gcc, r-patched-linux-x86_64, r-release-linux-x86_64, r-release-macos-arm64, r-release-macos-x86_64, r-release-windows-x86_64, r-oldrel-macos-arm64, r-oldrel-macos-x86_64, r-oldrel-windows-ix86+x86_64
Version: 0.0.2
Check: dependencies in R code
Result: NOTE
Namespace in Imports field not imported from: ‘stats’
All declared Imports should be used.
Flavors: r-devel-linux-x86_64-fedora-clang, r-devel-linux-x86_64-fedora-gcc, r-release-macos-arm64, r-release-macos-x86_64, r-oldrel-macos-arm64, r-oldrel-macos-x86_64