CRAN Package Check Results for Package sfheaders

Last updated on 2023-01-31 07:54:25 CET.

Flavor Version Tinstall Tcheck Ttotal Status Flags
r-devel-linux-x86_64-debian-clang 0.4.0 133.23 48.53 181.76 NOTE
r-devel-linux-x86_64-debian-gcc 0.4.0 119.84 38.05 157.89 NOTE
r-devel-linux-x86_64-fedora-clang 0.4.0 262.87 NOTE
r-devel-linux-x86_64-fedora-gcc 0.4.0 280.35 NOTE
r-devel-windows-x86_64 0.4.0 258.00 115.00 373.00 NOTE
r-patched-linux-x86_64 0.4.0 119.24 46.50 165.74 NOTE
r-release-linux-x86_64 0.4.0 130.40 47.18 177.58 NOTE
r-release-macos-arm64 0.4.0 59.00 NOTE
r-release-macos-x86_64 0.4.0 84.00 NOTE
r-release-windows-x86_64 0.4.0 192.00 111.00 303.00 NOTE
r-oldrel-macos-arm64 0.4.0 76.00 NOTE
r-oldrel-macos-x86_64 0.4.0 127.00 NOTE
r-oldrel-windows-ix86+x86_64 0.4.0 302.00 131.00 433.00 NOTE

Additional issues

clang16 clang16

Check Details

Version: 0.4.0
Check: LazyData
Result: NOTE
     'LazyData' is specified without a 'data' directory
Flavors: r-devel-linux-x86_64-debian-clang, r-devel-linux-x86_64-debian-gcc, r-devel-linux-x86_64-fedora-clang, r-devel-linux-x86_64-fedora-gcc, r-devel-windows-x86_64, r-patched-linux-x86_64, r-release-linux-x86_64, r-release-macos-arm64, r-release-macos-x86_64, r-release-windows-x86_64, r-oldrel-macos-arm64, r-oldrel-macos-x86_64, r-oldrel-windows-ix86+x86_64

Version: 0.4.0
Check: C++ specification
Result: NOTE
     Specified C++11: please update to current default of C++17
Flavors: r-devel-linux-x86_64-debian-gcc, r-devel-linux-x86_64-fedora-clang, r-devel-linux-x86_64-fedora-gcc, r-devel-windows-x86_64

Version: 0.4.0
Check: dependencies in R code
Result: NOTE
    Namespace in Imports field not imported from: ‘geometries’
     All declared Imports should be used.
Flavors: r-devel-linux-x86_64-fedora-clang, r-devel-linux-x86_64-fedora-gcc, r-release-macos-arm64, r-release-macos-x86_64, r-oldrel-macos-arm64, r-oldrel-macos-x86_64

Version: 0.4.0
Check: installed package size
Result: NOTE
     installed size is 8.1Mb
     sub-directories of 1Mb or more:
     libs 7.6Mb
Flavors: r-release-macos-arm64, r-release-macos-x86_64, r-oldrel-macos-arm64, r-oldrel-macos-x86_64