Last updated on 2023-02-05 07:57:35 CET.
Flavor | Version | Tinstall | Tcheck | Ttotal | Status | Flags |
---|---|---|---|---|---|---|
r-devel-linux-x86_64-debian-clang | 1.0-9 | 220.99 | 426.78 | 647.77 | NOTE | |
r-devel-linux-x86_64-debian-gcc | 1.0-9 | 172.84 | 312.31 | 485.15 | NOTE | |
r-devel-linux-x86_64-fedora-clang | 1.0-9 | 692.49 | NOTE | |||
r-devel-linux-x86_64-fedora-gcc | 1.0-9 | 807.13 | NOTE | |||
r-devel-windows-x86_64 | 1.0-9 | 204.00 | 8.00 | 212.00 | ERROR | |
r-patched-linux-x86_64 | 1.0-9 | 179.13 | 402.93 | 582.06 | OK | |
r-release-linux-x86_64 | 1.0-9 | 188.38 | 390.09 | 578.47 | OK | |
r-release-macos-arm64 | 1.0-9 | 242.00 | NOTE | |||
r-release-macos-x86_64 | 1.0-9 | 317.00 | NOTE | |||
r-release-windows-x86_64 | 1.0-9 | 368.00 | 1041.00 | 1409.00 | NOTE | |
r-oldrel-macos-arm64 | 1.0-9 | 274.00 | NOTE | |||
r-oldrel-macos-x86_64 | 1.0-9 | 327.00 | NOTE | |||
r-oldrel-windows-ix86+x86_64 | 1.0-9 | 599.00 | 1156.00 | 1755.00 | NOTE |
Version: 1.0-9
Check: C++ specification
Result: NOTE
Specified C++11: please update to current default of C++17
Flavors: r-devel-linux-x86_64-debian-clang, r-devel-linux-x86_64-debian-gcc, r-devel-linux-x86_64-fedora-clang, r-devel-linux-x86_64-fedora-gcc
Version: 1.0-9
Check: installed package size
Result: NOTE
installed size is 7.5Mb
sub-directories of 1Mb or more:
doc 1.7Mb
libs 1.1Mb
sqlite 1.5Mb
Flavors: r-devel-linux-x86_64-fedora-clang, r-release-macos-arm64, r-release-macos-x86_64, r-release-windows-x86_64, r-oldrel-macos-arm64, r-oldrel-macos-x86_64, r-oldrel-windows-ix86+x86_64
Version: 1.0-9
Check: whether package can be installed
Result: ERROR
Installation failed.
Flavor: r-devel-windows-x86_64