Last updated on 2023-02-05 07:57:35 CET.
Flavor | Version | Tinstall | Tcheck | Ttotal | Status | Flags |
---|---|---|---|---|---|---|
r-devel-linux-x86_64-debian-clang | 0.5-0 | 78.09 | 571.69 | 649.78 | OK | |
r-devel-linux-x86_64-debian-gcc | 0.5-0 | 68.24 | 445.86 | 514.10 | OK | |
r-devel-linux-x86_64-fedora-clang | 0.5-0 | 789.28 | OK | |||
r-devel-linux-x86_64-fedora-gcc | 0.5-0 | 819.69 | OK | |||
r-devel-windows-x86_64 | 0.5-0 | 76.00 | 622.00 | 698.00 | OK | |
r-patched-linux-x86_64 | 0.5-0 | 73.98 | 575.50 | 649.48 | OK | |
r-release-linux-x86_64 | 0.5-0 | 64.45 | 565.70 | 630.15 | OK | |
r-release-macos-arm64 | 0.5-0 | 245.00 | NOTE | |||
r-release-macos-x86_64 | 0.5-0 | 292.00 | NOTE | |||
r-release-windows-x86_64 | 0.5-0 | 90.00 | 492.00 | 582.00 | OK | |
r-oldrel-macos-arm64 | 0.5-0 | 280.00 | NOTE | |||
r-oldrel-macos-x86_64 | 0.5-0 | 283.00 | NOTE | |||
r-oldrel-windows-ix86+x86_64 | 0.5-0 | 162.00 | 535.00 | 697.00 | OK |
Version: 0.5-0
Check: installed package size
Result: NOTE
installed size is 17.2Mb
sub-directories of 1Mb or more:
libs 15.9Mb
Flavors: r-release-macos-arm64, r-release-macos-x86_64, r-oldrel-macos-arm64, r-oldrel-macos-x86_64