Last updated on 2023-01-26 07:54:02 CET.
Flavor | Version | Tinstall | Tcheck | Ttotal | Status | Flags |
---|---|---|---|---|---|---|
r-devel-linux-x86_64-debian-clang | 1.1 | 4.26 | 49.06 | 53.32 | NOTE | |
r-devel-linux-x86_64-debian-gcc | 1.1 | 2.02 | 35.42 | 37.44 | NOTE | |
r-devel-linux-x86_64-fedora-clang | 1.1 | 63.43 | NOTE | |||
r-devel-linux-x86_64-fedora-gcc | 1.1 | 62.95 | NOTE | |||
r-patched-linux-x86_64 | 1.1 | 3.72 | 46.78 | 50.50 | NOTE | |
r-release-linux-x86_64 | 1.1 | 3.87 | 46.88 | 50.75 | NOTE | |
r-release-macos-arm64 | 1.1 | 22.00 | NOTE | |||
r-release-macos-x86_64 | 1.1 | 29.00 | NOTE | |||
r-release-windows-x86_64 | 1.1 | 9.00 | 68.00 | 77.00 | NOTE | |
r-oldrel-macos-arm64 | 1.1 | 24.00 | NOTE | |||
r-oldrel-macos-x86_64 | 1.1 | 41.00 | NOTE | |||
r-oldrel-windows-ix86+x86_64 | 1.1 | 8.00 | 71.00 | 79.00 | NOTE |
Version: 1.1
Check: LazyData
Result: NOTE
'LazyData' is specified without a 'data' directory
Flavors: r-devel-linux-x86_64-debian-clang, r-devel-linux-x86_64-debian-gcc, r-devel-linux-x86_64-fedora-clang, r-devel-linux-x86_64-fedora-gcc, r-patched-linux-x86_64, r-release-linux-x86_64, r-release-macos-arm64, r-release-macos-x86_64, r-release-windows-x86_64, r-oldrel-macos-arm64, r-oldrel-macos-x86_64, r-oldrel-windows-ix86+x86_64