Last updated on 2023-01-29 08:57:13 CET.
Flavor | Version | Tinstall | Tcheck | Ttotal | Status | Flags |
---|---|---|---|---|---|---|
r-devel-linux-x86_64-debian-clang | 1.2.4 | 471.92 | 392.82 | 864.74 | OK | |
r-devel-linux-x86_64-debian-gcc | 1.2.4 | 363.92 | 239.70 | 603.62 | NOTE | |
r-devel-linux-x86_64-fedora-clang | 1.2.4 | 1228.67 | NOTE | |||
r-devel-linux-x86_64-fedora-gcc | 1.2.4 | 1099.19 | NOTE | |||
r-devel-windows-x86_64 | 1.2.4 | 359.00 | 462.00 | 821.00 | NOTE | |
r-patched-linux-x86_64 | 1.2.4 | 334.08 | 310.42 | 644.50 | OK | |
r-release-linux-x86_64 | 1.2.4 | 304.69 | 305.41 | 610.10 | OK | |
r-release-macos-arm64 | 1.2.4 | 256.00 | NOTE | |||
r-release-macos-x86_64 | 1.2.4 | 309.00 | NOTE | |||
r-release-windows-x86_64 | 1.2.4 | 358.00 | 427.00 | 785.00 | NOTE | |
r-oldrel-macos-arm64 | 1.2.4 | 260.00 | NOTE | |||
r-oldrel-macos-x86_64 | 1.2.4 | 311.00 | NOTE | |||
r-oldrel-windows-ix86+x86_64 | 1.2.4 | 1110.00 | 435.00 | 1545.00 | NOTE |
Version: 1.2.4
Check: C++ specification
Result: NOTE
Specified C++11: please update to current default of C++17
Flavors: r-devel-linux-x86_64-debian-gcc, r-devel-linux-x86_64-fedora-clang, r-devel-linux-x86_64-fedora-gcc, r-devel-windows-x86_64
Version: 1.2.4
Check: installed package size
Result: NOTE
installed size is 8.1Mb
sub-directories of 1Mb or more:
doc 6.4Mb
Flavors: r-devel-linux-x86_64-fedora-clang, r-devel-windows-x86_64, r-release-macos-arm64, r-release-macos-x86_64, r-release-windows-x86_64, r-oldrel-macos-arm64, r-oldrel-macos-x86_64, r-oldrel-windows-ix86+x86_64