Last updated on 2023-01-28 08:00:46 CET.
Flavor | Version | Tinstall | Tcheck | Ttotal | Status | Flags |
---|---|---|---|---|---|---|
r-devel-linux-x86_64-debian-clang | 1.28.0 | 139.47 | 250.14 | 389.61 | OK | |
r-devel-linux-x86_64-debian-gcc | 1.28.0 | 110.41 | 180.09 | 290.50 | OK | |
r-devel-linux-x86_64-fedora-clang | 1.28.0 | 563.96 | OK | |||
r-devel-linux-x86_64-fedora-gcc | 1.28.0 | 477.41 | OK | |||
r-patched-linux-x86_64 | 1.28.0 | 118.08 | 227.43 | 345.51 | OK | |
r-release-linux-x86_64 | 1.28.0 | 112.43 | 233.96 | 346.39 | OK | |
r-release-macos-arm64 | 1.28.0 | 117.00 | NOTE | |||
r-release-macos-x86_64 | 1.28.0 | 148.00 | NOTE | |||
r-release-windows-x86_64 | 1.28.0 | 227.00 | 310.00 | 537.00 | OK | |
r-oldrel-macos-arm64 | 1.28.0 | 111.00 | NOTE | |||
r-oldrel-macos-x86_64 | 1.28.0 | 150.00 | NOTE | |||
r-oldrel-windows-ix86+x86_64 | 1.28.0 | 302.00 | 344.00 | 646.00 | NOTE |
Version: 1.28.0
Check: installed package size
Result: NOTE
installed size is 5.4Mb
sub-directories of 1Mb or more:
R 2.2Mb
libs 2.6Mb
Flavors: r-release-macos-arm64, r-release-macos-x86_64, r-oldrel-macos-arm64, r-oldrel-macos-x86_64, r-oldrel-windows-ix86+x86_64