Last updated on 2023-03-29 07:55:32 CEST.
Flavor | Version | Tinstall | Tcheck | Ttotal | Status | Flags |
---|---|---|---|---|---|---|
r-devel-linux-x86_64-debian-clang | 1.8 | 6.76 | 161.83 | 168.59 | NOTE | |
r-devel-linux-x86_64-debian-gcc | 1.8 | 5.54 | 126.72 | 132.26 | NOTE | |
r-devel-linux-x86_64-fedora-clang | 1.8 | 212.34 | NOTE | |||
r-devel-linux-x86_64-fedora-gcc | 1.8 | 220.19 | NOTE | |||
r-patched-linux-x86_64 | 1.8 | 4.05 | 162.39 | 166.44 | NOTE | |
r-release-linux-x86_64 | 1.8 | 4.23 | 165.57 | 169.80 | NOTE | |
r-release-macos-arm64 | 1.8 | 51.00 | NOTE | |||
r-release-macos-x86_64 | 1.8 | 81.00 | NOTE | |||
r-release-windows-x86_64 | 1.8 | 20.00 | 168.00 | 188.00 | NOTE | |
r-oldrel-macos-arm64 | 1.8 | 73.00 | NOTE | |||
r-oldrel-macos-x86_64 | 1.8 | 93.00 | NOTE | |||
r-oldrel-windows-ix86+x86_64 | 1.8 | 15.00 | 154.00 | 169.00 | NOTE |
Version: 1.8
Check: Rd files
Result: NOTE
checkRd: (-1) escape.Rd:28: Escaped LaTeX specials: \$
Flavors: r-devel-linux-x86_64-debian-clang, r-devel-linux-x86_64-debian-gcc, r-devel-linux-x86_64-fedora-clang, r-devel-linux-x86_64-fedora-gcc, r-patched-linux-x86_64
Version: 1.8
Check: LazyData
Result: NOTE
'LazyData' is specified without a 'data' directory
Flavors: r-devel-linux-x86_64-debian-clang, r-devel-linux-x86_64-debian-gcc, r-devel-linux-x86_64-fedora-clang, r-devel-linux-x86_64-fedora-gcc, r-patched-linux-x86_64, r-release-linux-x86_64, r-release-macos-arm64, r-release-macos-x86_64, r-release-windows-x86_64, r-oldrel-macos-arm64, r-oldrel-macos-x86_64, r-oldrel-windows-ix86+x86_64