Last updated on 2023-01-29 08:57:13 CET.
Flavor | Version | Tinstall | Tcheck | Ttotal | Status | Flags |
---|---|---|---|---|---|---|
r-devel-linux-x86_64-debian-clang | 0.5-7 | 8.43 | 55.85 | 64.28 | NOTE | |
r-devel-linux-x86_64-debian-gcc | 0.5-7 | 6.43 | 42.32 | 48.75 | NOTE | |
r-devel-linux-x86_64-fedora-clang | 0.5-7 | 81.16 | NOTE | |||
r-devel-linux-x86_64-fedora-gcc | 0.5-7 | 79.37 | NOTE | |||
r-devel-windows-x86_64 | 0.5-7 | 26.00 | 96.00 | 122.00 | OK | |
r-patched-linux-x86_64 | 0.5-7 | 7.37 | 53.67 | 61.04 | NOTE | |
r-release-linux-x86_64 | 0.5-7 | 8.18 | 54.65 | 62.83 | NOTE | |
r-release-macos-arm64 | 0.5-7 | 33.00 | OK | |||
r-release-macos-x86_64 | 0.5-7 | 44.00 | OK | |||
r-release-windows-x86_64 | 0.5-7 | 20.00 | 95.00 | 115.00 | OK | |
r-oldrel-macos-arm64 | 0.5-7 | 34.00 | OK | |||
r-oldrel-macos-x86_64 | 0.5-7 | 56.00 | OK | |||
r-oldrel-windows-ix86+x86_64 | 0.5-7 | 21.00 | 118.00 | 139.00 | OK |
Version: 0.5-7
Check: package dependencies
Result: NOTE
Package suggested but not available for checking: ‘spgrass6’
Flavors: r-devel-linux-x86_64-debian-clang, r-devel-linux-x86_64-debian-gcc, r-devel-linux-x86_64-fedora-clang, r-devel-linux-x86_64-fedora-gcc, r-patched-linux-x86_64, r-release-linux-x86_64