CRAN Package Check Results for Package seeds

Last updated on 2023-02-08 07:54:42 CET.

Flavor Version Tinstall Tcheck Ttotal Status Flags
r-devel-linux-x86_64-debian-clang 0.9.1 8.81 73.07 81.88 OK
r-devel-linux-x86_64-debian-gcc 0.9.1 6.91 53.89 60.80 OK
r-devel-linux-x86_64-fedora-clang 0.9.1 100.31 NOTE
r-devel-linux-x86_64-fedora-gcc 0.9.1 107.47 OK
r-devel-windows-x86_64 0.9.1 41.00 107.00 148.00 OK
r-patched-linux-x86_64 0.9.1 13.73 68.50 82.23 OK
r-release-linux-x86_64 0.9.1 6.46 70.05 76.51 OK
r-release-macos-arm64 0.9.1 30.00 NOTE
r-release-macos-x86_64 0.9.1 51.00 NOTE
r-release-windows-x86_64 0.9.1 45.00 108.00 153.00 OK
r-oldrel-macos-arm64 0.9.1 42.00 NOTE
r-oldrel-macos-x86_64 0.9.1 60.00 NOTE
r-oldrel-windows-ix86+x86_64 0.9.1 18.00 99.00 117.00 OK

Check Details

Version: 0.9.1
Check: package dependencies
Result: NOTE
    Package suggested but not available for checking: ‘rsbml’
Flavors: r-devel-linux-x86_64-fedora-clang, r-release-macos-arm64, r-release-macos-x86_64, r-oldrel-macos-arm64, r-oldrel-macos-x86_64