Last updated on 2023-02-03 06:50:32 CET.
Flavor | Version | Tinstall | Tcheck | Ttotal | Status | Flags |
---|---|---|---|---|---|---|
r-devel-linux-x86_64-debian-clang | 0.8.2 | 47.60 | 628.71 | 676.31 | NOTE | |
r-devel-linux-x86_64-debian-gcc | 0.8.2 | 36.43 | 286.91 | 323.34 | NOTE | |
r-devel-linux-x86_64-fedora-clang | 0.8.2 | 585.21 | NOTE | |||
r-devel-linux-x86_64-fedora-gcc | 0.8.2 | 581.04 | NOTE | |||
r-patched-linux-x86_64 | 0.8.2 | 44.36 | 406.05 | 450.41 | OK | |
r-release-linux-x86_64 | 0.8.2 | 39.72 | 425.74 | 465.46 | OK | |
r-release-macos-arm64 | 0.8.2 | 170.00 | OK | |||
r-release-macos-x86_64 | 0.8.2 | 165.00 | OK | |||
r-release-windows-x86_64 | 0.8.2 | 53.00 | 405.00 | 458.00 | OK | |
r-oldrel-macos-arm64 | 0.8.2 | 151.00 | OK | |||
r-oldrel-macos-x86_64 | 0.8.2 | 165.00 | OK | |||
r-oldrel-windows-ix86+x86_64 | 0.8.2 | 112.00 | 858.00 | 970.00 | OK |
Version: 0.8.2
Check: C++ specification
Result: NOTE
Specified C++11: please update to current default of C++17
Flavors: r-devel-linux-x86_64-debian-clang, r-devel-linux-x86_64-debian-gcc, r-devel-linux-x86_64-fedora-clang, r-devel-linux-x86_64-fedora-gcc