CRAN Package Check Results for Package secure

Last updated on 2023-01-26 07:54:02 CET.

Flavor Version Tinstall Tcheck Ttotal Status Flags
r-devel-linux-x86_64-debian-clang 0.6 43.61 39.50 83.11 OK
r-devel-linux-x86_64-debian-gcc 0.6 37.29 30.48 67.77 OK
r-devel-linux-x86_64-fedora-clang 0.6 118.14 OK
r-devel-linux-x86_64-fedora-gcc 0.6 108.72 OK
r-patched-linux-x86_64 0.6 37.68 38.34 76.02 OK
r-release-linux-x86_64 0.6 44.84 37.34 82.18 OK
r-release-macos-arm64 0.6 36.00 OK
r-release-macos-x86_64 0.6 45.00 OK
r-release-windows-x86_64 0.6 45.00 86.00 131.00 OK
r-oldrel-macos-arm64 0.6 41.00 NOTE
r-oldrel-macos-x86_64 0.6 61.00 OK
r-oldrel-windows-ix86+x86_64 0.6 104.00 95.00 199.00 OK

Check Details

Version: 0.6
Check: installed package size
Result: NOTE
     installed size is 5.6Mb
     sub-directories of 1Mb or more:
     libs 4.6Mb
Flavor: r-oldrel-macos-arm64